{"id":12170,"date":"2021-06-19T12:19:42","date_gmt":"2021-06-19T15:19:42","guid":{"rendered":"http:\/\/mistersates-import.com.br\/loja\/?post_type=product&#038;p=12170"},"modified":"2025-08-26T13:43:25","modified_gmt":"2025-08-26T16:43:25","slug":"acessorio-gopro-de-punho-360-grau-com-parafuso","status":"publish","type":"product","link":"https:\/\/mistersates-import.com.br\/loja\/product\/acessorio-gopro-de-punho-360-grau-com-parafuso\/","title":{"rendered":"Acessorio Gopro de punho 360 grau com parafuso"},"content":{"rendered":"<p>Use A Sua Gopro Como Um Rel\u00f3gio Para F\u00e1cil Acesso Ao Capturar Cenas Ao Voar.<br \/>\nO Suporte De Punho Mant\u00e9m A Sua Gopro Presa Em Seu Punho E Ainda Permite Que Voc\u00ea Mova Rapidamente A C\u00e2mera Para Cima Para Tirar Fotos Ou Filmar. Quando Estiver Filmando, Voc\u00ea Ter\u00e1 As Duas M\u00e3os Livres, O Que \u00c9 Perfeito Para Surfar, Praticar Mergulho Livre, Escalar E Esquiar. Ajusta-Se Sobre Luvas De Esqui Ou Jaquetas Com Adaptador Incluso, Al\u00e9m De Al\u00e7as Para P\u00e1s De Caiaque, Pipas De Kitesurfe E Outros Equipamentos Para Uma Grande Variedade De Possibilidades De Grava\u00e7\u00e3o.<\/p>\n<p>Prende A C\u00e2mera Horizontalmente Em Seu Pulso E Convenientemente Deixa Sua M\u00e3o Livre<br \/>\nPermite O Levantamento R\u00e1pido Da C\u00e2mera Para Registro De V\u00eddeos E Fotos<br \/>\nPode Ser Utilizada Sobre Luvas De Esqui E Jaquetas Com O Adaptador Incluso<br \/>\nPode Ser Preso A Remos, Pipas De Kitesurfing E Outros Equipamentos<\/p>\n<p><strong>Itens Inclusos:<\/strong><\/p>\n<p>1 X Suporte De Pulso<\/p>\n<p>N\u00e3o Acompanham Acess\u00f3rios<br \/>\nN\u00e3o Acompanha C\u00e2mera Gopro<br \/>\nImagens Meramente Ilustrativas<br \/>\nProduto N\u00e3o Fabricado Pela Gopro<\/p>\n","protected":false},"excerpt":{"rendered":"<p><strong>1 X Suporte De Pulso<\/strong><\/p>\n","protected":false},"featured_media":12171,"template":"","meta":{"_joinchat":[]},"_links":{"self":[{"href":"https:\/\/mistersates-import.com.br\/loja\/wp-json\/wp\/v2\/product\/12170"}],"collection":[{"href":"https:\/\/mistersates-import.com.br\/loja\/wp-json\/wp\/v2\/product"}],"about":[{"href":"https:\/\/mistersates-import.com.br\/loja\/wp-json\/wp\/v2\/types\/product"}],"wp:featuredmedia":[{"embeddable":true,"href":"https:\/\/mistersates-import.com.br\/loja\/wp-json\/wp\/v2\/media\/12171"}],"wp:attachment":[{"href":"https:\/\/mistersates-import.com.br\/loja\/wp-json\/wp\/v2\/media?parent=12170"}],"curies":[{"name":"wp","href":"https:\/\/api.w.org\/{rel}","templated":true}]}}