{"id":12231,"date":"2021-06-19T19:44:00","date_gmt":"2021-06-19T22:44:00","guid":{"rendered":"http:\/\/mistersates-import.com.br\/loja\/?post_type=product&#038;p=12231"},"modified":"2024-04-08T14:16:34","modified_gmt":"2024-04-08T17:16:34","slug":"afiador-amolador-profissional-sharpener-fixacao-bancada-c-4-pedras","status":"publish","type":"product","link":"https:\/\/mistersates-import.com.br\/loja\/product\/afiador-amolador-profissional-sharpener-fixacao-bancada-c-4-pedras\/","title":{"rendered":"Afiador amolador Profissional Sharpener Fixa\u00e7ao Bancada C\/ 4 Pedras"},"content":{"rendered":"<div class=\"wp-video\" style=\"width: 940px;\"><!-- [if lt IE 9]&gt;document.createElement('video');&lt;![endif]--><br \/>\n<video id=\"video-0-1\" class=\"wp-video-shortcode\" preload=\"metadata\" controls=\"controls\" width=\"940\" height=\"529\"><a href=\"https:\/\/mistersates-import.com.br\/loja\/wp-content\/uploads\/2021\/06\/Amolador-profissional-que-vendemos-mais-informacoes-27-981059585.mp4\">https:\/\/mistersates-import.com.br\/loja\/wp-content\/uploads\/2021\/06\/Amolador-profissional-que-vendemos-mais-informacoes-27-981059585.mp4<\/a><\/video><\/div>\n<p>Afiador\/amolador Profissional Sharpener Fixo c\/4 pedras!!!!<\/p>\n<p>4 Pedras nas gramaturas #120 #320 #600 #1500<\/p>\n<p>Maneira r\u00e1pida e f\u00e1cil de afiar l\u00e2mina de faca.<\/p>\n<p>Esta ferramenta de afiar l\u00e2mina mant\u00e9m facas afiadas e prontas para corte.<\/p>\n<p>Esta ferramenta prolonga a vida \u00fatil de sua talheres e aumentar o seu poder de corte.<\/p>\n<p>Voc\u00ea vai se surpreender com rapidez e facilidade com que transforma l\u00e2minas ma\u00e7antes em arestas extras que podem cortar como nunca antes.<\/p>\n<p>Indicado para todas as faca. Sistema Afia\u00e7\u00e3o profissional.<\/p>\n<p>Design industrial perfeito, apar\u00eancia bonita.<\/p>\n<p>Pedra de afiar pode usar \u00f3leo ou \u00e1gua.<\/p>\n<p>O pacote inclui: 1 conjunto pedra de afiar<\/p>\n<p>OBS:. AS CORES PODEM VARIAR DE ACORDO COM A RESOLU\u00c7\u00c3O DE SEU COMPUTADOR\/TABLET\/SMARTPHONE.<\/p>\n","protected":false},"excerpt":{"rendered":"<p><strong>Afiador\/amolador Profissional Sharpener Fixo c\/4 pedras<\/strong><\/p>\n","protected":false},"featured_media":16112,"template":"","meta":{"_joinchat":[]},"_links":{"self":[{"href":"https:\/\/mistersates-import.com.br\/loja\/wp-json\/wp\/v2\/product\/12231"}],"collection":[{"href":"https:\/\/mistersates-import.com.br\/loja\/wp-json\/wp\/v2\/product"}],"about":[{"href":"https:\/\/mistersates-import.com.br\/loja\/wp-json\/wp\/v2\/types\/product"}],"wp:featuredmedia":[{"embeddable":true,"href":"https:\/\/mistersates-import.com.br\/loja\/wp-json\/wp\/v2\/media\/16112"}],"wp:attachment":[{"href":"https:\/\/mistersates-import.com.br\/loja\/wp-json\/wp\/v2\/media?parent=12231"}],"curies":[{"name":"wp","href":"https:\/\/api.w.org\/{rel}","templated":true}]}}