{"id":12261,"date":"2021-06-19T20:34:39","date_gmt":"2021-06-19T23:34:39","guid":{"rendered":"http:\/\/mistersates-import.com.br\/loja\/?post_type=product&#038;p=12261"},"modified":"2026-01-04T14:36:04","modified_gmt":"2026-01-04T17:36:04","slug":"gopro-go-pro-bastao-flutuante-flutuador-de-mao-camera-hero","status":"publish","type":"product","link":"https:\/\/mistersates-import.com.br\/loja\/product\/gopro-go-pro-bastao-flutuante-flutuador-de-mao-camera-hero\/","title":{"rendered":"Gopro Go Pro Bast\u00e3o Flutuante Flutuador De M\u00e3o Camera Hero"},"content":{"rendered":"<p>Bast\u00e3o Flutuante:<\/p>\n<p>O Bast\u00e3o flutuante \u00e9 o primeiro acess\u00f3rio para GoPro projetado para salvar sua c\u00e2mera em caso de queda na \u00e1gua, ele funciona como um aperto de m\u00e3o e um dispositivo de flutua\u00e7\u00e3o. Ao contr\u00e1rio de outros no mercado que n\u00e3o ir\u00e1 bloquear a vis\u00e3o da tela LCD. Flutua na vertical para cima fora da \u00e1gua e sua cor amarelo brilhante faz com que seja f\u00e1cil de detectar. Salve-se a ang\u00fastia de ver sua c\u00e2mera para o fundo do oceano.<\/p>\n<p>Produto Importado<\/p>\n<p>COMPAT\u00cdVEL:<br \/>\nTodas Gopro<br \/>\nSimilares<\/p>\n<p>Itens Inclusos:<\/p>\n<p>1 X Bast\u00e3o Flutuante<br \/>\n1 X Parafuso<br \/>\n1 X Faixa de pulso Azul<\/p>\n","protected":false},"excerpt":{"rendered":"<p>Bast\u00e3o Flutuante:<\/p>\n<p>COMPAT\u00cdVEL:<br \/>\nTodas Gopro<br \/>\nSimilares<\/p>\n","protected":false},"featured_media":12262,"template":"","meta":{"_joinchat":[]},"_links":{"self":[{"href":"https:\/\/mistersates-import.com.br\/loja\/wp-json\/wp\/v2\/product\/12261"}],"collection":[{"href":"https:\/\/mistersates-import.com.br\/loja\/wp-json\/wp\/v2\/product"}],"about":[{"href":"https:\/\/mistersates-import.com.br\/loja\/wp-json\/wp\/v2\/types\/product"}],"wp:featuredmedia":[{"embeddable":true,"href":"https:\/\/mistersates-import.com.br\/loja\/wp-json\/wp\/v2\/media\/12262"}],"wp:attachment":[{"href":"https:\/\/mistersates-import.com.br\/loja\/wp-json\/wp\/v2\/media?parent=12261"}],"curies":[{"name":"wp","href":"https:\/\/api.w.org\/{rel}","templated":true}]}}