{"id":12313,"date":"2021-06-20T01:13:49","date_gmt":"2021-06-20T04:13:49","guid":{"rendered":"http:\/\/mistersates-import.com.br\/loja\/?post_type=product&#038;p=12313"},"modified":"2025-06-11T17:53:29","modified_gmt":"2025-06-11T20:53:29","slug":"cabo-mini-displayport-x-hdmi-apple-macbook-imac-apple-mac","status":"publish","type":"product","link":"https:\/\/mistersates-import.com.br\/loja\/product\/cabo-mini-displayport-x-hdmi-apple-macbook-imac-apple-mac\/","title":{"rendered":"Cabo Mini Displayport X Hdmi Apple Macbook Imac Apple Mac"},"content":{"rendered":"<h1><strong>Aten\u00e7\u00e3o: Verifique a compatibilidade com seu equipamento antes da compra, n\u00e3o nos responsabilizamos por incompatibilidades.<\/strong><\/h1>\n<p>LEIA COM ATEN\u00c7\u00c3O ANTES DA COMPRA<\/p>\n<p>Assista aos seus filmes, veja suas fotos, ou conte\u00fado do seu MacBook diretamente na televis\u00e3o, monitor ou projetores.<br \/>\nUtilize com simplicidade o seu computador em telas maiores com entrada HDMI.<br \/>\nJogue seus games prediletos em alta resolu\u00e7\u00e3o.<br \/>\nSeja em casa ou no trabalho, tenha sempre os melhores produtos com a King Apple.<\/p>\n<p>&nbsp;<\/p>\n<p>O mini display port macho para f\u00eamea adaptador HDMI \u00e9 com grande utilidade. Ele pode se conectar a maior parte do dispositivo com a porta mini display para sua TV, para que voc\u00ea possa desfrutar do filme em HD na TV. Ele suporta 1080p, o adaptador permite que voc\u00ea conecte um monitor de alta defini\u00e7\u00e3o, projetor ou LCD que usa um conector HDMI ou cabo a um MacBook \/ MacBook Pro ou MacBook Air com um mini-Display Port. Ele Obter o cabo adaptador e ele vai lhe trazer muita felicidade.<\/p>\n<p>&#8211; O adaptador Mini Display-Port para HDMI permite que voc\u00ea conecte um monitor de alta defini\u00e7\u00e3o, projetor ou LCD que usa um conector HDMI ou cabo a um MacBook \/ MacBook Pro ou MacBook Air com um mini Display-Port<br \/>\n&#8211; Apoiar entrada mini Display-Port 1.1a e HDMI 1.3 b sa\u00edda<br \/>\n&#8211; Suporte HDMI mais alta resolu\u00e7\u00e3o de v\u00eddeo 1080p<br \/>\n&#8211; Suporte HDMI 225MHz\/2.25Gbps por canal (6.75Gbps todos os canais) largura de banda<br \/>\n&#8211; Suporte HDMI 12bit por canal (36bit todos os canais) cor profunda<br \/>\n&#8211; Apoiar \u00e1udio sem compress\u00e3o, como LPCM<br \/>\n&#8211; Apoiar \u00e1udio comprimido tal como DTS Digital, Dolby Digital (incluindo DTS-HD e Dolby True HD)<br \/>\n&#8211; Produzido a partir de mini-Display-Port fonte<\/p>\n<p>****Funciona e transmite imagem em TV ou aparelhos com resolu\u00e7\u00e3o m\u00e1xima at\u00e9 1080p (Full HD Normal)****<\/p>\n<p>****N\u00c3O COMPAT\u00cdVEL COM APARELHOS &#8211; ULTRA &#8211; 4K &#8211; CURVE****<\/p>\n<p>Especifica\u00e7\u00f5es<br \/>\nConex\u00f5es:<br \/>\nHDMI x Mini DisplayPort<br \/>\nResolu\u00e7\u00e3o m\u00e1xima suportada<br \/>\nFull HD 1080 Normal<br \/>\nComprimento:<br \/>\n20cm<br \/>\nDimens\u00f5es aproximadas:<br \/>\n5x15x20cm<br \/>\nConte\u00fado da embalagem:<br \/>\n1 cabo adaptador<\/p>\n<p>COMPATIBILIDADE<br \/>\nPlacas de V\u00eddeo com porta Mini DisplayPort<br \/>\nNotebooks com porta Mini DisplayPort ou Thunderbolt 2.0<br \/>\nSurface com porta Mini DisplayPort ou Thunderbolt 2.0<br \/>\niMac \u2013 in\u00edcio de 2009 at\u00e9 2016<br \/>\nMac Mini \u2013 in\u00edcio de 2009 e posteriores<br \/>\nMac Pro \u2013 in\u00edcio de 2009 e posteriores<br \/>\nMacBook \u2013 final de 2008 (13 polegadas, alum\u00ednio)<br \/>\nMacBook White \u2013 final de 2009 at\u00e9 final de 2010<br \/>\nMacBook Pro \u2013 final de 2008 at\u00e9 2015 (Retina)<br \/>\nMacBook Air \u2013 final de 2010 e posteriores<br \/>\nEntre outros aparelhos com a porta Mini DisplayPort ou Thunderbolt 2.0<\/p>\n","protected":false},"excerpt":{"rendered":"<p>Especifica\u00e7\u00f5es<br \/>\nConex\u00f5es:<br \/>\nHDMI x Mini DisplayPort<br \/>\nResolu\u00e7\u00e3o m\u00e1xima suportada<br \/>\nFull HD 1080 Normal<br \/>\nComprimento:<br \/>\n20cm<br \/>\nDimens\u00f5es aproximadas:<br \/>\n5x15x20cm<br \/>\nConte\u00fado da embalagem:<br \/>\n1 cabo adaptador<\/p>\n","protected":false},"featured_media":15968,"template":"","meta":{"_joinchat":[]},"_links":{"self":[{"href":"https:\/\/mistersates-import.com.br\/loja\/wp-json\/wp\/v2\/product\/12313"}],"collection":[{"href":"https:\/\/mistersates-import.com.br\/loja\/wp-json\/wp\/v2\/product"}],"about":[{"href":"https:\/\/mistersates-import.com.br\/loja\/wp-json\/wp\/v2\/types\/product"}],"wp:featuredmedia":[{"embeddable":true,"href":"https:\/\/mistersates-import.com.br\/loja\/wp-json\/wp\/v2\/media\/15968"}],"wp:attachment":[{"href":"https:\/\/mistersates-import.com.br\/loja\/wp-json\/wp\/v2\/media?parent=12313"}],"curies":[{"name":"wp","href":"https:\/\/api.w.org\/{rel}","templated":true}]}}