{"id":12331,"date":"2021-06-20T01:46:04","date_gmt":"2021-06-20T04:46:04","guid":{"rendered":"http:\/\/mistersates-import.com.br\/loja\/?post_type=product&#038;p=12331"},"modified":"2026-04-03T13:21:18","modified_gmt":"2026-04-03T16:21:18","slug":"cabo-adaptador-mini-displayport-x-vga-macbook-pro-air-apple","status":"publish","type":"product","link":"https:\/\/mistersates-import.com.br\/loja\/product\/cabo-adaptador-mini-displayport-x-vga-macbook-pro-air-apple\/","title":{"rendered":"Cabo Adaptador Mini Displayport X Vga Macbook Pro Air Apple"},"content":{"rendered":"<p>O Cabo Adaptador Mini DisplayPort para VGA permite conector de um monitor convencional de tubo ou LCD, projetor anal\u00f3gico, ou qualquer outro dispositivo com entrada VGA a um Macbook, Macbook Air, Macbook Pro ou outro dipositivo com sa\u00edda Mini DisplayPort ou Thunderbolt.<\/p>\n<p>\u00c9 poss\u00edvel usar o display externo como sua \u00e1rea de trabalho principal, ou como extens\u00e3o dela. Voc\u00ea tamb\u00e9m pode trabalhar com modo espelhado com um projetor.<\/p>\n<p>CARACTER\u00cdSTICAS:<br \/>\n&#8211; Mini Displayport: Macho<br \/>\n&#8211; VGA: Femea<br \/>\n&#8211; Mini DisplayPort 1.1a oferecendo receptor compat\u00edvel com 5,4 Gbps de largura de banda de mais de 2 pistas.<br \/>\n&#8211; Integrated triplo 10-bit, 162 MHz v\u00eddeo DAC para a sa\u00edda de sinais anal\u00f3gicos VGA.<br \/>\n&#8211; Suporta at\u00e9 1080p, 1920 x 1200 reducted resolu\u00e7\u00e3o de v\u00eddeo blanking.<br \/>\n&#8211; EDID pass-through do PC para o dispositivo.<br \/>\n&#8211; Spread Spectrum (de-spreading) para redu\u00e7\u00e3o de EMI.<br \/>\n&#8211; Detec\u00e7\u00e3o autom\u00e1tica sink.<br \/>\n&#8211; De baixa pot\u00eancia opera\u00e7\u00e3o em modo de espera iniciado com base no estado de detec\u00e7\u00e3o do sink.<br \/>\n&#8211; Alimentado pela porta Mini DisplayPort IO 3.3V, 1.2V Core.<br \/>\n&#8211; Ideal para passar filmes, fotos ou apresenta\u00e7\u00f5es.<br \/>\n&#8211; Compat\u00edvel: MacBook, MacBook Air ou MacBook Pro.<br \/>\n&#8211; Tamanho do cabo: 23 cent\u00edmetros.<\/p>\n<p>ITENS INCLUSOS:<\/p>\n<p>&#8211; 1 x Cabo.via somente v\u00eddeo<\/p>\n","protected":false},"excerpt":{"rendered":"<p>O Cabo Adaptador Mini DisplayPort para VGA permite conector de um monitor convencional de tubo ou LCD, projetor anal\u00f3gico, ou qualquer outro dispositivo com entrada VGA a um Macbook, Macbook Air, Macbook Pro ou outro dipositivo com sa\u00edda Mini DisplayPort ou Thunderbolt.<\/p>\n","protected":false},"featured_media":15892,"template":"","meta":{"_joinchat":[]},"_links":{"self":[{"href":"https:\/\/mistersates-import.com.br\/loja\/wp-json\/wp\/v2\/product\/12331"}],"collection":[{"href":"https:\/\/mistersates-import.com.br\/loja\/wp-json\/wp\/v2\/product"}],"about":[{"href":"https:\/\/mistersates-import.com.br\/loja\/wp-json\/wp\/v2\/types\/product"}],"wp:featuredmedia":[{"embeddable":true,"href":"https:\/\/mistersates-import.com.br\/loja\/wp-json\/wp\/v2\/media\/15892"}],"wp:attachment":[{"href":"https:\/\/mistersates-import.com.br\/loja\/wp-json\/wp\/v2\/media?parent=12331"}],"curies":[{"name":"wp","href":"https:\/\/api.w.org\/{rel}","templated":true}]}}