{"id":12349,"date":"2021-06-20T02:22:01","date_gmt":"2021-06-20T05:22:01","guid":{"rendered":"http:\/\/mistersates-import.com.br\/loja\/?post_type=product&#038;p=12349"},"modified":"2025-12-18T13:03:38","modified_gmt":"2025-12-18T16:03:38","slug":"caixa-estanque-gopro-hero3-e-hero4-mergulho","status":"publish","type":"product","link":"https:\/\/mistersates-import.com.br\/loja\/product\/caixa-estanque-gopro-hero3-e-hero4-mergulho\/","title":{"rendered":"Caixa Estanque &#8211; Gopro Hero3+ E Hero4 &#8211; Mergulho"},"content":{"rendered":"<p>&nbsp;<\/p>\n<p>Material de excelente qualidade, acr\u00edlico.<\/p>\n<p>\u2013 Caixa com tampa fechada, pode ser usada debaixo d\u2019agua.<\/p>\n<p>\u2013 Compat\u00edvel com a GoPro Hero8<\/p>\n<p>\u2013 Constru\u00e7\u00e3o ultra resistente para mergulho em alto mar e atividades radicais.<\/p>\n<p>\u2013 \u00c0 prova d\u2019\u00e1gua para at\u00e9 40M<\/p>\n<p>\u2013 As lentes de vidro plano fornecem m\u00e1xima nitidez de imagem fora e dentro da \u00e1gua.<\/p>\n<p>&#8211; O material de alta transpar\u00eancia pode manter uma boa foto<\/p>\n<p>Compat\u00edvel com GoPro Hero 4, 3+ SOMENTE, n\u00e3o para outro modelo<\/p>\n<p>Itens Inclusos:<\/p>\n<p>01 x Caixa Estanque;<br \/>\n01 x Adaptador Clipe libera\u00e7\u00e3o r\u00e1pida;<br \/>\n01 x Parafuso.<\/p>\n<p>&nbsp;<\/p>\n","protected":false},"excerpt":{"rendered":"<p>Esta \u00e9 uma caixa transparente \u00e0 prova d&#8217;\u00e1gua, projetada especialmente para a c\u00e2mera de esportes ao ar livre GoPro Hero 4 3+.<br \/>\nCom esta caixa \u00e0 prova d&#8217;\u00e1gua, voc\u00ea pode perfeitamente usar a c\u00e2mera debaixo d&#8217;\u00e1gua. O material de alta transpar\u00eancia pode manter uma boa foto<br \/>\nCaracter\u00edsticas do produto:<\/p>\n<p>&nbsp;<\/p>\n","protected":false},"featured_media":15999,"template":"","meta":{"_joinchat":[]},"_links":{"self":[{"href":"https:\/\/mistersates-import.com.br\/loja\/wp-json\/wp\/v2\/product\/12349"}],"collection":[{"href":"https:\/\/mistersates-import.com.br\/loja\/wp-json\/wp\/v2\/product"}],"about":[{"href":"https:\/\/mistersates-import.com.br\/loja\/wp-json\/wp\/v2\/types\/product"}],"wp:featuredmedia":[{"embeddable":true,"href":"https:\/\/mistersates-import.com.br\/loja\/wp-json\/wp\/v2\/media\/15999"}],"wp:attachment":[{"href":"https:\/\/mistersates-import.com.br\/loja\/wp-json\/wp\/v2\/media?parent=12349"}],"curies":[{"name":"wp","href":"https:\/\/api.w.org\/{rel}","templated":true}]}}