{"id":12443,"date":"2021-06-20T18:40:51","date_gmt":"2021-06-20T21:40:51","guid":{"rendered":"http:\/\/mistersates-import.com.br\/loja\/?post_type=product&#038;p=12443"},"modified":"2026-03-21T11:12:51","modified_gmt":"2026-03-21T14:12:51","slug":"go-pro-acessorios-360-graus-rotary-backpack-hat-clipe-grampo","status":"publish","type":"product","link":"https:\/\/mistersates-import.com.br\/loja\/product\/go-pro-acessorios-360-graus-rotary-backpack-hat-clipe-grampo\/","title":{"rendered":"Go pro Acess\u00f3rios 360 Graus Rotary Backpack Hat Clipe Grampo"},"content":{"rendered":"<p>Descri\u00e7\u00e3o<\/p>\n<p>Suporte Grampo Mount Resillha Com Garra Jacar\u00e9 Com Sistema De Rota\u00e7\u00e3o Girat\u00f3ria Em 360\u00ba Quick Clip Para GoPro Hero HD \/ Session \/ 1 2 3 3+ 4 5 HD LCD \/ SJCAM \/ SPORTS CAM \/ SJ4000\/ SJ5000 \/ SJ6000 \/ REVIEW ONN \/ ACTION CAM<\/p>\n<p>1. Marca 100% garantia de novo e de alta qualidade<br \/>\n2. Adequado para ideal requer uma grande quantidade de atividades de apoio<br \/>\n3. Compat\u00edvel com GoPro Hero HD \/ LCD \/ SESSION \/ 5 \/ 4 \/ 3+ \/ 3 \/ 2 \/ 1 \/ SJCAM \/ SPORTS CAM \/ SJ4000 \/ SJ5000 \/ SJ6000 \/ REVIEW ONN \/ Action Cam ( c\u00e2mera n\u00e3o incluida )<\/p>\n<p>ITEN INCLUSO:<\/p>\n<p>. 1 Suporte Grampo Mount Presillha Com Garra Jacar\u00e9 Com Sistema De Rota\u00e7\u00e3o Girat\u00f3ria Em 360\u00ba Quick Clip<\/p>\n","protected":false},"excerpt":{"rendered":"<p>Suporte Grampo Mount Resillha Com Garra Jacar\u00e9 Com Sistema De Rota\u00e7\u00e3o Girat\u00f3ria Em 360\u00ba Quick Clip Para GoPro Hero HD \/ Session \/ 1 2 3 3+ 4 5 HD LCD \/ SJCAM \/ SPORTS CAM \/ SJ4000\/ SJ5000 \/ SJ6000 \/ REVIEW ONN \/ ACTION CAM<\/p>\n","protected":false},"featured_media":12444,"template":"","meta":{"_joinchat":[]},"_links":{"self":[{"href":"https:\/\/mistersates-import.com.br\/loja\/wp-json\/wp\/v2\/product\/12443"}],"collection":[{"href":"https:\/\/mistersates-import.com.br\/loja\/wp-json\/wp\/v2\/product"}],"about":[{"href":"https:\/\/mistersates-import.com.br\/loja\/wp-json\/wp\/v2\/types\/product"}],"wp:featuredmedia":[{"embeddable":true,"href":"https:\/\/mistersates-import.com.br\/loja\/wp-json\/wp\/v2\/media\/12444"}],"wp:attachment":[{"href":"https:\/\/mistersates-import.com.br\/loja\/wp-json\/wp\/v2\/media?parent=12443"}],"curies":[{"name":"wp","href":"https:\/\/api.w.org\/{rel}","templated":true}]}}