{"id":12457,"date":"2021-06-20T19:05:59","date_gmt":"2021-06-20T22:05:59","guid":{"rendered":"http:\/\/mistersates-import.com.br\/loja\/?post_type=product&#038;p=12457"},"modified":"2026-02-24T14:02:28","modified_gmt":"2026-02-24T17:02:28","slug":"gopro-suporte-peito-cinto-peitoral-gopro-todas","status":"publish","type":"product","link":"https:\/\/mistersates-import.com.br\/loja\/product\/gopro-suporte-peito-cinto-peitoral-gopro-todas\/","title":{"rendered":"Gopro Suporte Peito Cinto Peitoral GoPro Todas"},"content":{"rendered":"<p>Perfeito para esquiar, mountain bike, motocross, esportes de remo, ou qualquer atividade que voc\u00ea deseja obter um \u00e2ngulo de vis\u00e3o abaixo da altura do capacete.<br \/>\nRecomendado como uma forma mais envolvente do que o suporte para capacete. Tamanho \u00fanico ajust\u00e1vel.<\/p>\n<p>Compat\u00edvel com todas as c\u00e2meras GOPRO.<br \/>\nN\u00e3o fique sem este acess\u00f3rio indispens\u00e1vel!<\/p>\n<p>ATEN\u00c7\u00c3O:<br \/>\n*Imagens meramente ilustrativas<br \/>\n&#8211; N\u00e3o acompanha c\u00e2mera Gopro<br \/>\n&#8211; N\u00e3o acompanha pino de encaixe<\/p>\n<p>GOPRO 1, GOPRO 2, GOPRO 3 E 3+, GOPRO 4, GOPRO 5, GOPRO 6, GOPRO 7, GOPRO 8, GOPRO 9<\/p>\n<p>HERO 1, HERO 2, HERO 3 E 3+, HERO 4, HERO 5, HERO 6, HERO 7, HERO 8, HERO 9 BLACK<\/p>\n","protected":false},"excerpt":{"rendered":"<p>Gopro Suporte Peito Cinto Peitoral GoPro Todas<\/p>\n","protected":false},"featured_media":17940,"template":"","meta":{"_joinchat":[]},"_links":{"self":[{"href":"https:\/\/mistersates-import.com.br\/loja\/wp-json\/wp\/v2\/product\/12457"}],"collection":[{"href":"https:\/\/mistersates-import.com.br\/loja\/wp-json\/wp\/v2\/product"}],"about":[{"href":"https:\/\/mistersates-import.com.br\/loja\/wp-json\/wp\/v2\/types\/product"}],"wp:featuredmedia":[{"embeddable":true,"href":"https:\/\/mistersates-import.com.br\/loja\/wp-json\/wp\/v2\/media\/17940"}],"wp:attachment":[{"href":"https:\/\/mistersates-import.com.br\/loja\/wp-json\/wp\/v2\/media?parent=12457"}],"curies":[{"name":"wp","href":"https:\/\/api.w.org\/{rel}","templated":true}]}}