{"id":12671,"date":"2021-06-23T18:56:05","date_gmt":"2021-06-23T21:56:05","guid":{"rendered":"https:\/\/mistersates-import.com.br\/loja\/?post_type=product&#038;p=12671"},"modified":"2026-02-07T23:14:35","modified_gmt":"2026-02-08T02:14:35","slug":"suporte-clipe-fivela-gopro-liberacao-rapida-com-parafuso","status":"publish","type":"product","link":"https:\/\/mistersates-import.com.br\/loja\/product\/suporte-clipe-fivela-gopro-liberacao-rapida-com-parafuso\/","title":{"rendered":"Suporte Clipe Fivela GoPro Libera\u00e7\u00e3o R\u00e1pida com Parafuso"},"content":{"rendered":"<p>GOPRO FIVELA SUPORTE SAQUE R\u00c1PIDO + PARAFUSO DE FIXA\u00c7\u00c3O.<\/p>\n<p>MUITA PRATICIDADE PARA SUA GOPRO<br \/>\nO SUPORTE QUICK-RELEASE \u00c9 FUNDAMENTAL PARA O USO DE SUA GOPRO<br \/>\nPARAFUSO DE FIXA\u00c7\u00c3O DE ALTA SEGURAN\u00c7A<\/p>\n<p>COMPAT\u00cdVEL COM TODOS OS MODELOS<br \/>\nGOPRO &#8211; HERO 1 2 3 3+ 4 5 6 7 8 9 E OUTRAS<\/p>\n<p>PRE\u00c7O PARA 1 CLIPE R\u00c1PIDO + 1 PARAFUSO<\/p>\n","protected":false},"excerpt":{"rendered":"<p>GOPRO FIVELA SUPORTE SAQUE R\u00c1PIDO + PARAFUSO DE FIXA\u00c7\u00c3O.<\/p>\n<p>MUITA PRATICIDADE PARA SUA GOPRO<br \/>\nO SUPORTE QUICK-RELEASE \u00c9 FUNDAMENTAL PARA O USO DE SUA GOPRO<br \/>\nPARAFUSO DE FIXA\u00c7\u00c3O DE ALTA SEGURAN\u00c7A<\/p>\n<p>COMPAT\u00cdVEL COM TODOS OS MODELOS<br \/>\nGOPRO &#8211; HERO 1 2 3 3+ 4 5 6 7 8 9 E OUTRAS<\/p>\n<p>PRE\u00c7O PARA 1 CLIPE R\u00c1PIDO + 1 PARAFUSO<\/p>\n","protected":false},"featured_media":12672,"template":"","meta":{"_joinchat":[]},"_links":{"self":[{"href":"https:\/\/mistersates-import.com.br\/loja\/wp-json\/wp\/v2\/product\/12671"}],"collection":[{"href":"https:\/\/mistersates-import.com.br\/loja\/wp-json\/wp\/v2\/product"}],"about":[{"href":"https:\/\/mistersates-import.com.br\/loja\/wp-json\/wp\/v2\/types\/product"}],"wp:featuredmedia":[{"embeddable":true,"href":"https:\/\/mistersates-import.com.br\/loja\/wp-json\/wp\/v2\/media\/12672"}],"wp:attachment":[{"href":"https:\/\/mistersates-import.com.br\/loja\/wp-json\/wp\/v2\/media?parent=12671"}],"curies":[{"name":"wp","href":"https:\/\/api.w.org\/{rel}","templated":true}]}}