{"id":12811,"date":"2021-06-24T19:54:43","date_gmt":"2021-06-24T22:54:43","guid":{"rendered":"https:\/\/mistersates-import.com.br\/loja\/?post_type=product&#038;p=12811"},"modified":"2026-02-10T10:44:34","modified_gmt":"2026-02-10T13:44:34","slug":"carregador-tomada-adaptador-usb-acendedor-5v-moto-12v-24v","status":"publish","type":"product","link":"https:\/\/mistersates-import.com.br\/loja\/product\/carregador-tomada-adaptador-usb-acendedor-5v-moto-12v-24v\/","title":{"rendered":"Carregador Tomada Adaptador Usb + Acendedor 5v Moto 12v 24v"},"content":{"rendered":"<p>CARACTER\u00cdSTICAS DO PRODUTO<\/p>\n<p>As tomadas 12v e USB 5v possuem capa de prote\u00e7\u00e3o para evitar entrada de \u00e1gua quando n\u00e3o est\u00e1 sendo utilizada.<br \/>\nPode ser usado para carregar celular, GPS ou outros eletr\u00f4nicos que utilizam USB para carregar.<\/p>\n<p>INFORMA\u00c7\u00d5ES T\u00c9CNICAS<\/p>\n<p>Acess\u00f3rios Tipo de soquete do isqueiro do Cigarro, carregador USB<br \/>\nFun\u00e7\u00e3o isqueiro e carregador USB<br \/>\nMaterial ABS<br \/>\nAplic\u00e1vel Modelos Universal<br \/>\nDimens\u00e3o e Peso:<br \/>\nPeso do produto 0.090 kg<\/p>\n","protected":false},"excerpt":{"rendered":"<p>CARACTER\u00cdSTICAS DO PRODUTO<\/p>\n<p>As tomadas 12v e USB 5v possuem capa de prote\u00e7\u00e3o para evitar entrada de \u00e1gua quando n\u00e3o est\u00e1 sendo utilizada.<br \/>\nPode ser usado para carregar celular, GPS ou outros eletr\u00f4nicos que utilizam USB para carregar.<\/p>\n","protected":false},"featured_media":12817,"template":"","meta":{"_joinchat":[]},"_links":{"self":[{"href":"https:\/\/mistersates-import.com.br\/loja\/wp-json\/wp\/v2\/product\/12811"}],"collection":[{"href":"https:\/\/mistersates-import.com.br\/loja\/wp-json\/wp\/v2\/product"}],"about":[{"href":"https:\/\/mistersates-import.com.br\/loja\/wp-json\/wp\/v2\/types\/product"}],"wp:featuredmedia":[{"embeddable":true,"href":"https:\/\/mistersates-import.com.br\/loja\/wp-json\/wp\/v2\/media\/12817"}],"wp:attachment":[{"href":"https:\/\/mistersates-import.com.br\/loja\/wp-json\/wp\/v2\/media?parent=12811"}],"curies":[{"name":"wp","href":"https:\/\/api.w.org\/{rel}","templated":true}]}}