{"id":12863,"date":"2021-06-24T21:30:58","date_gmt":"2021-06-25T00:30:58","guid":{"rendered":"https:\/\/mistersates-import.com.br\/loja\/?post_type=product&#038;p=12863"},"modified":"2025-04-19T22:26:19","modified_gmt":"2025-04-20T01:26:19","slug":"kit-remover-parafuso-espanado-speed-out-speedout-easy-out-4-unidades","status":"publish","type":"product","link":"https:\/\/mistersates-import.com.br\/loja\/product\/kit-remover-parafuso-espanado-speed-out-speedout-easy-out-4-unidades\/","title":{"rendered":"Kit Remover Parafuso Espanado Speed Out (speedout Easy Out) 4 unidades"},"content":{"rendered":"<p>&#8211; Utilize as ponteiras extratoras para remover qualquer parafuso, quebrado ou espanado, FENDA, PHILIPS, HEXAGONAIS, LISOS &#8230; todos os tipos de cabe\u00e7as.<br \/>\n&#8211; Refa\u00e7a a casa da cabe\u00e7a do parafuso quebrado ou espanado com o lado perfurante e remova parafusando o lado extrator na nova casa.<br \/>\n&#8211; Material: 100% a\u00e7o carbono importado.<\/p>\n<p>MEDIDAS<br \/>\n&#8211; #1 = 5mm,<br \/>\n&#8211; #2 = 8mm, 1\/4(polegadas),<br \/>\n&#8211; #3 = 10mm, 5\/16(polegadas),<br \/>\n&#8211; #4 = 16mm, 3\/8(polegadas),<\/p>\n<p>MODO DE USO<br \/>\n&#8211; Utilize SEMPRE NO SENTIDO CONTR\u00c1RIO DA ROTA\u00c7\u00c3O da furadeira\/parafusadeira (Desparafusar), tanto para o lado da broca como para o lado do extrator.<br \/>\nPara o lado da broca, a rota\u00e7\u00e3o pode ser r\u00e1pida. J\u00e1 para o lado do extrator, a rota\u00e7\u00e3o deve ser mais lenta.<\/p>\n","protected":false},"excerpt":{"rendered":"<p>&#8211; Utilize as ponteiras extratoras para remover qualquer parafuso, quebrado ou espanado, FENDA, PHILIPS, HEXAGONAIS, LISOS &#8230; todos os tipos de cabe\u00e7as.<br \/>\n&#8211; Refa\u00e7a a casa da cabe\u00e7a do parafuso quebrado ou espanado com o lado perfurante e remova parafusando o lado extrator na nova casa.<br \/>\n&#8211; Material: 100% a\u00e7o carbono importado.<\/p>\n","protected":false},"featured_media":12864,"template":"","meta":{"_joinchat":[]},"_links":{"self":[{"href":"https:\/\/mistersates-import.com.br\/loja\/wp-json\/wp\/v2\/product\/12863"}],"collection":[{"href":"https:\/\/mistersates-import.com.br\/loja\/wp-json\/wp\/v2\/product"}],"about":[{"href":"https:\/\/mistersates-import.com.br\/loja\/wp-json\/wp\/v2\/types\/product"}],"wp:featuredmedia":[{"embeddable":true,"href":"https:\/\/mistersates-import.com.br\/loja\/wp-json\/wp\/v2\/media\/12864"}],"wp:attachment":[{"href":"https:\/\/mistersates-import.com.br\/loja\/wp-json\/wp\/v2\/media?parent=12863"}],"curies":[{"name":"wp","href":"https:\/\/api.w.org\/{rel}","templated":true}]}}