{"id":13054,"date":"2021-06-26T10:43:44","date_gmt":"2021-06-26T13:43:44","guid":{"rendered":"https:\/\/mistersates-import.com.br\/loja\/?post_type=product&#038;p=13054"},"modified":"2025-02-15T13:01:15","modified_gmt":"2025-02-15T16:01:15","slug":"p2-x-p2-cabo-de-audio-extensor-p2-macho-x-p2-femea-15-metros","status":"publish","type":"product","link":"https:\/\/mistersates-import.com.br\/loja\/product\/p2-x-p2-cabo-de-audio-extensor-p2-macho-x-p2-femea-15-metros\/","title":{"rendered":"P2 X P2 Cabo De \u00c1udio Extensor P2 Macho X P2 F\u00eamea 1,5 Metros"},"content":{"rendered":"<p>Cabo \u00e1udio Auxiliar P2 Macho Est\u00e9reo X P2 F\u00eamea 1,5 Metros refor\u00e7ado<\/p>\n<p>MARCA IT-BLUE<\/p>\n<p>Desfrute da melhor qualidade.<\/p>\n<p>Os conectores com reconhecimento internacional que preservam o sinal e qualidade do \u00e1udio.<br \/>\nCondutor em fio de cobre para extens\u00e3o de sinal.<\/p>\n<p>Caracter\u00edsticas:<\/p>\n<p>Prote\u00e7\u00e3o contra perda de sinal. Prote\u00e7\u00e3o em alum\u00ednio refor\u00e7ada.<\/p>\n<p>Revestimento flex\u00edvel em PVC.<br \/>\nCompensador de tens\u00e3o em borracha.<br \/>\nProte\u00e7\u00e3o em metal para durabilidade alargada<br \/>\nCom o Cabo P2 Macho Est\u00e9reo X P2 F\u00eamea voc\u00ea poder\u00e1 conectar seu MP3 Player, iPod, CD Player, Celular, Tablet, GPS ou qualquer outro dispositivo com entrada P2, permitindo estender o alcance dos fios sem perda na qualidade do \u00e1udio.<\/p>\n<p>Conex\u00f5es:<br \/>\nP2 Est\u00e9reo Macho x P2 Est\u00e9reo F\u00eamea (Entrada e Sa\u00edda)<br \/>\nConte\u00fado da embalagem:<br \/>\n01 Cabo P2 x P2 1,5m<\/p>\n","protected":false},"excerpt":{"rendered":"<p>Cabo \u00e1udio Auxiliar P2 Macho Est\u00e9reo X P2 F\u00eamea 1,5 Metros refor\u00e7ado<\/p>\n<p>MARCA IT-BLUE<\/p>\n<p>Desfrute da melhor qualidade.<\/p>\n<p>Os conectores com reconhecimento internacional que preservam o sinal e qualidade do \u00e1udio.<br \/>\nCondutor em fio de cobre para extens\u00e3o de sinal.<\/p>\n<p>Caracter\u00edsticas:<\/p>\n<p>Prote\u00e7\u00e3o contra perda de sinal. Prote\u00e7\u00e3o em alum\u00ednio refor\u00e7ada.<\/p>\n","protected":false},"featured_media":13057,"template":"","meta":{"_joinchat":[]},"_links":{"self":[{"href":"https:\/\/mistersates-import.com.br\/loja\/wp-json\/wp\/v2\/product\/13054"}],"collection":[{"href":"https:\/\/mistersates-import.com.br\/loja\/wp-json\/wp\/v2\/product"}],"about":[{"href":"https:\/\/mistersates-import.com.br\/loja\/wp-json\/wp\/v2\/types\/product"}],"wp:featuredmedia":[{"embeddable":true,"href":"https:\/\/mistersates-import.com.br\/loja\/wp-json\/wp\/v2\/media\/13057"}],"wp:attachment":[{"href":"https:\/\/mistersates-import.com.br\/loja\/wp-json\/wp\/v2\/media?parent=13054"}],"curies":[{"name":"wp","href":"https:\/\/api.w.org\/{rel}","templated":true}]}}