{"id":13135,"date":"2021-06-26T21:52:42","date_gmt":"2021-06-27T00:52:42","guid":{"rendered":"https:\/\/mistersates-import.com.br\/loja\/?post_type=product&#038;p=13135"},"modified":"2024-05-07T11:26:56","modified_gmt":"2024-05-07T14:26:56","slug":"bateria-cr2032-3v-lithium-05-unidades-1-cartela-placa-mae-e-outros","status":"publish","type":"product","link":"https:\/\/mistersates-import.com.br\/loja\/product\/bateria-cr2032-3v-lithium-05-unidades-1-cartela-placa-mae-e-outros\/","title":{"rendered":"Bateria Cr2032 3v Lithium 05 Unidades 1 Cartela Placa M\u00e3e E OUTROS"},"content":{"rendered":"<p><strong>TRABALHAMOS COM DIVERSAS MARCAS. SER\u00c1 ENVIADO A QUE ESTIVER DISPON\u00cdVEL EM NOSSO ESTOQUE. (TODAS DE \u00d3TIMA QUALIDADES)<\/strong><\/p>\n<p>&#8211; Cont\u00e9m: 5 Baterias cada cartela &#8211; TOTAL DE 01 CARTELAS<\/p>\n<p>-Modelo: Cr2032<\/p>\n<p>-Capacidade Nominal: 3V<\/p>\n<p>-Material: Lithium<\/p>\n<p>-Cont\u00e9m: 5 Baterias cada cartela<\/p>\n<p>-Aplica\u00e7\u00e3o principal: Rel\u00f3gios, Calculadoras, Computadores port\u00e1teis, etc.<\/p>\n<p>-Bateria de lithium n\u00e3o recarreg\u00e1vel.<\/p>\n<p>-Produto de alta qualidade.<\/p>\n<p>-Conte\u00fado da embalagem:<\/p>\n<p>-Baterias Lithium cr2032<\/p>\n","protected":false},"excerpt":{"rendered":"<p><strong>TRABALHAMOS COM DIVERSAS MARCAS. SER\u00c1 ENVIADO A QUE ESTIVER DISPON\u00cdVEL EM NOSSO ESTOQUE. (TODAS DE \u00d3TIMA QUALIDADES)<\/strong><\/p>\n<p>&#8211; Cont\u00e9m: 5 Baterias cada cartela &#8211; TOTAL DE 01 CARTELAS<\/p>\n<p>-Modelo: Cr2032<\/p>\n<p>-Capacidade Nominal: 3V<\/p>\n<p>-Material: Lithium<\/p>\n<p>-Cont\u00e9m: 5 Baterias cada cartela<\/p>\n<p>-Aplica\u00e7\u00e3o principal: Rel\u00f3gios, Calculadoras, Computadores port\u00e1teis, etc.<\/p>\n<p>-Bateria de lithium n\u00e3o recarreg\u00e1vel.<\/p>\n<p>-Produto de alta qualidade.<\/p>\n<p>-Conte\u00fado da embalagem:<\/p>\n<p>-Baterias Lithium cr2032<\/p>\n","protected":false},"featured_media":12832,"template":"","meta":{"_joinchat":[]},"_links":{"self":[{"href":"https:\/\/mistersates-import.com.br\/loja\/wp-json\/wp\/v2\/product\/13135"}],"collection":[{"href":"https:\/\/mistersates-import.com.br\/loja\/wp-json\/wp\/v2\/product"}],"about":[{"href":"https:\/\/mistersates-import.com.br\/loja\/wp-json\/wp\/v2\/types\/product"}],"wp:featuredmedia":[{"embeddable":true,"href":"https:\/\/mistersates-import.com.br\/loja\/wp-json\/wp\/v2\/media\/12832"}],"wp:attachment":[{"href":"https:\/\/mistersates-import.com.br\/loja\/wp-json\/wp\/v2\/media?parent=13135"}],"curies":[{"name":"wp","href":"https:\/\/api.w.org\/{rel}","templated":true}]}}