{"id":13287,"date":"2021-06-27T12:24:16","date_gmt":"2021-06-27T15:24:16","guid":{"rendered":"https:\/\/mistersates-import.com.br\/loja\/?post_type=product&#038;p=13287"},"modified":"2026-04-12T23:03:02","modified_gmt":"2026-04-13T02:03:02","slug":"cabo-adaptador-y-celular-fone-p3-femea-2-p2-macho-pc-xbox-80-cm","status":"publish","type":"product","link":"https:\/\/mistersates-import.com.br\/loja\/product\/cabo-adaptador-y-celular-fone-p3-femea-2-p2-macho-pc-xbox-80-cm\/","title":{"rendered":"Cabo Adaptador Y Celular Fone P3 F\u00eamea &#8211; 2 P2 Macho Pc Xbox 80 cm"},"content":{"rendered":"<p>Este adaptador permite que voc\u00ea conecte facilmente fones de ouvido do microfone com uma tomada de sa\u00edda de 3.5mm (por exemplo: fones de ouvido do telefone celular) ao seu computador port\u00e1til ou computador.<br \/>\n\u00c1udio duplo 3.5 plug design perfeito para equipamentos de \u00e1udio compat\u00edveis.<br \/>\nDesign port\u00e1til compacto, pronto para desfrutar de m\u00fasica<br \/>\nRequintado apar\u00eancia de moda<br \/>\nSomente cabo n\u00e3o incluem computador\/notebook.<\/p>\n<p>Especifica\u00e7\u00f5es:<br \/>\nComprimento: 80 cm<br \/>\nMaterial: cobre livre de oxig\u00eanio, fio tran\u00e7ado<br \/>\nRela\u00e7\u00e3o: padr\u00e3o 3.5mm<br \/>\nPeso: gramas 21<br \/>\nTamanho: 800*55*20mm<\/p>\n","protected":false},"excerpt":{"rendered":"<p>Este adaptador permite que voc\u00ea conecte facilmente fones de ouvido do microfone com uma tomada de sa\u00edda de 3.5mm (por exemplo: fones de ouvido do telefone celular) ao seu computador port\u00e1til ou computador.<br \/>\n\u00c1udio duplo 3.5 plug design perfeito para equipamentos de \u00e1udio compat\u00edveis.<br \/>\nDesign port\u00e1til compacto, pronto para desfrutar de m\u00fasica<br \/>\nRequintado apar\u00eancia de moda<br \/>\nSomente cabo n\u00e3o incluem computador\/notebook.<\/p>\n<p>Especifica\u00e7\u00f5es:<br \/>\nComprimento: 80 cm<br \/>\nMaterial: cobre livre de oxig\u00eanio, fio tran\u00e7ado<br \/>\nRela\u00e7\u00e3o: padr\u00e3o 3.5mm<br \/>\nPeso: gramas 21<br \/>\nTamanho: 800*55*20mm<\/p>\n","protected":false},"featured_media":15917,"template":"","meta":{"_joinchat":[]},"_links":{"self":[{"href":"https:\/\/mistersates-import.com.br\/loja\/wp-json\/wp\/v2\/product\/13287"}],"collection":[{"href":"https:\/\/mistersates-import.com.br\/loja\/wp-json\/wp\/v2\/product"}],"about":[{"href":"https:\/\/mistersates-import.com.br\/loja\/wp-json\/wp\/v2\/types\/product"}],"wp:featuredmedia":[{"embeddable":true,"href":"https:\/\/mistersates-import.com.br\/loja\/wp-json\/wp\/v2\/media\/15917"}],"wp:attachment":[{"href":"https:\/\/mistersates-import.com.br\/loja\/wp-json\/wp\/v2\/media?parent=13287"}],"curies":[{"name":"wp","href":"https:\/\/api.w.org\/{rel}","templated":true}]}}