{"id":13401,"date":"2021-06-27T22:48:00","date_gmt":"2021-06-28T01:48:00","guid":{"rendered":"https:\/\/mistersates-import.com.br\/loja\/?post_type=product&#038;p=13401"},"modified":"2024-04-30T18:09:14","modified_gmt":"2024-04-30T21:09:14","slug":"adaptador-usb-3-1-tipo-c-leitor-cartao-sd-micro-sd-ipad-pro","status":"publish","type":"product","link":"https:\/\/mistersates-import.com.br\/loja\/product\/adaptador-usb-3-1-tipo-c-leitor-cartao-sd-micro-sd-ipad-pro\/","title":{"rendered":"Adaptador Usb 3.1 Tipo C Leitor Cart\u00e3o Sd Micro Sd iPad Pro"},"content":{"rendered":"<p>Caracter\u00edsticas:<\/p>\n<p>100% novo e de alta qualidade<br \/>\nEle suporta o mais novo usb 3.1 tipo-c<br \/>\nHub porta usb pode suportar mouse, teclado, flash drives e outros<br \/>\nA fun\u00e7\u00e3o do leitor de cart\u00e3o pode suportar sd (hc)\/micro sd (hc)<br \/>\nEle suporta todos os 3.1 telefones portu\u00e1rios, notebook e macbook<br \/>\nAplic\u00e1vel para macbook, google tablet, telefone letv &amp; computador windows.<br \/>\nUsb tipo-c conector \u00e9 revers\u00edvel pode ser inserido de ambos os lados.<br \/>\nSuporte otg para tipo-c telefone.<br \/>\nSuporte leia sd (hc)\/tf cart\u00e3o de mem\u00f3ria<br \/>\nA porta usb porta de sa\u00edda<br \/>\nBaixo consumo de energia, exclusivo \u00e0 prote\u00e7\u00e3o da sobrecarga da tens\u00e3o e da corrente, eficazmente<\/p>\n<p>Proteja o cubo e os dispositivos conectados<br \/>\nDesign compacto, mini mas multiuso<br \/>\nLightweight e port\u00e1til, f\u00e1cil de transportar na estrada<br \/>\nSuporte quente plug, plug and play, nenhum motorista<\/p>\n<p>Especifica\u00e7\u00f5es:<\/p>\n<p>Peso: 25g<br \/>\nMateriais: ABS<br \/>\nTamanho:-5.5cm * 3.2cm * 1.2cm\/2.2 *.1.3 * 0.5in<br \/>\nCor: preto branco<br \/>\nConector: Type-C<br \/>\nTipo de item: tipo c conector<\/p>\n<p>Pacote inclui:<\/p>\n<p>1x leitor de cart\u00e3o 3.1 tipo-c<\/p>\n","protected":false},"excerpt":{"rendered":"<p>Compat\u00edvel com a maioria dos dispositivos USB tipo-C, tais como para Macbook, para Huawei Livro de mate, para Galaxy S8\/S8 + e assim por diante<br \/>\nDesign compacto com premium liga de alum\u00ednio cobrir tornando-o dur\u00e1vel e resistente \u00e0 sujidade<br \/>\nMulti fun\u00e7\u00e3o, apoiar USB3.1 Tipo C para USB2.0, ler TF\/cart\u00e3o de mem\u00f3ria SD, apoio OTG<br \/>\nA porta USB pode ser conectado ao disco de U, mouse, teclado, movendo disco r\u00edgido e assim por diante<br \/>\nF\u00e1cil de usar, plug and play, USB alimentado enquanto nenhum poder externo ou bateria necess\u00e1rio<\/p>\n","protected":false},"featured_media":17325,"template":"","meta":{"_joinchat":[]},"_links":{"self":[{"href":"https:\/\/mistersates-import.com.br\/loja\/wp-json\/wp\/v2\/product\/13401"}],"collection":[{"href":"https:\/\/mistersates-import.com.br\/loja\/wp-json\/wp\/v2\/product"}],"about":[{"href":"https:\/\/mistersates-import.com.br\/loja\/wp-json\/wp\/v2\/types\/product"}],"wp:featuredmedia":[{"embeddable":true,"href":"https:\/\/mistersates-import.com.br\/loja\/wp-json\/wp\/v2\/media\/17325"}],"wp:attachment":[{"href":"https:\/\/mistersates-import.com.br\/loja\/wp-json\/wp\/v2\/media?parent=13401"}],"curies":[{"name":"wp","href":"https:\/\/api.w.org\/{rel}","templated":true}]}}