{"id":13519,"date":"2021-06-28T17:09:42","date_gmt":"2021-06-28T20:09:42","guid":{"rendered":"https:\/\/mistersates-import.com.br\/loja\/?post_type=product&#038;p=13519"},"modified":"2024-03-15T18:25:58","modified_gmt":"2024-03-15T21:25:58","slug":"conector-4-pinos-5050-3528-10mm-colorido-ip65-resistente-a-agua","status":"publish","type":"product","link":"https:\/\/mistersates-import.com.br\/loja\/product\/conector-4-pinos-5050-3528-10mm-colorido-ip65-resistente-a-agua\/","title":{"rendered":"Conector 4 Pinos 5050, 3528 10mm Colorido IP65 Resistente a Agua"},"content":{"rendered":"<p>Bom para a alta densidade de luz de tira CONDUZIDA (30,60, 72,90, 120 LEDs etc), n\u00e3o m\u00e1scara de luz de LED em primeiro lugar.<br \/>\nEmocionante RGB Luz Conduzida da Tira de forma muito confi\u00e1vel<\/p>\n<p>Dados Technial:<\/p>\n<p>Para 10mm 4 Pin Tira CONDUZIDA para Fio<\/p>\n<p>Aplic\u00e1vel a Fita de Led 5050\/3528 RGB<br \/>\nTens\u00e3o de funcionamento DC3V-24V<br \/>\nLargura de 10mm<br \/>\nCorrente nominal 5A<br \/>\nClassifica\u00e7\u00e3o \u00e0 prova d&#8217;\u00e1gua de IP65\/54<br \/>\n(Revestimento de Cola de um Lado)<br \/>\nQuantidade de pinos 4<br \/>\nTipo de cor RGB<br \/>\nMaterial da carca\u00e7a Plastico<br \/>\nMin. Espessura da Fita 0.2 mil\u00edmetros<br \/>\nMaterial de Pin F\u00f3sforo Cobre (Cu)<br \/>\nBitola do Fio vi\u00e1vel 22 ~ 20 AWG<br \/>\nForma de Contato para Fita Isolamento-piercing<br \/>\nFio vi\u00e1vel em Corte Transversal 0.34 ~ 0.52 mil\u00edmetros2<br \/>\nFio vi\u00e1vel OD Max 2.1 mil\u00edmetros<br \/>\nN\u00edvel Retardador de chama UL94v-0<\/p>\n<p>O pacote Inclui:<\/p>\n<p>1 x RGB LED Strip Conector Pino 5<\/p>\n","protected":false},"excerpt":{"rendered":"<p>Bom para a alta densidade de luz de tira CONDUZIDA (30,60, 72,90, 120 LEDs etc), n\u00e3o m\u00e1scara de luz de LED em primeiro lugar.<br \/>\nEmocionante RGB Luz Conduzida da Tira de forma muito confi\u00e1vel<\/p>\n","protected":false},"featured_media":13520,"template":"","meta":{"_joinchat":[]},"_links":{"self":[{"href":"https:\/\/mistersates-import.com.br\/loja\/wp-json\/wp\/v2\/product\/13519"}],"collection":[{"href":"https:\/\/mistersates-import.com.br\/loja\/wp-json\/wp\/v2\/product"}],"about":[{"href":"https:\/\/mistersates-import.com.br\/loja\/wp-json\/wp\/v2\/types\/product"}],"wp:featuredmedia":[{"embeddable":true,"href":"https:\/\/mistersates-import.com.br\/loja\/wp-json\/wp\/v2\/media\/13520"}],"wp:attachment":[{"href":"https:\/\/mistersates-import.com.br\/loja\/wp-json\/wp\/v2\/media?parent=13519"}],"curies":[{"name":"wp","href":"https:\/\/api.w.org\/{rel}","templated":true}]}}