{"id":13950,"date":"2021-07-08T17:53:45","date_gmt":"2021-07-08T20:53:45","guid":{"rendered":"https:\/\/mistersates-import.com.br\/loja\/?post_type=product&#038;p=13950"},"modified":"2025-08-28T12:30:49","modified_gmt":"2025-08-28T15:30:49","slug":"capa-de-silicone-para-gopro-hero-8-preto-com-cordinha","status":"publish","type":"product","link":"https:\/\/mistersates-import.com.br\/loja\/product\/capa-de-silicone-para-gopro-hero-8-preto-com-cordinha\/","title":{"rendered":"Capa de silicone para gopro hero 8 preto com cordinha"},"content":{"rendered":"<p>Forte Prote\u00e7\u00e3o<\/p>\n<p>Proteja sua c\u00e2mera de poeira, arranh\u00f5es e seixos voadores, que \u00e9 uma nova prote\u00e7\u00e3o de pele para o seu gopro hero 8.<\/p>\n<p>Ajuste perfeito<\/p>\n<p>Ajuste seguro, facilmente aplicado e removido em torno da c\u00e2mera. F\u00e1cil de Transportar com Cord\u00e3o<\/p>\n<p>O pacote Incluiu:<\/p>\n<p>Ps: n\u00e3o incluindo a c\u00e2mera<\/p>\n<p>Especialmente Compatibilidade<\/p>\n<p>A caixa protetora de borracha de silicone \u00e9 projetada especialmente para gopro hero 8<\/p>\n","protected":false},"excerpt":{"rendered":"<p>Forte Prote\u00e7\u00e3o<\/p>\n<p>Proteja sua c\u00e2mera de poeira, arranh\u00f5es e seixos voadores, que \u00e9 uma nova prote\u00e7\u00e3o de pele para o seu gopro hero 8.<\/p>\n<p>Ajuste perfeito<\/p>\n<p>Ajuste seguro, facilmente aplicado e removido em torno da c\u00e2mera. F\u00e1cil de Transportar com Cord\u00e3o<\/p>\n<p>O pacote Incluiu:<\/p>\n<p>Ps: n\u00e3o incluindo a c\u00e2mera<\/p>\n<p>Especialmente Compatibilidade<\/p>\n<p>A caixa protetora de borracha de silicone \u00e9 projetada especialmente para gopro hero 8<\/p>\n","protected":false},"featured_media":16078,"template":"","meta":{"_joinchat":[]},"_links":{"self":[{"href":"https:\/\/mistersates-import.com.br\/loja\/wp-json\/wp\/v2\/product\/13950"}],"collection":[{"href":"https:\/\/mistersates-import.com.br\/loja\/wp-json\/wp\/v2\/product"}],"about":[{"href":"https:\/\/mistersates-import.com.br\/loja\/wp-json\/wp\/v2\/types\/product"}],"wp:featuredmedia":[{"embeddable":true,"href":"https:\/\/mistersates-import.com.br\/loja\/wp-json\/wp\/v2\/media\/16078"}],"wp:attachment":[{"href":"https:\/\/mistersates-import.com.br\/loja\/wp-json\/wp\/v2\/media?parent=13950"}],"curies":[{"name":"wp","href":"https:\/\/api.w.org\/{rel}","templated":true}]}}