{"id":14054,"date":"2021-07-09T23:47:09","date_gmt":"2021-07-10T02:47:09","guid":{"rendered":"https:\/\/mistersates-import.com.br\/loja\/?post_type=product&#038;p=14054"},"modified":"2024-03-15T18:27:55","modified_gmt":"2024-03-15T21:27:55","slug":"mini-receptor-e-transmissor-estereo-bluetooth-5-0-audio-aux-rca-usb-3-5mm-jack","status":"publish","type":"product","link":"https:\/\/mistersates-import.com.br\/loja\/product\/mini-receptor-e-transmissor-estereo-bluetooth-5-0-audio-aux-rca-usb-3-5mm-jack\/","title":{"rendered":"Mini receptor e transmissor est\u00e9reo bluetooth 5.0 \u00e1udio aux rca usb 3.5mm jack"},"content":{"rendered":"<div style=\"width: 940px;\" class=\"wp-video\"><!--[if lt IE 9]><script>document.createElement('video');<\/script><![endif]-->\n<video class=\"wp-video-shortcode\" id=\"video-14054-1\" width=\"940\" height=\"529\" preload=\"metadata\" controls=\"controls\"><source type=\"video\/mp4\" src=\"https:\/\/mistersates-import.com.br\/loja\/wp-content\/uploads\/2021\/07\/MISTERSATES-IMPORT-1.mp4?_=1\" \/><a href=\"https:\/\/mistersates-import.com.br\/loja\/wp-content\/uploads\/2021\/07\/MISTERSATES-IMPORT-1.mp4\">https:\/\/mistersates-import.com.br\/loja\/wp-content\/uploads\/2021\/07\/MISTERSATES-IMPORT-1.mp4<\/a><\/video><\/div>\n<p>Marca: VIKEFON<br \/>\nTipo sem fio: Bluetooth<br \/>\nDe som: Dupla<br \/>\nSuporte a alta Defini\u00e7\u00e3o: Nenhum<br \/>\nWIFI Padr\u00e3o: Nenhum<br \/>\nConte\u00fado: AUDIO<br \/>\nInterface: 3.5 mil\u00edmetros<br \/>\nModelo N\u00famero: ZF-169<br \/>\nPLUS Bluetooth Adapter<br \/>\nSuporte AAC: N\u00e3o<br \/>\nCart\u00e3o de Mem\u00f3ria de apoio: N\u00e3o<br \/>\nEmbalagem: Sim<br \/>\nApoio Apt &#8211; x: N\u00e3o<br \/>\nCaracter\u00edstica: Nenhum<br \/>\nFeature 1: Bluetooth Transmitter For TV<br \/>\nFeature 2: Bluetooth Car Kit Music Adapter<br \/>\nFeature 3: 3.5MM Jack Bluetooth AUX Audio Music Receiver<br \/>\nFeature 4: bluetooth A2DP Stereo<br \/>\nFeature 5: For PC TV Speakers bluetooth transmitter tv<br \/>\nFeature 6: wireless Bluetooth AUX audio receiver<br \/>\nFeature 7: Support Dropshipping Wholesale and dropshopping<br \/>\nFeature 8: Powered by USB<br \/>\nFeature 9: 100% High quality<br \/>\nFeature 10: Each device be tested rigorous before shipped out,Guaranteed 100% Good<br \/>\nOperation Range: Up to 10m \/ 33ft (without any blocking objects)Technologies: BT5.0, A2DP, AVRCP (receiver mode only)<\/p>\n<p>Por que 3 em 1?<\/p>\n<p>1.Modo transmissor (tx): Transfer\u00eancia sem fio de \u00e1udio de sua tv n\u00e3o bluetooth, sistema est\u00e9reo em casa ou leitor de cd para seus fones de ouvido bluetooth ou alto-falantes.<\/p>\n<p>2.Modo de Transmissor De \u00c1udio do PC. Transfer\u00eancia sem fio de \u00e1udio do computador, notebook para fone de ouvido bluetooth ou alto-falante atrav\u00e9s da porta usb, nenhum cabo de \u00e1udio \u00e9 necess\u00e1rio.<br \/>\n3.Modo receptor (rx). Transfer\u00eancia sem fio de \u00e1udio de seu telefone, tablet ou computador com bluetooth para o seu est\u00e9reo com fio, alto-falantes ou fones de ouvido.<\/p>\n<p>Conte\u00fado Do pacote<\/p>\n<p>1x bluetooth 5.0 transmissor\/receptor adaptador<br \/>\n2&#215;3.5mm cabo aux<br \/>\n1x Manual Do Usu\u00e1rio<\/p>\n","protected":false},"excerpt":{"rendered":"<p>Marca: VIKEFON<br \/>\nTipo sem fio: Bluetooth<br \/>\nDe som: Dupla<br \/>\nSuporte a alta Defini\u00e7\u00e3o: Nenhum<br \/>\nWIFI Padr\u00e3o: Nenhum<br \/>\nConte\u00fado: AUDIO<br \/>\nInterface: 3.5 mil\u00edmetros<br \/>\nModelo N\u00famero: ZF-169<br \/>\nPLUS Bluetooth Adapter<br \/>\nSuporte AAC: N\u00e3o<br \/>\nCart\u00e3o de Mem\u00f3ria de apoio: N\u00e3o<br \/>\nEmbalagem: Sim<br \/>\nApoio Apt &#8211; x: N\u00e3o<br \/>\nCaracter\u00edstica: Nenhum<br \/>\nFeature 1: Bluetooth Transmitter For TV<br \/>\nFeature 2: Bluetooth Car Kit Music Adapter<br \/>\nFeature 3: 3.5MM Jack Bluetooth AUX Audio Music Receiver<br \/>\nFeature 4: bluetooth A2DP Stereo<br \/>\nFeature 5: For PC TV Speakers bluetooth transmitter tv<br \/>\nFeature 6: wireless Bluetooth AUX audio receiver<br \/>\nFeature 7: Support Dropshipping Wholesale and dropshopping<br \/>\nFeature 8: Powered by USB<br \/>\nFeature 9: 100% High quality<br \/>\nFeature 10: Each device be tested rigorous before shipped out,Guaranteed 100% Good<br \/>\nOperation Range: Up to 10m \/ 33ft (without any blocking objects)Technologies: BT5.0, A2DP, AVRCP (receiver mode only)<\/p>\n","protected":false},"featured_media":14055,"template":"","meta":{"_joinchat":[]},"_links":{"self":[{"href":"https:\/\/mistersates-import.com.br\/loja\/wp-json\/wp\/v2\/product\/14054"}],"collection":[{"href":"https:\/\/mistersates-import.com.br\/loja\/wp-json\/wp\/v2\/product"}],"about":[{"href":"https:\/\/mistersates-import.com.br\/loja\/wp-json\/wp\/v2\/types\/product"}],"wp:featuredmedia":[{"embeddable":true,"href":"https:\/\/mistersates-import.com.br\/loja\/wp-json\/wp\/v2\/media\/14055"}],"wp:attachment":[{"href":"https:\/\/mistersates-import.com.br\/loja\/wp-json\/wp\/v2\/media?parent=14054"}],"curies":[{"name":"wp","href":"https:\/\/api.w.org\/{rel}","templated":true}]}}