{"id":14065,"date":"2021-07-10T00:06:07","date_gmt":"2021-07-10T03:06:07","guid":{"rendered":"https:\/\/mistersates-import.com.br\/loja\/?post_type=product&#038;p=14065"},"modified":"2023-02-14T12:00:46","modified_gmt":"2023-02-14T15:00:46","slug":"capsula-de-cafe-reutilizavel-todos-os-modelos-nescafe-dolce-gusto","status":"publish","type":"product","link":"https:\/\/mistersates-import.com.br\/loja\/product\/capsula-de-cafe-reutilizavel-todos-os-modelos-nescafe-dolce-gusto\/","title":{"rendered":"C\u00e1psula de caf\u00e9 reutiliz\u00e1vel todos os modelos nescafe dolce gusto"},"content":{"rendered":"<p>Fa\u00e7a voc\u00ea mesmo as suas bebidas, a um custo muito menor.<\/p>\n<p>Pode ser utilizada mais de 50 vezes (n\u00e3o existe um limite para utiliza\u00e7\u00e3o)<\/p>\n<p>\u00c9 feita de materiais que n\u00e3o agride a sua sa\u00fade. (Pl\u00e1stico PP, A\u00e7o Inoxid\u00e1vel 304, Silicone).<\/p>\n<p>Produto ecologicamente correto, pois \u00e9 reutiliz\u00e1vel e n\u00e3o gera res\u00edduos ap\u00f3s a utiliza\u00e7\u00e3o.<\/p>\n<p>Possui anel de veda\u00e7\u00e3o para evitar vazamentos.<\/p>\n<p>Especifica\u00e7\u00e3o:<\/p>\n<p>Produto: Capsula recarreg\u00e1vel para maquina de caf\u00e9 expresso.<\/p>\n<p>Compatibilidade: Dolce Gusto<br \/>\nCapacidade reutiliza\u00e7\u00e3o: No m\u00ednimo 50 vezes.<br \/>\nCor: Marrom escuro.<\/p>\n<p>Material: Pl\u00e1stico Polipropileno (PP), Silicone e A\u00e7o Inoxid\u00e1vel.<\/p>\n<p>Quantidade: 1 Unidades.<\/p>\n","protected":false},"excerpt":{"rendered":"<p>Fa\u00e7a voc\u00ea mesmo as suas bebidas, a um custo muito menor.<\/p>\n<p>Pode ser utilizada mais de 50 vezes (n\u00e3o existe um limite para utiliza\u00e7\u00e3o)<\/p>\n<p>\u00c9 feita de materiais que n\u00e3o agride a sua sa\u00fade. (Pl\u00e1stico PP, A\u00e7o Inoxid\u00e1vel 304, Silicone).<\/p>\n<p>Produto ecologicamente correto, pois \u00e9 reutiliz\u00e1vel e n\u00e3o gera res\u00edduos ap\u00f3s a utiliza\u00e7\u00e3o.<\/p>\n<p>Possui anel de veda\u00e7\u00e3o para evitar vazamentos.<\/p>\n<p>Especifica\u00e7\u00e3o:<\/p>\n<p>Produto: Capsula recarreg\u00e1vel para maquina de caf\u00e9 expresso.<\/p>\n<p>Compatibilidade: Dolce Gusto<br \/>\nCapacidade reutiliza\u00e7\u00e3o: No m\u00ednimo 50 vezes.<br \/>\nCor: Marrom escuro.<\/p>\n<p>Material: Pl\u00e1stico Polipropileno (PP), Silicone e A\u00e7o Inoxid\u00e1vel.<\/p>\n<p>Quantidade: 1 Unidades.<\/p>\n","protected":false},"featured_media":14069,"template":"","meta":{"_joinchat":[]},"_links":{"self":[{"href":"https:\/\/mistersates-import.com.br\/loja\/wp-json\/wp\/v2\/product\/14065"}],"collection":[{"href":"https:\/\/mistersates-import.com.br\/loja\/wp-json\/wp\/v2\/product"}],"about":[{"href":"https:\/\/mistersates-import.com.br\/loja\/wp-json\/wp\/v2\/types\/product"}],"wp:featuredmedia":[{"embeddable":true,"href":"https:\/\/mistersates-import.com.br\/loja\/wp-json\/wp\/v2\/media\/14069"}],"wp:attachment":[{"href":"https:\/\/mistersates-import.com.br\/loja\/wp-json\/wp\/v2\/media?parent=14065"}],"curies":[{"name":"wp","href":"https:\/\/api.w.org\/{rel}","templated":true}]}}