{"id":14071,"date":"2021-07-10T00:14:49","date_gmt":"2021-07-10T03:14:49","guid":{"rendered":"https:\/\/mistersates-import.com.br\/loja\/?post_type=product&#038;p=14071"},"modified":"2024-03-15T18:28:35","modified_gmt":"2024-03-15T21:28:35","slug":"receptor-s-fio-wireless-qi-iphone-7-7p-6p-6-6s-5-5s-5c-5se","status":"publish","type":"product","link":"https:\/\/mistersates-import.com.br\/loja\/product\/receptor-s-fio-wireless-qi-iphone-7-7p-6p-6-6s-5-5s-5c-5se\/","title":{"rendered":"Receptor S\/fio Wireless Qi iPhone 7 7p 6p 6 6s 5 5s 5c 5se"},"content":{"rendered":"<p>Receptor para carregador Wireless iPhone &#8211; Indu\u00e7\u00e3o Eletromagn\u00e9tica<\/p>\n<p>O melhor dos tempos modernos<br \/>\nOs carregadores port\u00e1teis n\u00e3o somente fornecem uma maior comodidade e praticidade para o carregamento de seu iPhone como tamb\u00e9m oferece uma solu\u00e7\u00e3o mais saud\u00e1vel para a bateria.<\/p>\n<p>Diferente dos carregadores tradicionais, os carregadores sem fio possuem uma menor chance de explos\u00e3o, al\u00e9m de serem mais amig\u00e1veis as baterias de ions de l\u00edtio.<\/p>\n<p>Seu funcionamento \u00e9 simples. Basta plugar o conector do receptor na entrada (a mesma utilizada para realizar o carregamento via cabo) do celular e fixar a c\u00e9lula na parte traseira do aparelho. Agora, basta colocar o seu iPhone sobre uma base Wireless e pronto, j\u00e1 estar\u00e1 carregando.<\/p>\n<p>OBS 1. Necessita da base para carregar seu iPhone.<\/p>\n<p>Caracter\u00edsticas:<br \/>\nReceiving voltage(Voltagem de Entrada) : DC5V\/1A<br \/>\nCharging voltage Voltagem de carregamento): DC5V\/800mA<\/p>\n<p>Modelos: iPhone 7 \/ 7P \/ 6P \/ 6 \/ 6S \/ 5 \/ 5S \/ 5C \/ 5SE<\/p>\n","protected":false},"excerpt":{"rendered":"<p>Receptor para carregador Wireless iPhone &#8211; Indu\u00e7\u00e3o Eletromagn\u00e9tica<\/p>\n<p>O melhor dos tempos modernos<br \/>\nOs carregadores port\u00e1teis n\u00e3o somente fornecem uma maior comodidade e praticidade para o carregamento de seu iPhone como tamb\u00e9m oferece uma solu\u00e7\u00e3o mais saud\u00e1vel para a bateria.<\/p>\n<p>Diferente dos carregadores tradicionais, os carregadores sem fio possuem uma menor chance de explos\u00e3o, al\u00e9m de serem mais amig\u00e1veis as baterias de ions de l\u00edtio.<\/p>\n<p>Seu funcionamento \u00e9 simples. Basta plugar o conector do receptor na entrada (a mesma utilizada para realizar o carregamento via cabo) do celular e fixar a c\u00e9lula na parte traseira do aparelho. Agora, basta colocar o seu iPhone sobre uma base Wireless e pronto, j\u00e1 estar\u00e1 carregando.<\/p>\n<p>OBS 1. Necessita da base para carregar seu iPhone.<\/p>\n<p>Caracter\u00edsticas:<br \/>\nReceiving voltage(Voltagem de Entrada) : DC5V\/1A<br \/>\nCharging voltage Voltagem de carregamento): DC5V\/800mA<\/p>\n<p>Modelos: iPhone 7 \/ 7P \/ 6P \/ 6 \/ 6S \/ 5 \/ 5S \/ 5C \/ 5SE<\/p>\n","protected":false},"featured_media":14072,"template":"","meta":{"_joinchat":[]},"_links":{"self":[{"href":"https:\/\/mistersates-import.com.br\/loja\/wp-json\/wp\/v2\/product\/14071"}],"collection":[{"href":"https:\/\/mistersates-import.com.br\/loja\/wp-json\/wp\/v2\/product"}],"about":[{"href":"https:\/\/mistersates-import.com.br\/loja\/wp-json\/wp\/v2\/types\/product"}],"wp:featuredmedia":[{"embeddable":true,"href":"https:\/\/mistersates-import.com.br\/loja\/wp-json\/wp\/v2\/media\/14072"}],"wp:attachment":[{"href":"https:\/\/mistersates-import.com.br\/loja\/wp-json\/wp\/v2\/media?parent=14071"}],"curies":[{"name":"wp","href":"https:\/\/api.w.org\/{rel}","templated":true}]}}