{"id":14093,"date":"2021-07-10T01:07:43","date_gmt":"2021-07-10T04:07:43","guid":{"rendered":"https:\/\/mistersates-import.com.br\/loja\/?post_type=product&#038;p=14093"},"modified":"2025-04-16T12:41:47","modified_gmt":"2025-04-16T15:41:47","slug":"porta-moedas-para-balcao-modelo-perueiro","status":"publish","type":"product","link":"https:\/\/mistersates-import.com.br\/loja\/product\/porta-moedas-para-balcao-modelo-perueiro\/","title":{"rendered":"Porta Moedas Para Balc\u00e3o Modelo Perueiro"},"content":{"rendered":"<p>Porta Moedas Para Balc\u00e3o Modelo Perueiro Novo Oferta<\/p>\n<p>Porta moedas modelo perueiro \u00e9 a solu\u00e7\u00e3o ideal para organizar suas moedas, seja em transporte, mercearias, bares, lanchonetes e at\u00e9 mesmo na sua casa.<br \/>\nN\u00e3o deixe mas suas moedas espalhas por ai!!! Adquira o porta moedas j\u00e1!!!<br \/>\nMEDIDAS:<br \/>\nCOMPRIMENTO: 16cm<br \/>\nALTURA: 6,5cm<br \/>\nLARGURA: 3cm<br \/>\nCOR:<br \/>\nPRETO<br \/>\nMoedas de 0,01 &#8211; 0,05 &#8211; 0,10 &#8211; 0,25 &#8211; 0,50 &#8211; 1,00<\/p>\n","protected":false},"excerpt":{"rendered":"<p>Porta Moedas Para Balc\u00e3o Modelo Perueiro Novo Oferta<\/p>\n<p>Porta moedas modelo perueiro \u00e9 a solu\u00e7\u00e3o ideal para organizar suas moedas, seja em transporte, mercearias, bares, lanchonetes e at\u00e9 mesmo na sua casa.<br \/>\nN\u00e3o deixe mas suas moedas espalhas por ai!!! Adquira o porta moedas j\u00e1!!!<br \/>\nMEDIDAS:<br \/>\nCOMPRIMENTO: 16cm<br \/>\nALTURA: 6,5cm<br \/>\nLARGURA: 3cm<br \/>\nCOR:<br \/>\nPRETO<br \/>\nMoedas de 0,01 &#8211; 0,05 &#8211; 0,10 &#8211; 0,25 &#8211; 0,50 &#8211; 1,00<\/p>\n","protected":false},"featured_media":16460,"template":"","meta":{"_joinchat":[]},"_links":{"self":[{"href":"https:\/\/mistersates-import.com.br\/loja\/wp-json\/wp\/v2\/product\/14093"}],"collection":[{"href":"https:\/\/mistersates-import.com.br\/loja\/wp-json\/wp\/v2\/product"}],"about":[{"href":"https:\/\/mistersates-import.com.br\/loja\/wp-json\/wp\/v2\/types\/product"}],"wp:featuredmedia":[{"embeddable":true,"href":"https:\/\/mistersates-import.com.br\/loja\/wp-json\/wp\/v2\/media\/16460"}],"wp:attachment":[{"href":"https:\/\/mistersates-import.com.br\/loja\/wp-json\/wp\/v2\/media?parent=14093"}],"curies":[{"name":"wp","href":"https:\/\/api.w.org\/{rel}","templated":true}]}}