{"id":14098,"date":"2021-07-10T11:23:36","date_gmt":"2021-07-10T14:23:36","guid":{"rendered":"https:\/\/mistersates-import.com.br\/loja\/?post_type=product&#038;p=14098"},"modified":"2023-10-20T21:16:53","modified_gmt":"2023-10-21T00:16:53","slug":"kit-espaguete-tubo-termo-retratil-164-pcs-colorido","status":"publish","type":"product","link":"https:\/\/mistersates-import.com.br\/loja\/product\/kit-espaguete-tubo-termo-retratil-164-pcs-colorido\/","title":{"rendered":"Kit Espaguete Tubo Termo Retr\u00e1til 164 P\u00e7s Colorido"},"content":{"rendered":"<p>164 pcs Poliolefina Retardante de Chama Tubo Termo Encolh\u00edvel Isolado Encolh\u00edvel Envolt\u00f3rio Fio Kit Manga de Cabo<\/p>\n<p>Caracter\u00edsticas:<\/p>\n<p>Materiais ecol\u00f3gicos, degrad\u00e1veis.<br \/>\nExistem muitos estilos e modelos, e existem diferentes modelos para diferentes necessidades.<\/p>\n<p>Especifica\u00e7\u00f5es:<\/p>\n<p>Material: poliolefina<br \/>\nTaxa de encolhimento: 2: 1 (o encolhimento m\u00e1ximo pode chegar a 1\/2 do seu di\u00e2metro de alimenta\u00e7\u00e3o).<br \/>\nTemperatura de trabalho: -55 \u00b0 C ~ + 125 \u00b0 C<br \/>\nTemperatura m\u00ednima de contra\u00e7\u00e3o: + 70 \u00b0 C<br \/>\nTemperatura de encolhimento total: m\u00e1ximo + 110 \u00b0 C<br \/>\nResist\u00eancia \u00e0 tra\u00e7\u00e3o: 10,4 MPa<br \/>\nRigidez diel\u00e9trica: 15kV \/ mm<br \/>\nInflamabilidade: retardador de chama<\/p>\n<p>Especifica\u00e7\u00e3o:<\/p>\n<p>Quantidade Fornecida Di\u00e2metro interno Comprimento \u00danico<br \/>\n60 pcs 1.0mm 40mm (amarelo, preto, vermelho, verde)<br \/>\n30 pcs 2,0mm 40mm (amarelo, preto, vermelho, azul)<br \/>\n20 pcs 3.0mm 40mm (amarelo, preto, vermelho, verde)<br \/>\n16 pcs 4.0mm 40mm (amarelo, preto, vermelho, azul)<br \/>\n12 pcs 6.0mm 40mm (amarelo, preto, vermelho, verde)<br \/>\n10 pcs 8,0 mm 80 mm (amarelo, preto, vermelho, azul)<br \/>\n8 pcs 10,0mm 80mm (amarelo, preto, vermelho, verde)<br \/>\n8 pcs 14,0mm 80mm (amarelo, preto, vermelho, azul)<\/p>\n<p>Notas:<\/p>\n<p>1. Devido ao monitor diferente e ao efeito de luz, a cor real do item pode ser ligeiramente diferente da cor mostrada nas fotos. Obrigado!<br \/>\n2. Por favor, permita um ligeiro desvio de medi\u00e7\u00e3o devido \u00e0 medi\u00e7\u00e3o manual.<\/p>\n<p>Inclu\u00eddo:<\/p>\n<p>164 x Tubos termorretr\u00e1teis<\/p>\n","protected":false},"excerpt":{"rendered":"<p>164 pcs Poliolefina Retardante de Chama Tubo Termo Encolh\u00edvel Isolado Encolh\u00edvel Envolt\u00f3rio Fio Kit Manga de Cabo<\/p>\n<p>Caracter\u00edsticas:<\/p>\n<p>Materiais ecol\u00f3gicos, degrad\u00e1veis.<br \/>\nExistem muitos estilos e modelos, e existem diferentes modelos para diferentes necessidades.<\/p>\n","protected":false},"featured_media":14099,"template":"","meta":{"_joinchat":[]},"_links":{"self":[{"href":"https:\/\/mistersates-import.com.br\/loja\/wp-json\/wp\/v2\/product\/14098"}],"collection":[{"href":"https:\/\/mistersates-import.com.br\/loja\/wp-json\/wp\/v2\/product"}],"about":[{"href":"https:\/\/mistersates-import.com.br\/loja\/wp-json\/wp\/v2\/types\/product"}],"wp:featuredmedia":[{"embeddable":true,"href":"https:\/\/mistersates-import.com.br\/loja\/wp-json\/wp\/v2\/media\/14099"}],"wp:attachment":[{"href":"https:\/\/mistersates-import.com.br\/loja\/wp-json\/wp\/v2\/media?parent=14098"}],"curies":[{"name":"wp","href":"https:\/\/api.w.org\/{rel}","templated":true}]}}