{"id":14220,"date":"2021-07-10T23:27:13","date_gmt":"2021-07-11T02:27:13","guid":{"rendered":"https:\/\/mistersates-import.com.br\/loja\/?post_type=product&#038;p=14220"},"modified":"2024-04-13T07:44:43","modified_gmt":"2024-04-13T10:44:43","slug":"receptor-de-audio-transmissor-mini-estereo-bluetooth-aux-rca-usb-3-5mm","status":"publish","type":"product","link":"https:\/\/mistersates-import.com.br\/loja\/product\/receptor-de-audio-transmissor-mini-estereo-bluetooth-aux-rca-usb-3-5mm\/","title":{"rendered":"Receptor de \u00e1udio transmissor mini est\u00e9reo bluetooth aux rca usb 3.5mm"},"content":{"rendered":"<div style=\"width: 940px;\" class=\"wp-video\"><!--[if lt IE 9]><script>document.createElement('video');<\/script><![endif]-->\n<video class=\"wp-video-shortcode\" id=\"video-14220-1\" width=\"940\" height=\"529\" preload=\"metadata\" controls=\"controls\"><source type=\"video\/mp4\" src=\"https:\/\/mistersates-import.com.br\/loja\/wp-content\/uploads\/2021\/07\/MISTERSATES-IMPORT.mp4?_=1\" \/><a href=\"https:\/\/mistersates-import.com.br\/loja\/wp-content\/uploads\/2021\/07\/MISTERSATES-IMPORT.mp4\">https:\/\/mistersates-import.com.br\/loja\/wp-content\/uploads\/2021\/07\/MISTERSATES-IMPORT.mp4<\/a><\/video><\/div>\n<p>Como usar:<\/p>\n<p>1. ligar\/desligar energia<br \/>\nLigar: pressione e segure o bot\u00e3o ligar\/desligar por 5-7 segundos at\u00e9 ouvir um &#8220;pronto para conex\u00e3o ou um som&#8221;, ele ir\u00e1 ligar automaticamente o telefone que foi emparelhado.<br \/>\nDesligar: pressione e segure o bot\u00e3o de ligar\/desligar por 4-5 segundos at\u00e9 ouvir um &#8220;ser longo ou led vermelho&#8221;.<\/p>\n<p>2. conecte o receptor a seus alto-falantes<br \/>\nCom macho de 3.5mm ao conector de \u00e1udio masculino ou macho de 3.5mm ao cabo de \u00e1udio masculino para conectar os alto-falantes e o receptor (se nenhum som, certifique-se de que foi inserido completamente).<\/p>\n<p>Pacote Inclui:<\/p>\n<p>1 x tr6 bluetooth 5.0 receptor transmissor<br \/>\n1 x micro cabo de alimenta\u00e7\u00e3o usb<\/p>\n","protected":false},"excerpt":{"rendered":"<p>Bluetooth 5.0 receptor de \u00e1udio transmissor mini est\u00e9reo bluetooth aux rca usb 3.5mm jack para tv pc carro kit adaptador sem fio<br \/>\nAux 3.5mm jack receptor bluetooth carro adaptador sem fio handsfree chamada adaptador bluetooth transmissor receptor de m\u00fasica autom\u00e1tica<\/p>\n<p>Usb bluetooth 5.0 adaptador transmissor de \u00e1udio bluetooth receptor mini est\u00e9reo bluetooth dongle adaptador sem fio para computador port\u00e1til<\/p>\n<p>Caracter\u00edsticas:<br \/>\n1. no modo do transmissor, gire uma tev\u00ea n\u00e3o-bluetooth, computador, leitor de cd, para ipod, mp3\/mp4 no transmissor de bluetooth. Modo receptor: ideal para a casa ou o sistema de som de streaming de m\u00fasica do ve\u00edculo.<br \/>\n2. conecte simplesmente este receptor de \u00e1udio bluetooth \u00e0 sua entrada de linha ou auxiliar em seus alto-falantes, emparelhe-o ao seu dispositivo habilitado bluetooth, e aproveite a revolu\u00e7\u00e3o de m\u00fasica sem fio.<br \/>\n3. se voc\u00ea quer conveni\u00eancia bluetooth em seu carro, atrav\u00e9s de seu sistema de cinema em casa, em sua cozinha, banheiro, ou quarto, etc.<br \/>\n4. aptx codec de \u00e1udio para uma experi\u00eancia de som mais rica e mais profunda. Ou\u00e7a a qualidade de \u00e1udio tipo cd sem compromisso.<br \/>\n5. opera\u00e7\u00e3o simples, macho de 3.5mm ao conector de \u00e1udio masculino ou macho de 3.5mm ao cabo de \u00e1udio masculino para conectar os alto-falantes e o receptor.<br \/>\n6. poderoso bluetooth ic, compatibilidade mais forte.<br \/>\n7. alimentado por bateria li-ion recarreg\u00e1vel embutida atrav\u00e9s da mini porta usb, tempo de trabalho longo e baixo consumo. (Mini cabo usb inclu\u00eddo)<br \/>\n8. voc\u00ea pode reproduzir m\u00fasica atrav\u00e9s de seu carro e atender a chamada de telefone atrav\u00e9s do microfone embutido.<\/p>\n","protected":false},"featured_media":14221,"template":"","meta":{"_joinchat":[]},"_links":{"self":[{"href":"https:\/\/mistersates-import.com.br\/loja\/wp-json\/wp\/v2\/product\/14220"}],"collection":[{"href":"https:\/\/mistersates-import.com.br\/loja\/wp-json\/wp\/v2\/product"}],"about":[{"href":"https:\/\/mistersates-import.com.br\/loja\/wp-json\/wp\/v2\/types\/product"}],"wp:featuredmedia":[{"embeddable":true,"href":"https:\/\/mistersates-import.com.br\/loja\/wp-json\/wp\/v2\/media\/14221"}],"wp:attachment":[{"href":"https:\/\/mistersates-import.com.br\/loja\/wp-json\/wp\/v2\/media?parent=14220"}],"curies":[{"name":"wp","href":"https:\/\/api.w.org\/{rel}","templated":true}]}}