{"id":14240,"date":"2021-07-11T00:09:14","date_gmt":"2021-07-11T03:09:14","guid":{"rendered":"https:\/\/mistersates-import.com.br\/loja\/?post_type=product&#038;p=14240"},"modified":"2024-03-15T18:25:56","modified_gmt":"2024-03-15T21:25:56","slug":"carregador-suporte-veicular-3-usb-3-1a-smartphone-5-5-knup-kp-s114","status":"publish","type":"product","link":"https:\/\/mistersates-import.com.br\/loja\/product\/carregador-suporte-veicular-3-usb-3-1a-smartphone-5-5-knup-kp-s114\/","title":{"rendered":"Carregador Suporte Veicular 3 Usb 3.1a Smartphone 5.5 knup kp-s114"},"content":{"rendered":"<p>Carregador com design inovador com porta objetos, comporta celulares de at\u00e9 5.5 polegadas. Possui 3 portas USB com carregamento r\u00e1pido fornecendo 3.1A.<\/p>\n<p>Caracter\u00edsticas<br \/>\n\u2022 Design exclusivo! Carregador automotivo em formato copo, compat\u00edvel com compartimentos porta-copo, dispon\u00edvel na grande maioria de marcas e modelos de ve\u00edculos.<br \/>\n\u2022 Fabricado em pl\u00e1stico ABS de alta qualidade, resistente a impactos e altas temperaturas, como quando deixado dentro do carro exposto ao sol. Tamb\u00e9m resistente a baixas temperaturas enquanto utilizado o ar-condicionado.<br \/>\n\u2022 O carregador \u00e9 microprocessado e possui chip inteligente integrado, prote\u00e7\u00e3o contra sobrecorrente, sobrecarga e prote\u00e7\u00e3o contra curto-circuito. Sistema de desligamento autom\u00e1tico ap\u00f3s a carga completa, fornecendo maior prote\u00e7\u00e3o para o dispositivo conectado.<br \/>\n\u2022 Com 3 portas USB de 3.1A, possibilita recarregar os dispositivos de forma r\u00e1pida e inteligente.<\/p>\n<p>Especifica\u00e7\u00f5es<\/p>\n<p>\u2022 Alimenta\u00e7\u00e3o: 12 ~24Vdc<br \/>\n\u2022 Quantidade de portas USB: 3<br \/>\n\u2022 Tens\u00e3o de sa\u00edda: 5Vdc<br \/>\n\u2022 Corrente de sa\u00edda: 3,1A (M\u00e1x)<br \/>\n\u2022 Comprimento do cabo: 50 cm<br \/>\n\u2022 Dimens\u00f5es: 83 x 73 x 100 mm (L x C x A)<\/p>\n","protected":false},"excerpt":{"rendered":"<p>Carregador com design inovador com porta objetos, comporta celulares de at\u00e9 5.5 polegadas. Possui 3 portas USB com carregamento r\u00e1pido fornecendo 3.1A.<\/p>\n<p>Caracter\u00edsticas<br \/>\n\u2022 Design exclusivo! Carregador automotivo em formato copo, compat\u00edvel com compartimentos porta-copo, dispon\u00edvel na grande maioria de marcas e modelos de ve\u00edculos.<br \/>\n\u2022 Fabricado em pl\u00e1stico ABS de alta qualidade, resistente a impactos e altas temperaturas, como quando deixado dentro do carro exposto ao sol. Tamb\u00e9m resistente a baixas temperaturas enquanto utilizado o ar-condicionado.<br \/>\n\u2022 O carregador \u00e9 microprocessado e possui chip inteligente integrado, prote\u00e7\u00e3o contra sobrecorrente, sobrecarga e prote\u00e7\u00e3o contra curto-circuito. Sistema de desligamento autom\u00e1tico ap\u00f3s a carga completa, fornecendo maior prote\u00e7\u00e3o para o dispositivo conectado.<br \/>\n\u2022 Com 3 portas USB de 3.1A, possibilita recarregar os dispositivos de forma r\u00e1pida e inteligente.<\/p>\n<p>Especifica\u00e7\u00f5es<\/p>\n<p>\u2022 Alimenta\u00e7\u00e3o: 12 ~24Vdc<br \/>\n\u2022 Quantidade de portas USB: 3<br \/>\n\u2022 Tens\u00e3o de sa\u00edda: 5Vdc<br \/>\n\u2022 Corrente de sa\u00edda: 3,1A (M\u00e1x)<br \/>\n\u2022 Comprimento do cabo: 50 cm<br \/>\n\u2022 Dimens\u00f5es: 83 x 73 x 100 mm (L x C x A)<\/p>\n","protected":false},"featured_media":14241,"template":"","meta":{"_joinchat":[]},"_links":{"self":[{"href":"https:\/\/mistersates-import.com.br\/loja\/wp-json\/wp\/v2\/product\/14240"}],"collection":[{"href":"https:\/\/mistersates-import.com.br\/loja\/wp-json\/wp\/v2\/product"}],"about":[{"href":"https:\/\/mistersates-import.com.br\/loja\/wp-json\/wp\/v2\/types\/product"}],"wp:featuredmedia":[{"embeddable":true,"href":"https:\/\/mistersates-import.com.br\/loja\/wp-json\/wp\/v2\/media\/14241"}],"wp:attachment":[{"href":"https:\/\/mistersates-import.com.br\/loja\/wp-json\/wp\/v2\/media?parent=14240"}],"curies":[{"name":"wp","href":"https:\/\/api.w.org\/{rel}","templated":true}]}}