{"id":14308,"date":"2021-07-11T20:12:10","date_gmt":"2021-07-11T23:12:10","guid":{"rendered":"https:\/\/mistersates-import.com.br\/loja\/?post_type=product&#038;p=14308"},"modified":"2025-08-14T11:20:55","modified_gmt":"2025-08-14T14:20:55","slug":"kit-com-3-pelicular-protetoras-da-gopro-hero-9","status":"publish","type":"product","link":"https:\/\/mistersates-import.com.br\/loja\/product\/kit-com-3-pelicular-protetoras-da-gopro-hero-9\/","title":{"rendered":"Kit com 3 Peliculas Protetoras da Gopro Hero 9"},"content":{"rendered":"<p>Condi\u00e7\u00e3o: 100% Novo.<\/p>\n<p>Proteja sua lente da c\u00e2mera contra quebras, poeira e arranh\u00f5es<\/p>\n<p>Oferece superf\u00edcie resistente, dur\u00e1vel, transparente ao manter a tela limpa e sem arranh\u00f5es<\/p>\n<p>O filme de HD, atribui lisamente com superf\u00edcie auto-aderente, sensibilidade alta do toque<\/p>\n<p>Compat\u00edvel com:<\/p>\n<p>Para gopro hero 9 preto<\/p>\n<p>O pacote inclui:<\/p>\n<p>3 *Vidro Protetor de tela<br \/>\ntoalhetes secos e molhados<\/p>\n","protected":false},"excerpt":{"rendered":"<p>Condi\u00e7\u00e3o: 100% Novo.<\/p>\n<p>Proteja sua lente da c\u00e2mera contra quebras, poeira e arranh\u00f5es<\/p>\n<p>Oferece superf\u00edcie resistente, dur\u00e1vel, transparente ao manter a tela limpa e sem arranh\u00f5es<\/p>\n<p>O filme de HD, atribui lisamente com superf\u00edcie auto-aderente, sensibilidade alta do toque<\/p>\n<p>Compat\u00edvel com:<\/p>\n<p>Para gopro hero 9 preto<\/p>\n<p>O pacote inclui:<\/p>\n<p>3 *Vidro Protetor de tela<br \/>\ntoalhetes secos e molhados<\/p>\n","protected":false},"featured_media":14309,"template":"","meta":{"_joinchat":[]},"_links":{"self":[{"href":"https:\/\/mistersates-import.com.br\/loja\/wp-json\/wp\/v2\/product\/14308"}],"collection":[{"href":"https:\/\/mistersates-import.com.br\/loja\/wp-json\/wp\/v2\/product"}],"about":[{"href":"https:\/\/mistersates-import.com.br\/loja\/wp-json\/wp\/v2\/types\/product"}],"wp:featuredmedia":[{"embeddable":true,"href":"https:\/\/mistersates-import.com.br\/loja\/wp-json\/wp\/v2\/media\/14309"}],"wp:attachment":[{"href":"https:\/\/mistersates-import.com.br\/loja\/wp-json\/wp\/v2\/media?parent=14308"}],"curies":[{"name":"wp","href":"https:\/\/api.w.org\/{rel}","templated":true}]}}