{"id":14381,"date":"2021-07-11T22:30:51","date_gmt":"2021-07-12T01:30:51","guid":{"rendered":"https:\/\/mistersates-import.com.br\/loja\/?post_type=product&#038;p=14381"},"modified":"2025-08-28T04:18:37","modified_gmt":"2025-08-28T07:18:37","slug":"cabo-adaptador-de-audio-carregador-fone-de-ouvido-2-em-1-para-iphone","status":"publish","type":"product","link":"https:\/\/mistersates-import.com.br\/loja\/product\/cabo-adaptador-de-audio-carregador-fone-de-ouvido-2-em-1-para-iphone\/","title":{"rendered":"Cabo Adaptador de \u00c1udio  Carregador  Fone de Ouvido 2 em 1 para iPhone"},"content":{"rendered":"<p>Material: fio TPE, alta qualidade e dur\u00e1vel, concha tamanho da moeda, delicado e f\u00e1cil de transportar Terno para iPhone 7\/7 Plus\/8\/8 Plus\/XR\/XS\/XSMax Music, Carregamento 1.5A, chamada para suporte remoto para fun\u00e7\u00e3o de controle de m\u00fasica original da Apple. Tempo de reconhecimento do fone de ouvido 3 segundos<br \/>\nEspecifica\u00e7\u00f5es:<\/p>\n<p>Corrente de sa\u00edda: 1.5A Resposta de frequ\u00eancia: 20Hz-20kHz Rela\u00e7\u00e3o de sinal para ru\u00eddo: THD+N: -80dB Pot\u00eancia de sa\u00edda: 2x35mW @32 Meterial: liga de alum\u00ednio\/pl\u00e1stico Tamanho: 250* 130* 10mm Cor: branco Pacote inclu\u00eddo: 1* Adaptador de \u00e1udio carregamento do cabo do fone de ouvido Notas: 1. Devido ao diferen\u00e7a entre monitores diferentes, a imagem pode n\u00e3o refletir a cor real do item.<\/p>\n<p>Garantimos que o estilo \u00e9 o mesmo que mostrado nas imagens.<\/p>\n<p>Devido \u00e0 medi\u00e7\u00e3o manual e diferentes m\u00e9todos de medi\u00e7\u00e3o, permita um desvio de 1 a 3 cm.<\/p>\n","protected":false},"excerpt":{"rendered":"<p>Material: fio TPE, alta qualidade e dur\u00e1vel, concha tamanho da moeda, delicado e f\u00e1cil de transportar Terno para iPhone 7\/7 Plus\/8\/8 Plus\/XR\/XS\/XSMax Music, Carregamento 1.5A, chamada para suporte remoto para fun\u00e7\u00e3o de controle de m\u00fasica original da Apple. Tempo de reconhecimento do fone de ouvido 3 segundos<br \/>\nEspecifica\u00e7\u00f5es:<\/p>\n<p>Corrente de sa\u00edda: 1.5A Resposta de frequ\u00eancia: 20Hz-20kHz Rela\u00e7\u00e3o de sinal para ru\u00eddo: THD+N: -80dB Pot\u00eancia de sa\u00edda: 2x35mW @32 Meterial: liga de alum\u00ednio\/pl\u00e1stico Tamanho: 250* 130* 10mm Cor: branco Pacote inclu\u00eddo: 1* Adaptador de \u00e1udio carregamento do cabo do fone de ouvido Notas: 1. Devido ao diferen\u00e7a entre monitores diferentes, a imagem pode n\u00e3o refletir a cor real do item.<\/p>\n<p>Garantimos que o estilo \u00e9 o mesmo que mostrado nas imagens.<\/p>\n<p>Devido \u00e0 medi\u00e7\u00e3o manual e diferentes m\u00e9todos de medi\u00e7\u00e3o, permita um desvio de 1 a 3 cm.<\/p>\n","protected":false},"featured_media":15885,"template":"","meta":{"_joinchat":[]},"_links":{"self":[{"href":"https:\/\/mistersates-import.com.br\/loja\/wp-json\/wp\/v2\/product\/14381"}],"collection":[{"href":"https:\/\/mistersates-import.com.br\/loja\/wp-json\/wp\/v2\/product"}],"about":[{"href":"https:\/\/mistersates-import.com.br\/loja\/wp-json\/wp\/v2\/types\/product"}],"wp:featuredmedia":[{"embeddable":true,"href":"https:\/\/mistersates-import.com.br\/loja\/wp-json\/wp\/v2\/media\/15885"}],"wp:attachment":[{"href":"https:\/\/mistersates-import.com.br\/loja\/wp-json\/wp\/v2\/media?parent=14381"}],"curies":[{"name":"wp","href":"https:\/\/api.w.org\/{rel}","templated":true}]}}