{"id":14392,"date":"2021-07-11T22:54:54","date_gmt":"2021-07-12T01:54:54","guid":{"rendered":"https:\/\/mistersates-import.com.br\/loja\/?post_type=product&#038;p=14392"},"modified":"2025-10-16T20:30:58","modified_gmt":"2025-10-16T23:30:58","slug":"cabo-adaptador-y-celular-fone-p3-femea-2-p2-macho-pc-xbox-22-cm","status":"publish","type":"product","link":"https:\/\/mistersates-import.com.br\/loja\/product\/cabo-adaptador-y-celular-fone-p3-femea-2-p2-macho-pc-xbox-22-cm\/","title":{"rendered":"Cabo Adaptador Y Celular Fone P3 F\u00eamea &#8211; 2 P2 Macho Pc Xbox 22 cm"},"content":{"rendered":"<p>Caracter\u00edsticas:<\/p>\n<p>100% novo de alta qualidade<br \/>\nNome: 3.5 f\u00eamea para 2 fia\u00e7\u00e3o de 3.5 rpm (plugue do microfone, plugue do microfone)<br \/>\nFun\u00e7\u00e3o: transfer\u00eancia de \u00e1udio<br \/>\nCor: vermelho<br \/>\nComprimento: 22cm<br \/>\nUse: conecte o plugue de \u00e1udio e microfone em uma extremidade do cabo de remendo ao conector correspondente no computador. A outra extremidade do macaco pode ser conectada ao fone de ouvido do telefone ou ao fone de ouvido com um microfone. Ele pode alcan\u00e7ar o efeito que o fone de ouvido pode tanto ouvir e falar no computador. Resolvido o problema de que voc\u00ea n\u00e3o pode usar diretamente os fones de ouvido para falar no computador!<\/p>\n<p>M\u00e1quina: todos os computadores com placas de som, incluindo desktops e cadernos, podem ser usados.<\/p>\n<p>Vantagens: 100% de qualidade de som sem perdas. O design duplo da tomada do \u00e1udio 3.5mm \u00e9 perfeitamente compat\u00edvel com o equipamento audio. O design compacto e port\u00e1til original permite que voc\u00ea aproveite sua voz a qualquer momento. Esta linha \u00e9 usada para fones de ouvido do telefone m\u00f3vel com trigo, (sony, blackberry, htc, lg, huawei, xiaomi, samsung, 3.5 fones de ouvido) e outras s\u00e9ries de fones de ouvido com transfer\u00eancia de trigo no computador.<\/p>\n<p>Padr\u00f5es ctia: samsung, apple, sony, xiaomi, moto, meizu (parcial) s\u00e9rie nokia lumia s\u00e9rie wp7 pode ouvir m\u00fasicas no computador s\u00e3o todos os padr\u00f5es ctia<\/p>\n<p>Pacotes:<br \/>\n1&#215;3.5mm macho de \u00e1udio est\u00e9reo para 2 f\u00eamea fone de ouvido\/microfone y divisor cabo<\/p>\n","protected":false},"excerpt":{"rendered":"<p>Caracter\u00edsticas:<\/p>\n<p>100% novo de alta qualidade<br \/>\nNome: 3.5 f\u00eamea para 2 fia\u00e7\u00e3o de 3.5 rpm (plugue do microfone, plugue do microfone)<br \/>\nFun\u00e7\u00e3o: transfer\u00eancia de \u00e1udio<br \/>\nCor: vermelho<br \/>\nComprimento: 22cm<br \/>\nUse: conecte o plugue de \u00e1udio e microfone em uma extremidade do cabo de remendo ao conector correspondente no computador. A outra extremidade do macaco pode ser conectada ao fone de ouvido do telefone ou ao fone de ouvido com um microfone. Ele pode alcan\u00e7ar o efeito que o fone de ouvido pode tanto ouvir e falar no computador. Resolvido o problema de que voc\u00ea n\u00e3o pode usar diretamente os fones de ouvido para falar no computador!<\/p>\n<p>M\u00e1quina: todos os computadores com placas de som, incluindo desktops e cadernos, podem ser usados.<\/p>\n<p>Vantagens: 100% de qualidade de som sem perdas. O design duplo da tomada do \u00e1udio 3.5mm \u00e9 perfeitamente compat\u00edvel com o equipamento audio. O design compacto e port\u00e1til original permite que voc\u00ea aproveite sua voz a qualquer momento. Esta linha \u00e9 usada para fones de ouvido do telefone m\u00f3vel com trigo, (sony, blackberry, htc, lg, huawei, xiaomi, samsung, 3.5 fones de ouvido) e outras s\u00e9ries de fones de ouvido com transfer\u00eancia de trigo no computador.<\/p>\n<p>Padr\u00f5es ctia: samsung, apple, sony, xiaomi, moto, meizu (parcial) s\u00e9rie nokia lumia s\u00e9rie wp7 pode ouvir m\u00fasicas no computador s\u00e3o todos os padr\u00f5es ctia<\/p>\n<p>Pacotes:<br \/>\n1&#215;3.5mm macho de \u00e1udio est\u00e9reo para 2 f\u00eamea fone de ouvido\/microfone y divisor cabo<\/p>\n","protected":false},"featured_media":15912,"template":"","meta":{"_joinchat":[]},"_links":{"self":[{"href":"https:\/\/mistersates-import.com.br\/loja\/wp-json\/wp\/v2\/product\/14392"}],"collection":[{"href":"https:\/\/mistersates-import.com.br\/loja\/wp-json\/wp\/v2\/product"}],"about":[{"href":"https:\/\/mistersates-import.com.br\/loja\/wp-json\/wp\/v2\/types\/product"}],"wp:featuredmedia":[{"embeddable":true,"href":"https:\/\/mistersates-import.com.br\/loja\/wp-json\/wp\/v2\/media\/15912"}],"wp:attachment":[{"href":"https:\/\/mistersates-import.com.br\/loja\/wp-json\/wp\/v2\/media?parent=14392"}],"curies":[{"name":"wp","href":"https:\/\/api.w.org\/{rel}","templated":true}]}}