{"id":14676,"date":"2021-07-17T11:15:09","date_gmt":"2021-07-17T14:15:09","guid":{"rendered":"https:\/\/mistersates-import.com.br\/loja\/?post_type=product&#038;p=14676"},"modified":"2022-12-16T12:11:41","modified_gmt":"2022-12-16T15:11:41","slug":"fone-de-ouvido-inova-bluetooth-fon-2247d-sem-fio-estereo","status":"publish","type":"product","link":"https:\/\/mistersates-import.com.br\/loja\/product\/fone-de-ouvido-inova-bluetooth-fon-2247d-sem-fio-estereo\/","title":{"rendered":"Fone de Ouvido Inova Bluetooth FON-2247D Sem fio Estereo"},"content":{"rendered":"<p>Fone de Ouvido Est\u00e9reo Bluetooth Inova FON-2247D<\/p>\n<p>Fone De Ouvido Bluetooth S\/ Fio Inova.<br \/>\nDesfrute da sua m\u00fasica com toda liberdade e conforto. Protetores de ouvido de pele de cordeiro, macias e com preenchimento em espuma.<\/p>\n<p>CARACTER\u00cdSTICAS:<br \/>\n&#8211; Apar\u00eancia original: simples, elegante, estilosa, ornamento de metal<br \/>\n&#8211; Tecnologia inovadora, sem fio 5.0, garantia de alta qualidade<br \/>\n&#8211; Design ergon\u00f4mico e confort\u00e1vel<br \/>\n&#8211; Som perfeito, som puro<br \/>\n&#8211; Baixa energia: modo de alimenta\u00e7\u00e3o inteligente com at\u00e9 14 horas de reprodu\u00e7\u00e3o cont\u00ednua<\/p>\n<p>ESPECIFICA\u00c7\u00d5ES:<br \/>\n&#8211; Alto-falante de 40 mm de di\u00e2metro<br \/>\n&#8211; \u00cdm\u00e3 de ferrite<br \/>\n&#8211; Faixa de frequ\u00eancia de 20 &#8211; 20000 Hz<br \/>\n&#8211; Imped\u00e2ncia de 32 \u00f4mega<br \/>\n&#8211; Entrada de alimenta\u00e7\u00e3o m\u00e1xima de 100 mW<br \/>\n&#8211; Cabo tipo OFC<br \/>\n&#8211; Comprimento do cabo de 1,2 m<br \/>\n&#8211; Plug do tipo ouro de 3,5 mm<\/p>\n","protected":false},"excerpt":{"rendered":"<p>Fone de Ouvido Est\u00e9reo Bluetooth Inova FON-2247D<\/p>\n<p>Fone De Ouvido Bluetooth S\/ Fio Inova.<br \/>\nDesfrute da sua m\u00fasica com toda liberdade e conforto. Protetores de ouvido de pele de cordeiro, macias e com preenchimento em espuma.<\/p>\n<p>CARACTER\u00cdSTICAS:<br \/>\n&#8211; Apar\u00eancia original: simples, elegante, estilosa, ornamento de metal<br \/>\n&#8211; Tecnologia inovadora, sem fio 5.0, garantia de alta qualidade<br \/>\n&#8211; Design ergon\u00f4mico e confort\u00e1vel<br \/>\n&#8211; Som perfeito, som puro<br \/>\n&#8211; Baixa energia: modo de alimenta\u00e7\u00e3o inteligente com at\u00e9 14 horas de reprodu\u00e7\u00e3o cont\u00ednua<\/p>\n<p>ESPECIFICA\u00c7\u00d5ES:<br \/>\n&#8211; Alto-falante de 40 mm de di\u00e2metro<br \/>\n&#8211; \u00cdm\u00e3 de ferrite<br \/>\n&#8211; Faixa de frequ\u00eancia de 20 &#8211; 20000 Hz<br \/>\n&#8211; Imped\u00e2ncia de 32 \u00f4mega<br \/>\n&#8211; Entrada de alimenta\u00e7\u00e3o m\u00e1xima de 100 mW<br \/>\n&#8211; Cabo tipo OFC<br \/>\n&#8211; Comprimento do cabo de 1,2 m<br \/>\n&#8211; Plug do tipo ouro de 3,5 mm<\/p>\n","protected":false},"featured_media":14677,"template":"","meta":{"_joinchat":[]},"_links":{"self":[{"href":"https:\/\/mistersates-import.com.br\/loja\/wp-json\/wp\/v2\/product\/14676"}],"collection":[{"href":"https:\/\/mistersates-import.com.br\/loja\/wp-json\/wp\/v2\/product"}],"about":[{"href":"https:\/\/mistersates-import.com.br\/loja\/wp-json\/wp\/v2\/types\/product"}],"wp:featuredmedia":[{"embeddable":true,"href":"https:\/\/mistersates-import.com.br\/loja\/wp-json\/wp\/v2\/media\/14677"}],"wp:attachment":[{"href":"https:\/\/mistersates-import.com.br\/loja\/wp-json\/wp\/v2\/media?parent=14676"}],"curies":[{"name":"wp","href":"https:\/\/api.w.org\/{rel}","templated":true}]}}