{"id":14820,"date":"2021-07-29T12:47:55","date_gmt":"2021-07-29T15:47:55","guid":{"rendered":"https:\/\/mistersates-import.com.br\/loja\/?post_type=product&#038;p=14820"},"modified":"2026-01-28T11:24:11","modified_gmt":"2026-01-28T14:24:11","slug":"extensao-eletrica-15m-com-fusivel-4-entradas-tomada-bivolt","status":"publish","type":"product","link":"https:\/\/mistersates-import.com.br\/loja\/product\/extensao-eletrica-15m-com-fusivel-4-entradas-tomada-bivolt\/","title":{"rendered":"Extens\u00e3o El\u00e9trica 85cm Com Fus\u00edvel 5 Saidas Tomada Bivolt"},"content":{"rendered":"<p>Descri\u00e7\u00e3o:<\/p>\n<p>R\u00e9gua Com 5 Tomadas Pl\u00e1stica<\/p>\n<p>\u2022Modelo: 5 tomadas;<br \/>\n\u2022Cabo de entrada: 0,85 CM, certificado pelo INMETRO;<br \/>\n\u2022Pot\u00eancia m\u00e1x. do circuito: 900W em 127V e 1780W em 220V;<br \/>\n\u2022Tipo de tomada: 10A &#8211; Tripolar (2P + T);<br \/>\n\u2022Tens\u00e3o: Bivolt 127V \/ 220V;<br \/>\n\u2022Frequ\u00eancia: 50Hz \/ 60Hz;<br \/>\n\u2022Acabamento: Gabinete pl\u00e1stico e tomadas na cor preta;<br \/>\n\u2022Chave liga \/ desliga e LED indicador de funcionamento;<br \/>\n\u2022Porta fus\u00edvel externo<br \/>\n\u2022Fus\u00edvel reserva incluso<br \/>\n\u2022Dimens\u00e3o: 23 x 6 x 3,5 cm ( Comprimento x Largura x Altura)<\/p>\n<p>&#8212;&#8212;&#8212;&#8212;&#8212;&#8212;&#8212;&#8212;&#8212;&#8212;&#8212;&#8212;&#8212;&#8212;&#8212;&#8212;&#8212;&#8212;&#8212;&#8212;&#8212;&#8212;&#8211;<\/p>\n<p>\u2022Filtros de linha de produ\u00e7\u00e3o nacional<br \/>\n\u2022Desenvolvido para proteger contra sobretens\u00e3o e facilitar a liga\u00e7\u00e3o de v\u00e1rios aparelhos em uma s\u00f3 tomada<br \/>\n\u2022Produzidos em gabinetes pl\u00e1sticos com v\u00e1rias op\u00e7\u00f5es de quantidade de tomadas e prote\u00e7\u00e3o contra sobrecorrente.<br \/>\n\u2022Acompanham chave liga-desliga, LED indicador de funcionamento, fus\u00edvel com suporte para f\u00e1cil troca (caso necess\u00e1rio) e<br \/>\n\u2022 Suporte para fixa\u00e7\u00e3o.<br \/>\n\u2022 Ideal para computadores, TVs, video games, DVDs, notebook, carregadores de celular, monitores.<br \/>\n\u2022 Proibido utilizar para ligar: chapinha de cabelo, secador, torradeira, micro-ondas, airfryer, sanduicheira, forno el\u00e9trico, geladeira e afins.<\/p>\n<p>&#8212;&#8212;&#8212;&#8212;&#8212;&#8212;&#8212;&#8212;&#8212;&#8212;&#8212;&#8212;&#8212;&#8212;&#8212;&#8212;&#8212;&#8212;&#8212;&#8212;&#8212;&#8212;&#8211;<\/p>\n<p>Itens Inclusos: 1 filtro de linha com corpo pl\u00e1stico (ABS) com 5 tomadas<\/p>\n","protected":false},"excerpt":{"rendered":"<p>MARCA: LUATEK<br \/>\nMODELO: SL-7604<\/p>\n<p>Extens\u00e3o para conex\u00e3o de at\u00e9 4 tomadas simultaneamente utilizando apenas uma tomada.<br \/>\nElaborado de acordo com o novo Padr\u00e3o Brasileiro de tomadas NBR-14136 (2P+T)<br \/>\nDesenvolvido para uso dom\u00e9stico em geral.<\/p>\n<p>&#8220;N\u00e3o \u00c9 Um Estabilizador De Voltagem&#8221;<\/p>\n<p>DESCRI\u00c7\u00c3O:<br \/>\n&#8211; 4 tomadas<br \/>\n&#8211; Chave ON\/OFF<br \/>\n&#8211; Fus\u00edvel de Prote\u00e7\u00e3o<br \/>\n&#8211; Corrente m\u00e1xima: 10A<br \/>\n&#8211; Tens\u00e3o: 127\/220Vac<br \/>\n&#8211; Comprimento do cabo: 1.50 metros<br \/>\n&#8211; Fabricado em material antichamas. Evita a propaga\u00e7\u00e3o de inc\u00eandio, aumentando a seguran\u00e7a do ambiente.<\/p>\n","protected":false},"featured_media":15223,"template":"","meta":{"_joinchat":[]},"_links":{"self":[{"href":"https:\/\/mistersates-import.com.br\/loja\/wp-json\/wp\/v2\/product\/14820"}],"collection":[{"href":"https:\/\/mistersates-import.com.br\/loja\/wp-json\/wp\/v2\/product"}],"about":[{"href":"https:\/\/mistersates-import.com.br\/loja\/wp-json\/wp\/v2\/types\/product"}],"wp:featuredmedia":[{"embeddable":true,"href":"https:\/\/mistersates-import.com.br\/loja\/wp-json\/wp\/v2\/media\/15223"}],"wp:attachment":[{"href":"https:\/\/mistersates-import.com.br\/loja\/wp-json\/wp\/v2\/media?parent=14820"}],"curies":[{"name":"wp","href":"https:\/\/api.w.org\/{rel}","templated":true}]}}