{"id":15052,"date":"2022-03-21T18:48:47","date_gmt":"2022-03-21T21:48:47","guid":{"rendered":"https:\/\/mistersates-import.com.br\/loja\/?post_type=product&#038;p=15052"},"modified":"2024-07-27T08:21:20","modified_gmt":"2024-07-27T11:21:20","slug":"50-pcs-gestao-organizador-cabos-cintas-fixacao-suporte-do-fio","status":"publish","type":"product","link":"https:\/\/mistersates-import.com.br\/loja\/product\/50-pcs-gestao-organizador-cabos-cintas-fixacao-suporte-do-fio\/","title":{"rendered":"50 PCS Gest\u00e3o Organizador Cabos Cintas Fixa\u00e7\u00e3o Suporte Do Fio"},"content":{"rendered":"<p>DESCRI\u00c7\u00c3O:<\/p>\n<p>(MATERIALS E SIZE) &#8211; O organizador de cabos Feitos de material de Microfibra com hook &amp; loop anexos; estes la\u00e7os de cabo wraps s\u00e3o reutiliz\u00e1veis e dur\u00e1vel.<br \/>\nO tamanho do Fio Organizador \u00e9 7 polegadas de comprimento 17,75 CM e 0.7 cent\u00edmetros de largura.<\/p>\n<p>(FLEXIBILITY &amp; VERSATILIT) &#8211; V\u00e1rios abra\u00e7adeiras podem ser ligados em conjunto para formar um cabo mais longo la\u00e7os.<br \/>\nEstes fios organizador s\u00e3o dur\u00e1veis e flex\u00edveis o suficiente para amarrar todos os seus cabos ou fios de forma segura.<\/p>\n<p>(EASY PARA USE) &#8211; Organiza\u00e7\u00e3o de cabos pode ser mais f\u00e1cil. Voc\u00ea n\u00e3o precisa cortar.<br \/>\nO cabo organizador envolt\u00f3rio abre e fecha facilmente e rapidamente assim que voc\u00ea pode adicionar ou remover os cabos ou fios.<\/p>\n<p>(GREAT PURPOSE) &#8211; Este la\u00e7os de cabo pode ser usado para amarrar cabos das colunas, cabos de guitarra, cabos de TV, telefone inteligente MICROFONE,<br \/>\ncabos ou fios cabo de computador etc. a gest\u00e3o organizador fio todos os tipos de cabos bem organizado e arrumado no lugar e \u00e9 reutiliz\u00e1vel e f\u00e1cil para fazer marcas<\/p>\n","protected":false},"excerpt":{"rendered":"<p>DESCRI\u00c7\u00c3O:<\/p>\n<p>(MATERIALS E SIZE) &#8211; O organizador de cabos Feitos de material de Microfibra com hook &amp; loop anexos; estes la\u00e7os de cabo wraps s\u00e3o reutiliz\u00e1veis e dur\u00e1vel.<br \/>\nO tamanho do Fio Organizador \u00e9 7 polegadas de comprimento 17,75 CM e 0.7 cent\u00edmetros de largura.<\/p>\n<p>(FLEXIBILITY &amp; VERSATILIT) &#8211; V\u00e1rios abra\u00e7adeiras podem ser ligados em conjunto para formar um cabo mais longo la\u00e7os.<br \/>\nEstes fios organizador s\u00e3o dur\u00e1veis e flex\u00edveis o suficiente para amarrar todos os seus cabos ou fios de forma segura.<\/p>\n<p>(EASY PARA USE) &#8211; Organiza\u00e7\u00e3o de cabos pode ser mais f\u00e1cil. Voc\u00ea n\u00e3o precisa cortar.<br \/>\nO cabo organizador envolt\u00f3rio abre e fecha facilmente e rapidamente assim que voc\u00ea pode adicionar ou remover os cabos ou fios.<\/p>\n<p>(GREAT PURPOSE) &#8211; Este la\u00e7os de cabo pode ser usado para amarrar cabos das colunas, cabos de guitarra, cabos de TV, telefone inteligente MICROFONE,<br \/>\ncabos ou fios cabo de computador etc. a gest\u00e3o organizador fio todos os tipos de cabos bem organizado e arrumado no lugar e \u00e9 reutiliz\u00e1vel e f\u00e1cil para fazer marcas<\/p>\n","protected":false},"featured_media":15624,"template":"","meta":{"_joinchat":[]},"_links":{"self":[{"href":"https:\/\/mistersates-import.com.br\/loja\/wp-json\/wp\/v2\/product\/15052"}],"collection":[{"href":"https:\/\/mistersates-import.com.br\/loja\/wp-json\/wp\/v2\/product"}],"about":[{"href":"https:\/\/mistersates-import.com.br\/loja\/wp-json\/wp\/v2\/types\/product"}],"wp:featuredmedia":[{"embeddable":true,"href":"https:\/\/mistersates-import.com.br\/loja\/wp-json\/wp\/v2\/media\/15624"}],"wp:attachment":[{"href":"https:\/\/mistersates-import.com.br\/loja\/wp-json\/wp\/v2\/media?parent=15052"}],"curies":[{"name":"wp","href":"https:\/\/api.w.org\/{rel}","templated":true}]}}