{"id":15098,"date":"2022-05-30T10:04:19","date_gmt":"2022-05-30T13:04:19","guid":{"rendered":"https:\/\/mistersates-import.com.br\/loja\/?post_type=product&#038;p=15098"},"modified":"2023-03-07T10:30:09","modified_gmt":"2023-03-07T13:30:09","slug":"rede-de-pesca-sinkers-de-agua-profunda-portatil-caranguejo-lagostins","status":"publish","type":"product","link":"https:\/\/mistersates-import.com.br\/loja\/product\/rede-de-pesca-sinkers-de-agua-profunda-portatil-caranguejo-lagostins\/","title":{"rendered":"Rede de pesca sinkers de \u00e1gua profunda port\u00e1til caranguejo lagostins"},"content":{"rendered":"<p>DESCRI\u00c7\u00c3O:<\/p>\n<p>Rede de pesca port\u00e1til lagosta malha gaiola dobr\u00e1vel caranguejo peixe lagostim catcher armadilha fundi\u00e7\u00e3o rede ferramentas pesca<br \/>\nMat\u00e9ria:<br \/>\nMaterial de alta qualidade, forte e dur\u00e1vel, pode ser usado por um longo tempo.<br \/>\nF\u00e1cil de usar, ao puxar a corda superior, ele vai abrir rapidamente, n\u00e3o h\u00e1 necessidade de instalar, muito conveniente.<br \/>\nAdequado para a captura de enguia, caranguejo, lagosta, camar\u00e3o, cavala, lagostim, etc.<\/p>\n<p>Especifica\u00e7\u00e3o:<\/p>\n<p>No.2:<\/p>\n<p>Comprimento: 1.7m, 9 se\u00e7\u00f5es, 6 furos<br \/>\nPeso: 0.2kg (nenhuma gota)<br \/>\nQuadro l\u00edquido: 22*16cm<br \/>\nMalha: 4mm<\/p>\n<p>Nota:<\/p>\n<p>Devido ao monitor diferente e efeito de luz, a cor real do item pode ser ligeiramente diferente da cor mostrada nas fotos. Obrigado!<br \/>\nPor favor, permita um desvio de medi\u00e7\u00e3o de 1-2cm devido \u00e0 medi\u00e7\u00e3o manual.<\/p>\n<p>1 X Gaiola de Peixe<br \/>\n1 X Isca Saco<br \/>\n1 X Cord\u00e3o<br \/>\n1 X Isca<\/p>\n","protected":false},"excerpt":{"rendered":"<p>DESCRI\u00c7\u00c3O:<\/p>\n<p>Rede de pesca port\u00e1til lagosta malha gaiola dobr\u00e1vel caranguejo peixe lagostim catcher armadilha fundi\u00e7\u00e3o rede ferramentas pesca<br \/>\nMat\u00e9ria:<br \/>\nMaterial de alta qualidade, forte e dur\u00e1vel, pode ser usado por um longo tempo.<br \/>\nF\u00e1cil de usar, ao puxar a corda superior, ele vai abrir rapidamente, n\u00e3o h\u00e1 necessidade de instalar, muito conveniente.<br \/>\nAdequado para a captura de enguia, caranguejo, lagosta, camar\u00e3o, cavala, lagostim, etc.<\/p>\n<p>Especifica\u00e7\u00e3o:<\/p>\n<p>No.2:<\/p>\n<p>Comprimento: 1.7m, 9 se\u00e7\u00f5es, 6 furos<br \/>\nPeso: 0.2kg (nenhuma gota)<br \/>\nQuadro l\u00edquido: 22*16cm<br \/>\nMalha: 4mm<\/p>\n<p>Nota:<\/p>\n<p>Devido ao monitor diferente e efeito de luz, a cor real do item pode ser ligeiramente diferente da cor mostrada nas fotos. Obrigado!<br \/>\nPor favor, permita um desvio de medi\u00e7\u00e3o de 1-2cm devido \u00e0 medi\u00e7\u00e3o manual.<\/p>\n<p>1 X Gaiola de Peixe<br \/>\n1 X Isca Saco<br \/>\n1 X Cord\u00e3o<br \/>\n1 X Isca<\/p>\n","protected":false},"featured_media":15105,"template":"","meta":{"_joinchat":[]},"_links":{"self":[{"href":"https:\/\/mistersates-import.com.br\/loja\/wp-json\/wp\/v2\/product\/15098"}],"collection":[{"href":"https:\/\/mistersates-import.com.br\/loja\/wp-json\/wp\/v2\/product"}],"about":[{"href":"https:\/\/mistersates-import.com.br\/loja\/wp-json\/wp\/v2\/types\/product"}],"wp:featuredmedia":[{"embeddable":true,"href":"https:\/\/mistersates-import.com.br\/loja\/wp-json\/wp\/v2\/media\/15105"}],"wp:attachment":[{"href":"https:\/\/mistersates-import.com.br\/loja\/wp-json\/wp\/v2\/media?parent=15098"}],"curies":[{"name":"wp","href":"https:\/\/api.w.org\/{rel}","templated":true}]}}