{"id":15289,"date":"2022-09-06T11:50:26","date_gmt":"2022-09-06T14:50:26","guid":{"rendered":"https:\/\/mistersates-import.com.br\/loja\/?post_type=product&#038;p=15289"},"modified":"2025-12-09T12:05:15","modified_gmt":"2025-12-09T15:05:15","slug":"adaptador-hdmi-90-graus-macho-x-femea","status":"publish","type":"product","link":"https:\/\/mistersates-import.com.br\/loja\/product\/adaptador-hdmi-90-graus-macho-x-femea\/","title":{"rendered":"Adaptador HDMI 90 Graus Macho x F\u00eamea"},"content":{"rendered":"<p>Descri\u00e7\u00e3o:<\/p>\n<p>Caracter\u00edsticas:<\/p>\n<p>1. Material de alta qualidade, wearable e dur\u00e1vel<br \/>\nMacho compat\u00edvel com HDMI ao conector<br \/>\nf\u00eamea. F\u00e1cil de usar, cotovelo de \u00e2ngulo direito \u00e2ngulo<br \/>\nde 90 graus<br \/>\nEste \u00e9 um conector macho compat\u00edvel com HDMI para f\u00eamea, cabe\u00e7a do adaptador para estender a cabe\u00e7a do terminal.<\/p>\n<p>especifica\u00e7\u00f5es:<\/p>\n<p>cor: preto<br \/>\nmaterial: pl\u00e1stico<\/p>\n<p>pacote inclu\u00eddo:<\/p>\n<p>1 x adaptador de conector de cabe\u00e7a conversor compat\u00edvel com HDMI<\/p>\n<p>notas:<\/p>\n<p>por favor, permita erro de 0-2mm devido \u00e0 medi\u00e7\u00e3o manual, obrigado por compreens\u00e3o<br \/>\nDevido \u00e0 diferen\u00e7a entre monitores diferentes, a imagem pode n\u00e3o refletir a cor real do item. Por favor, entenda, obrigado!<\/p>\n","protected":false},"excerpt":{"rendered":"<p>Descri\u00e7\u00e3o: Caracter\u00edsticas: 1. Material de alta qualidade, wearable e dur\u00e1vel Macho compat\u00edvel com HDMI ao conector f\u00eamea. F\u00e1cil de usar, cotovelo de \u00e2ngulo direito \u00e2ngulo de 90 graus Este \u00e9 um conector macho compat\u00edvel com HDMI para f\u00eamea, cabe\u00e7a do &hellip; <a href=\"https:\/\/mistersates-import.com.br\/loja\/product\/adaptador-hdmi-90-graus-macho-x-femea\/\">Readmore<\/a><\/p>\n","protected":false},"featured_media":15681,"template":"","meta":{"_joinchat":[]},"_links":{"self":[{"href":"https:\/\/mistersates-import.com.br\/loja\/wp-json\/wp\/v2\/product\/15289"}],"collection":[{"href":"https:\/\/mistersates-import.com.br\/loja\/wp-json\/wp\/v2\/product"}],"about":[{"href":"https:\/\/mistersates-import.com.br\/loja\/wp-json\/wp\/v2\/types\/product"}],"wp:featuredmedia":[{"embeddable":true,"href":"https:\/\/mistersates-import.com.br\/loja\/wp-json\/wp\/v2\/media\/15681"}],"wp:attachment":[{"href":"https:\/\/mistersates-import.com.br\/loja\/wp-json\/wp\/v2\/media?parent=15289"}],"curies":[{"name":"wp","href":"https:\/\/api.w.org\/{rel}","templated":true}]}}