{"id":15385,"date":"2022-09-13T22:05:54","date_gmt":"2022-09-14T01:05:54","guid":{"rendered":"https:\/\/mistersates-import.com.br\/loja\/?post_type=product&#038;p=15385"},"modified":"2025-07-30T11:19:04","modified_gmt":"2025-07-30T14:19:04","slug":"tampa-traseira-caixa-estanque-gopro-3-4","status":"publish","type":"product","link":"https:\/\/mistersates-import.com.br\/loja\/product\/tampa-traseira-caixa-estanque-gopro-3-4\/","title":{"rendered":"Tampa Traseira Caixa Estanque Gopro 3 4"},"content":{"rendered":"<p>FAVOR CONFERIR AS MEDIDAS INFORMADA NA FOTO<\/p>\n<p>Descri\u00e7\u00e3o:<\/p>\n<p>Tampa traseira veda a prova d&#8217;\u00e1gua. Serve para a Hero 3 ( todos os modelos ) e Hero 4.<\/p>\n<p>Ao inv\u00e9s de comprar uma caixa estanque nova inteira, pode ser mais barato comprar esta tampinha.<\/p>\n<p>ATEN\u00c7\u00c3O: PARA A HERO 3 ELA N\u00c3O SERVE NA CAIXA ESTANQUE COM ESPA\u00c7O PARA O DISPLAY. Demais caixas estanques de Hero 3 e 4 ela encaixa perfeitamente.<\/p>\n","protected":false},"excerpt":{"rendered":"<p>FAVOR CONFERIR AS MEDIDAS INFORMADA NA FOTO Descri\u00e7\u00e3o: Tampa traseira veda a prova d&#8217;\u00e1gua. Serve para a Hero 3 ( todos os modelos ) e Hero 4. Ao inv\u00e9s de comprar uma caixa estanque nova inteira, pode ser mais barato &hellip; <a href=\"https:\/\/mistersates-import.com.br\/loja\/product\/tampa-traseira-caixa-estanque-gopro-3-4\/\">Readmore<\/a><\/p>\n","protected":false},"featured_media":15585,"template":"","meta":{"_joinchat":[]},"_links":{"self":[{"href":"https:\/\/mistersates-import.com.br\/loja\/wp-json\/wp\/v2\/product\/15385"}],"collection":[{"href":"https:\/\/mistersates-import.com.br\/loja\/wp-json\/wp\/v2\/product"}],"about":[{"href":"https:\/\/mistersates-import.com.br\/loja\/wp-json\/wp\/v2\/types\/product"}],"wp:featuredmedia":[{"embeddable":true,"href":"https:\/\/mistersates-import.com.br\/loja\/wp-json\/wp\/v2\/media\/15585"}],"wp:attachment":[{"href":"https:\/\/mistersates-import.com.br\/loja\/wp-json\/wp\/v2\/media?parent=15385"}],"curies":[{"name":"wp","href":"https:\/\/api.w.org\/{rel}","templated":true}]}}