{"id":15406,"date":"2022-09-13T23:51:03","date_gmt":"2022-09-14T02:51:03","guid":{"rendered":"https:\/\/mistersates-import.com.br\/loja\/?post_type=product&#038;p=15406"},"modified":"2025-11-26T12:27:03","modified_gmt":"2025-11-26T15:27:03","slug":"cabo-usb-lightning-p-iphone-5-com-1-metro","status":"publish","type":"product","link":"https:\/\/mistersates-import.com.br\/loja\/product\/cabo-usb-lightning-p-iphone-5-com-1-metro\/","title":{"rendered":"Cabo Usb Lightning P Iphone 5 Com 1 Metro"},"content":{"rendered":"<p>Caracter\u00edsticas:<\/p>\n<p>Cabo mais refor\u00e7ado e resistente<\/p>\n<p>Compat\u00edvel com iPads, iPhones e iPods com o novo conector Lighning<\/p>\n<p>Cabo para transfer\u00eancia de dados e recarga<\/p>\n<p>Dimens\u00f5es:<br \/>\nComprimento: 100 cm<\/p>\n","protected":false},"excerpt":{"rendered":"<p>Caracter\u00edsticas: Cabo mais refor\u00e7ado e resistente Compat\u00edvel com iPads, iPhones e iPods com o novo conector Lighning Cabo para transfer\u00eancia de dados e recarga Dimens\u00f5es: Comprimento: 100 cm<\/p>\n","protected":false},"featured_media":15576,"template":"","meta":{"_joinchat":[]},"_links":{"self":[{"href":"https:\/\/mistersates-import.com.br\/loja\/wp-json\/wp\/v2\/product\/15406"}],"collection":[{"href":"https:\/\/mistersates-import.com.br\/loja\/wp-json\/wp\/v2\/product"}],"about":[{"href":"https:\/\/mistersates-import.com.br\/loja\/wp-json\/wp\/v2\/types\/product"}],"wp:featuredmedia":[{"embeddable":true,"href":"https:\/\/mistersates-import.com.br\/loja\/wp-json\/wp\/v2\/media\/15576"}],"wp:attachment":[{"href":"https:\/\/mistersates-import.com.br\/loja\/wp-json\/wp\/v2\/media?parent=15406"}],"curies":[{"name":"wp","href":"https:\/\/api.w.org\/{rel}","templated":true}]}}