{"id":16065,"date":"2022-10-13T10:43:12","date_gmt":"2022-10-13T13:43:12","guid":{"rendered":"https:\/\/mistersates-import.com.br\/loja\/?post_type=product&#038;p=16065"},"modified":"2025-05-20T10:54:24","modified_gmt":"2025-05-20T13:54:24","slug":"kit-10-fresas-brocas-entalhe-madeira-dremel-micro-retifica","status":"publish","type":"product","link":"https:\/\/mistersates-import.com.br\/loja\/product\/kit-10-fresas-brocas-entalhe-madeira-dremel-micro-retifica\/","title":{"rendered":"Kit 10 Fresas Brocas Entalhe Madeira Dremel Micro Retifica"},"content":{"rendered":"<p>Kit de Limas e Fresas Rotativas para Micro Retifica Dremel<\/p>\n<p>HSS Alta Qualidade &#8211; 10 Pe\u00e7as<br \/>\nHaste de 1\/8 (3,0 mm)<br \/>\nUso indicado para ALUM\u00cdNIO, COBRE, BRONZE, OURO, MADEIRA, PVC, ACR\u00cdLICO, COURO e BORRACHA<\/p>\n<p>CARACTER\u00cdSTICA<\/p>\n<p>Kit de Fresas de A\u00e7o Super R\u00e1pido, Para Ferramentas Rotativas destinadas ao processamento de superf\u00edcies met\u00e1licas e n\u00e3o-met\u00e1licas, com acabamento superior e precis\u00e3o milim\u00e9trica<\/p>\n<p>Processamento de profundidade m\u00e1ximo 40 mm<\/p>\n<p>Conte\u00fado: S\u00e3o 10 fresas diferentes<\/p>\n<p>Excelente acess\u00f3rio para seu kit de ferramentas rotativas.<\/p>\n<p>M\u00c1XIMO RPM 28.000<\/p>\n","protected":false},"excerpt":{"rendered":"<p>Kit de Limas e Fresas Rotativas para Micro Retifica Dremel HSS Alta Qualidade &#8211; 10 Pe\u00e7as Haste de 1\/8 (3,0 mm) Uso indicado para ALUM\u00cdNIO, COBRE, BRONZE, OURO, MADEIRA, PVC, ACR\u00cdLICO, COURO e BORRACHA CARACTER\u00cdSTICA Kit de Fresas de A\u00e7o &hellip; <a href=\"https:\/\/mistersates-import.com.br\/loja\/product\/kit-10-fresas-brocas-entalhe-madeira-dremel-micro-retifica\/\">Readmore<\/a><\/p>\n","protected":false},"featured_media":16067,"template":"","meta":{"_joinchat":[]},"_links":{"self":[{"href":"https:\/\/mistersates-import.com.br\/loja\/wp-json\/wp\/v2\/product\/16065"}],"collection":[{"href":"https:\/\/mistersates-import.com.br\/loja\/wp-json\/wp\/v2\/product"}],"about":[{"href":"https:\/\/mistersates-import.com.br\/loja\/wp-json\/wp\/v2\/types\/product"}],"wp:featuredmedia":[{"embeddable":true,"href":"https:\/\/mistersates-import.com.br\/loja\/wp-json\/wp\/v2\/media\/16067"}],"wp:attachment":[{"href":"https:\/\/mistersates-import.com.br\/loja\/wp-json\/wp\/v2\/media?parent=16065"}],"curies":[{"name":"wp","href":"https:\/\/api.w.org\/{rel}","templated":true}]}}