{"id":16158,"date":"2022-10-19T12:16:23","date_gmt":"2022-10-19T15:16:23","guid":{"rendered":"https:\/\/mistersates-import.com.br\/loja\/?post_type=product&#038;p=16158"},"modified":"2024-11-20T18:00:03","modified_gmt":"2024-11-20T21:00:03","slug":"adaptador-dvi-i-245-pinos-macho-p-vga-15-pinos-femea","status":"publish","type":"product","link":"https:\/\/mistersates-import.com.br\/loja\/product\/adaptador-dvi-i-245-pinos-macho-p-vga-15-pinos-femea\/","title":{"rendered":"Adaptador Dvi-i 24+5 Pinos Macho P Vga 15 Pinos Femea"},"content":{"rendered":"<p>DESCRI\u00c7\u00c3O:<\/p>\n<p>&#8211; Excelente para placas de v\u00eddeo. Utilizado para ligar placas de v\u00eddeo DVI em monitores com cabo VGA<br \/>\n&#8211; Ele \u00e9 compativel com o pad\u00e3o Higt -Definition Multimedia Interface no modo digital (DVI-D)<br \/>\n&#8211; 1 Conector DVI-D 24+5 Pinos (MACHO)<br \/>\n&#8211; 1 Conector VGA 15 pinos (F\u00caMEA) padr\u00e3o<br \/>\n&#8211; Pinos em a\u00e7o inoxid\u00e1vel de alta resist\u00eancia<\/p>\n<p>ESPECIFICA\u00c7\u00d5ES:<\/p>\n<p>&#8211; Adaptador Dvi-i 24+5 Pinos Macho P\/ Vga 15 Pinos Femea<\/p>\n<p>INCLUSO:<\/p>\n<p>&#8211; Adaptador Dvi-i 24+5 Pinos Macho P\/ Vga 15 Pinos Femea<\/p>\n<p>ATEN\u00c7\u00c3O!<\/p>\n<p>&#8211; As imagens em nossos an\u00fancios s\u00e3o meramente ilustrativas, sem que possamos garantir cores espec\u00edficas.<\/p>\n","protected":false},"excerpt":{"rendered":"<p>DESCRI\u00c7\u00c3O: &#8211; Excelente para placas de v\u00eddeo. Utilizado para ligar placas de v\u00eddeo DVI em monitores com cabo VGA &#8211; Ele \u00e9 compativel com o pad\u00e3o Higt -Definition Multimedia Interface no modo digital (DVI-D) &#8211; 1 Conector DVI-D 24+5 Pinos &hellip; <a href=\"https:\/\/mistersates-import.com.br\/loja\/product\/adaptador-dvi-i-245-pinos-macho-p-vga-15-pinos-femea\/\">Readmore<\/a><\/p>\n","protected":false},"featured_media":16164,"template":"","meta":{"_joinchat":[]},"_links":{"self":[{"href":"https:\/\/mistersates-import.com.br\/loja\/wp-json\/wp\/v2\/product\/16158"}],"collection":[{"href":"https:\/\/mistersates-import.com.br\/loja\/wp-json\/wp\/v2\/product"}],"about":[{"href":"https:\/\/mistersates-import.com.br\/loja\/wp-json\/wp\/v2\/types\/product"}],"wp:featuredmedia":[{"embeddable":true,"href":"https:\/\/mistersates-import.com.br\/loja\/wp-json\/wp\/v2\/media\/16164"}],"wp:attachment":[{"href":"https:\/\/mistersates-import.com.br\/loja\/wp-json\/wp\/v2\/media?parent=16158"}],"curies":[{"name":"wp","href":"https:\/\/api.w.org\/{rel}","templated":true}]}}