{"id":16210,"date":"2022-10-19T16:08:41","date_gmt":"2022-10-19T19:08:41","guid":{"rendered":"https:\/\/mistersates-import.com.br\/loja\/?post_type=product&#038;p=16210"},"modified":"2024-03-15T18:28:44","modified_gmt":"2024-03-15T21:28:44","slug":"suporte-para-celular-pop-clip-universal-car-mount","status":"publish","type":"product","link":"https:\/\/mistersates-import.com.br\/loja\/product\/suporte-para-celular-pop-clip-universal-car-mount\/","title":{"rendered":"Suporte Para Celular Pop Clip Universal Car Mount"},"content":{"rendered":"<p>Descri\u00e7\u00e3o<\/p>\n<p>Suporte Para Celular Pop Clip<\/p>\n<p>O PopClip permite que voc\u00ea encaixe seu telefone com o PopSocket em quase todas as superf\u00edcies verticais, incluindo o painel do seu carro, para uma visualiza\u00e7\u00e3o pr\u00e1tica.<\/p>\n<p>Oferece uma pegada mais segura para digitar com apenas uma m\u00e3o, tirar selfies, fazer v\u00eddeos chamadas, podendo assistir v\u00eddeos apoiando na mesa sem tocar no telefone, como preferir.<\/p>\n<p>Serve como suporte no carro.<\/p>\n<p>&nbsp;<\/p>\n<p>&nbsp;<\/p>\n","protected":false},"excerpt":{"rendered":"<p>Descri\u00e7\u00e3o Suporte Para Celular Pop Clip O PopClip permite que voc\u00ea encaixe seu telefone com o PopSocket em quase todas as superf\u00edcies verticais, incluindo o painel do seu carro, para uma visualiza\u00e7\u00e3o pr\u00e1tica. Oferece uma pegada mais segura para digitar &hellip; <a href=\"https:\/\/mistersates-import.com.br\/loja\/product\/suporte-para-celular-pop-clip-universal-car-mount\/\">Readmore<\/a><\/p>\n","protected":false},"featured_media":16212,"template":"","meta":{"_joinchat":[]},"_links":{"self":[{"href":"https:\/\/mistersates-import.com.br\/loja\/wp-json\/wp\/v2\/product\/16210"}],"collection":[{"href":"https:\/\/mistersates-import.com.br\/loja\/wp-json\/wp\/v2\/product"}],"about":[{"href":"https:\/\/mistersates-import.com.br\/loja\/wp-json\/wp\/v2\/types\/product"}],"wp:featuredmedia":[{"embeddable":true,"href":"https:\/\/mistersates-import.com.br\/loja\/wp-json\/wp\/v2\/media\/16212"}],"wp:attachment":[{"href":"https:\/\/mistersates-import.com.br\/loja\/wp-json\/wp\/v2\/media?parent=16210"}],"curies":[{"name":"wp","href":"https:\/\/api.w.org\/{rel}","templated":true}]}}