{"id":16288,"date":"2022-10-19T17:39:05","date_gmt":"2022-10-19T20:39:05","guid":{"rendered":"https:\/\/mistersates-import.com.br\/loja\/?post_type=product&#038;p=16288"},"modified":"2024-03-18T17:17:07","modified_gmt":"2024-03-18T20:17:07","slug":"ssd-goldenfir-2-5-sata-240-gb","status":"publish","type":"product","link":"https:\/\/mistersates-import.com.br\/loja\/product\/ssd-goldenfir-2-5-sata-240-gb\/","title":{"rendered":"SSD Goldenfir 2.5  SATA 240 GB"},"content":{"rendered":"<p>Descri\u00e7\u00e3o:<\/p>\n<p>Produto original!<\/p>\n<p>Com o ssd 240gb da goldenfir, voc\u00ea vai aumentar a capacidade de resposta do seu computador. Gra\u00e7as a esta tecnologia voc\u00ea poder\u00e1 investir em velocidade e efici\u00eancia na inicializa\u00e7\u00e3o, carregamento e transfer\u00eancia de dados.<\/p>\n<p>Mais velocidade ao seu alcance<\/p>\n<p>Este produto possui uma interface SATA III respons\u00e1vel pela transfer\u00eancia de dados com a placa-m\u00e3e do seu computador. \u00c9 de muito importante e com a sua velocidade do envio de informa\u00e7\u00e3o melhora o desempenho. Voc\u00ea poder\u00e1 carregar todos os tipos de arquivos no seu PC rapidamente.<\/p>\n<p>Atendimento personalizado com suporte ao cliente.<\/p>\n","protected":false},"excerpt":{"rendered":"<p>Descri\u00e7\u00e3o: Produto original! Com o ssd 240gb da goldenfir, voc\u00ea vai aumentar a capacidade de resposta do seu computador. Gra\u00e7as a esta tecnologia voc\u00ea poder\u00e1 investir em velocidade e efici\u00eancia na inicializa\u00e7\u00e3o, carregamento e transfer\u00eancia de dados. Mais velocidade ao &hellip; <a href=\"https:\/\/mistersates-import.com.br\/loja\/product\/ssd-goldenfir-2-5-sata-240-gb\/\">Readmore<\/a><\/p>\n","protected":false},"featured_media":16284,"template":"","meta":{"_joinchat":[]},"_links":{"self":[{"href":"https:\/\/mistersates-import.com.br\/loja\/wp-json\/wp\/v2\/product\/16288"}],"collection":[{"href":"https:\/\/mistersates-import.com.br\/loja\/wp-json\/wp\/v2\/product"}],"about":[{"href":"https:\/\/mistersates-import.com.br\/loja\/wp-json\/wp\/v2\/types\/product"}],"wp:featuredmedia":[{"embeddable":true,"href":"https:\/\/mistersates-import.com.br\/loja\/wp-json\/wp\/v2\/media\/16284"}],"wp:attachment":[{"href":"https:\/\/mistersates-import.com.br\/loja\/wp-json\/wp\/v2\/media?parent=16288"}],"curies":[{"name":"wp","href":"https:\/\/api.w.org\/{rel}","templated":true}]}}