{"id":17419,"date":"2023-04-06T17:01:34","date_gmt":"2023-04-06T20:01:34","guid":{"rendered":"https:\/\/mistersates-import.com.br\/loja\/?post_type=product&#038;p=17419"},"modified":"2023-08-15T10:41:56","modified_gmt":"2023-08-15T13:41:56","slug":"carregador-sem-fio-rapido-8-portas-usb-100w-hub-carregado","status":"publish","type":"product","link":"https:\/\/mistersates-import.com.br\/loja\/product\/carregador-sem-fio-rapido-8-portas-usb-100w-hub-carregado\/","title":{"rendered":"Carregador Sem Fio R\u00e1pido 8 Portas Usb 100w Hub Carregado"},"content":{"rendered":"<p>Descri\u00e7\u00e3o:<\/p>\n<p>Certifique-se de que seu dispositivo \u00e9 compat\u00edvel com o carregamento sem fio antes de comprar um carregador sem fio (nem todos os dispositivos suportam o carregamento sem fio. como samsung galaxy s21 series. pixel 4 xl).<\/p>\n<p>Alguns modelos de telefone celular n\u00e3o podem suportar o carregamento sem fio r\u00e1pido devido \u00e0 compatibilidade do problema do telefone m\u00f3vel. Se voc\u00ea n\u00e3o tem 100% de certeza que seu dispositivo pode carregar sem fio, por favor, procure on-line para ter certeza.<br \/>\nMake certifique-se de que a espessura da caixa do telefone est\u00e1 dentro de 7mm(0.28in). E magn\u00e9tico, metal ou outros objetos estranhos (como a caixa do telefone otterbox) ir\u00e1 interferir com o carregamento sem fio.<br \/>\nCases caixas magn\u00e9ticas do telefone celular. adesivos magn\u00e9ticos do carro. \u00cdm\u00e3s e outros itens magn\u00e9ticos que entram em contato com o carregamento sem fio far\u00e1 com que o carregamento sem fio falhe. Se o tempo de contato for muito longo, danificar\u00e1 o produto.<\/p>\n<p>A efici\u00eancia de convers\u00e3o de carregamento sem fio \u00e9 de 75%.<br \/>\nSeu dispositivo pode ficar mais quente ligeiramente, especialmente quando voc\u00ea usa seu dispositivo durante o carregamento sem fio. Por favor, n\u00e3o se preocupe.<\/p>\n<p>Especifica\u00e7\u00e3o:<br \/>\nTamanho: 140x52x135mm<br \/>\nPot\u00eancia nominal: 102w<br \/>\nSa\u00edda USB: 5V1-2.4A<br \/>\nPD3.0 sa\u00edda: 5V3A \/ 9V2A \/ 12V1.5A<br \/>\nQC3.0 sa\u00edda: 5V3A \/ 9V2A \/ 12V1.5A<br \/>\nTens\u00e3o de entrada: AC100-240V 50-60hz<br \/>\nCarregamento sem fio: 5w-10w<br \/>\nComprimento do cabo: 1.2m &#8211; PLUG US<br \/>\nMaterial: pc + abs retardador de fogo<br \/>\nIdentifica\u00e7\u00e3o autom\u00e1tica: tens\u00e3o adapt\u00e1vel e corrente<\/p>\n<p>Caracter\u00edsticas:<br \/>\nCom display digital, mostre-lhe o status de trabalho de cada porta usb.<\/p>\n<p>M\u00faltiplas salvaguardas embutidas protegem totalmente contra sobrecorrente, excesso de carga e sobre-aquecimento para carregamento seguro e r\u00e1pido.<\/p>\n<p>8 portas usb carregador, ajud\u00e1-lo a carregar seus dispositivos el\u00e9tricos em um lugar ao mesmo tempo.<\/p>\n<p>Design compacto, port\u00e1til e elegante para manter seu desktop bem organizado e cabo caos-livre.<\/p>\n<p>Pode reconhecer automaticamente seus dispositivos e garantir uma velocidade de carregamento mais r\u00e1pida e eficiente.<\/p>\n<p>Ser capaz de carregar seu telefone ou tablet mais r\u00e1pido em casa.<\/p>\n<p>Compat\u00edvel com: adequado para samsung, iphone, xiaomi ou outros telefones inteligentes, e tablet pc<\/p>\n<p>PLUG US ACOMPANHA UM ADPATADOR PADR\u00c3O BR.<\/p>\n","protected":false},"excerpt":{"rendered":"<p>Descri\u00e7\u00e3o: Certifique-se de que seu dispositivo \u00e9 compat\u00edvel com o carregamento sem fio antes de comprar um carregador sem fio (nem todos os dispositivos suportam o carregamento sem fio. como samsung galaxy s21 series. pixel 4 xl). Alguns modelos de &hellip; <a href=\"https:\/\/mistersates-import.com.br\/loja\/product\/carregador-sem-fio-rapido-8-portas-usb-100w-hub-carregado\/\">Readmore<\/a><\/p>\n","protected":false},"featured_media":17426,"template":"","meta":{"_joinchat":[]},"_links":{"self":[{"href":"https:\/\/mistersates-import.com.br\/loja\/wp-json\/wp\/v2\/product\/17419"}],"collection":[{"href":"https:\/\/mistersates-import.com.br\/loja\/wp-json\/wp\/v2\/product"}],"about":[{"href":"https:\/\/mistersates-import.com.br\/loja\/wp-json\/wp\/v2\/types\/product"}],"wp:featuredmedia":[{"embeddable":true,"href":"https:\/\/mistersates-import.com.br\/loja\/wp-json\/wp\/v2\/media\/17426"}],"wp:attachment":[{"href":"https:\/\/mistersates-import.com.br\/loja\/wp-json\/wp\/v2\/media?parent=17419"}],"curies":[{"name":"wp","href":"https:\/\/api.w.org\/{rel}","templated":true}]}}