{"id":17594,"date":"2023-05-23T19:27:23","date_gmt":"2023-05-23T22:27:23","guid":{"rendered":"https:\/\/mistersates-import.com.br\/loja\/?post_type=product&#038;p=17594"},"modified":"2024-03-15T18:19:05","modified_gmt":"2024-03-15T21:19:05","slug":"4-pilhas-aa-inova-recarregaveis-aa-2900mah-12v-recarregavel","status":"publish","type":"product","link":"https:\/\/mistersates-import.com.br\/loja\/product\/4-pilhas-aa-inova-recarregaveis-aa-2900mah-12v-recarregavel\/","title":{"rendered":"4 Pilhas AA INOVA Recarreg\u00e1veis AA 2900mah 1,2v Recarreg\u00e1vel"},"content":{"rendered":"<p>Descri\u00e7\u00e3o<br \/>\nTemos kit ja com o carregador das pilhas<\/p>\n<p>As Pilhas INOVA s\u00e3o simples e eficazes, garantindo energia renov\u00e1vel de qualidade Com essas pilhas voc\u00ea n\u00e3o precisa ficar gastando dinheiro comprando pilhas. Basta recarregar com o aparelho adequado. Elas s\u00e3o ideais para dispositivos digitais como c\u00e2meras digitais, controle remoto e outros equipamentos eletr\u00f4nicos.<\/p>\n<p>Pilhas recarreg\u00e1veis AA 1.2v Inova Prime<br \/>\nPacote com 4<br \/>\n2900mAh<br \/>\nRecarrega at\u00e9 1500 ciclos<\/p>\n<p>0% merc\u00fario e c\u00e1dmio<\/p>\n<p>ATEN\u00c7\u00c3O<br \/>\nN\u00e3o exponha ao fogo, n\u00e3o misture com outros tipos de pilhas na hora da recarga, para prolongar a vida \u00fatil das pilhas, carregue antes de usar por 7 horas, manter fora do alcance das crian\u00e7as.<\/p>\n","protected":false},"excerpt":{"rendered":"<p>Descri\u00e7\u00e3o Temos kit ja com o carregador das pilhas As Pilhas INOVA s\u00e3o simples e eficazes, garantindo energia renov\u00e1vel de qualidade Com essas pilhas voc\u00ea n\u00e3o precisa ficar gastando dinheiro comprando pilhas. Basta recarregar com o aparelho adequado. Elas s\u00e3o &hellip; <a href=\"https:\/\/mistersates-import.com.br\/loja\/product\/4-pilhas-aa-inova-recarregaveis-aa-2900mah-12v-recarregavel\/\">Readmore<\/a><\/p>\n","protected":false},"featured_media":17637,"template":"","meta":{"_joinchat":[]},"_links":{"self":[{"href":"https:\/\/mistersates-import.com.br\/loja\/wp-json\/wp\/v2\/product\/17594"}],"collection":[{"href":"https:\/\/mistersates-import.com.br\/loja\/wp-json\/wp\/v2\/product"}],"about":[{"href":"https:\/\/mistersates-import.com.br\/loja\/wp-json\/wp\/v2\/types\/product"}],"wp:featuredmedia":[{"embeddable":true,"href":"https:\/\/mistersates-import.com.br\/loja\/wp-json\/wp\/v2\/media\/17637"}],"wp:attachment":[{"href":"https:\/\/mistersates-import.com.br\/loja\/wp-json\/wp\/v2\/media?parent=17594"}],"curies":[{"name":"wp","href":"https:\/\/api.w.org\/{rel}","templated":true}]}}