{"id":17753,"date":"2023-11-07T13:23:06","date_gmt":"2023-11-07T16:23:06","guid":{"rendered":"https:\/\/mistersates-import.com.br\/loja\/?post_type=product&#038;p=17753"},"modified":"2024-07-06T12:17:02","modified_gmt":"2024-07-06T15:17:02","slug":"b-40-intelligent-26cm-auto-following-gimbal-ring-light-360-graus","status":"publish","type":"product","link":"https:\/\/mistersates-import.com.br\/loja\/product\/b-40-intelligent-26cm-auto-following-gimbal-ring-light-360-graus\/","title":{"rendered":"B-40 Intelligent 26cm Auto Following Gimbal Ring Light 360 graus"},"content":{"rendered":"<p>Descri\u00e7\u00e3o do produto:<\/p>\n<p>&#8220;Voc\u00ea precisa de mais ilumina\u00e7\u00e3o durante as sess\u00f5es de fotos? Sua grava\u00e7\u00e3o de v\u00eddeo n\u00e3o fica n\u00edtida ao jogar TikTok? Ou voc\u00ea quer parecer mais n\u00edtida ao fazer maquiagem?<\/p>\n<p>Com \u200b\u200beste B-40, voc\u00ea pode tirar fotos e gravar v\u00eddeos com mais clareza e brilho.<\/p>\n<p>Est\u00e1 equipado com suporte para telefone para smartphones com largura de 5,8 a 10 cm e pode ser conectado a um trip\u00e9 (TRIP\u00c9 N\u00c3O INCLUSO NA COMPRA!!) 3<\/p>\n<p>op\u00e7\u00f5es de cores (Luz Branca, Luz Suave e Luz Quente) com 3 n\u00edveis de informa\u00e7\u00e3o que voc\u00ea pode configure voc\u00ea mesmo por meio dos bot\u00f5es O controlador est\u00e1 no cabo do B-40. A fonte de alimenta\u00e7\u00e3o usa uma porta USB que \u00e9 comumente usada em todos os lugares.<\/p>\n<p>Com o aplicativo AIX Pro, voc\u00ea pode conectar seu smartphone a este dispositivo como um obturador remoto via Bluetooth Principais<\/p>\n<p>caracter\u00edsticas:<br \/>\n&#8211; Com fun\u00e7\u00e3o de rastreamento de rosto, pode seguir onde quer que voc\u00ea v\u00e1<br \/>\n&#8211; Interface universal 1\/4, pode ser usada com um trip\u00e9<br \/>\n&#8211; Anel de luz regul\u00e1vel com tr\u00eas modos de ilumina\u00e7\u00e3o e ajuste de brilho de 0-100%, permite alternar \u00e0 vontade<br \/>\n&#8211; Luz de preenchimento brilhante e uniforme, melhora a sensa\u00e7\u00e3o de tr\u00eas dimens\u00f5es do rosto, melhor filmagem ou transmiss\u00e3o<br \/>\n&#8211; Equipado com controle remoto para luz de preenchimento, opera\u00e7\u00e3o f\u00e1cil<br \/>\n&#8211; Ajuste de \u00e2ngulo PTZ de 360, gire e manipule o \u00e2ngulo \u00e0 vontade<br \/>\n&#8211; Mangueira universal de metal, dur\u00e1vel e livre para dobrar<br \/>\n&#8211; Adequado para Tiktok\/transmiss\u00e3o ao vivo\/v\u00eddeo\/filmagem<\/p>\n<p>Especifica\u00e7\u00e3o<br \/>\nNome do produto: Suporte de rastreamento de objetos 360<br \/>\nModelo do produto: B-40<br \/>\nModos de luz: luz quente, luz suave, luz branca<br \/>\nTemperatura de cor: 2700-5500K<br \/>\nDimens\u00e3o do telefone de suporte: 56-100mm<br \/>\nM\u00e1x. Carga: 265 gr<br \/>\nEntrada: 3 &#8211; 4,5V<br \/>\nFonte de alimenta\u00e7\u00e3o: 3x pilhas AA<br \/>\nSistema de suporte: iOS 10.0 e superior\/Android 8.1 e superior<br \/>\nPadr\u00e3o: GB4943<\/p>\n<p>Conte\u00fado da embalagem<br \/>\n1x B-40 &#8211; Luz de preenchimento de anel de seguimento autom\u00e1tico inteligente universal 360<\/p>\n<p>Dimens\u00f5es do produto Isto \u00e9 9,3 x 9,3 x 17,4 cm e pesa apenas cerca de 230 gramas.&#8221;<\/p>\n","protected":false},"excerpt":{"rendered":"<p>Descri\u00e7\u00e3o do produto: &#8220;Voc\u00ea precisa de mais ilumina\u00e7\u00e3o durante as sess\u00f5es de fotos? Sua grava\u00e7\u00e3o de v\u00eddeo n\u00e3o fica n\u00edtida ao jogar TikTok? Ou voc\u00ea quer parecer mais n\u00edtida ao fazer maquiagem? Com \u200b\u200beste B-40, voc\u00ea pode tirar fotos e &hellip; <a href=\"https:\/\/mistersates-import.com.br\/loja\/product\/b-40-intelligent-26cm-auto-following-gimbal-ring-light-360-graus\/\">Readmore<\/a><\/p>\n","protected":false},"featured_media":17754,"template":"","meta":{"_joinchat":[]},"_links":{"self":[{"href":"https:\/\/mistersates-import.com.br\/loja\/wp-json\/wp\/v2\/product\/17753"}],"collection":[{"href":"https:\/\/mistersates-import.com.br\/loja\/wp-json\/wp\/v2\/product"}],"about":[{"href":"https:\/\/mistersates-import.com.br\/loja\/wp-json\/wp\/v2\/types\/product"}],"wp:featuredmedia":[{"embeddable":true,"href":"https:\/\/mistersates-import.com.br\/loja\/wp-json\/wp\/v2\/media\/17754"}],"wp:attachment":[{"href":"https:\/\/mistersates-import.com.br\/loja\/wp-json\/wp\/v2\/media?parent=17753"}],"curies":[{"name":"wp","href":"https:\/\/api.w.org\/{rel}","templated":true}]}}