{"id":17824,"date":"2023-11-30T22:09:17","date_gmt":"2023-12-01T01:09:17","guid":{"rendered":"https:\/\/mistersates-import.com.br\/loja\/?post_type=product&#038;p=17824"},"modified":"2024-05-30T10:55:54","modified_gmt":"2024-05-30T13:55:54","slug":"camera-visao-notuna-traseira-embutir-carro-8-led-modelo-101-ir","status":"publish","type":"product","link":"https:\/\/mistersates-import.com.br\/loja\/product\/camera-visao-notuna-traseira-embutir-carro-8-led-modelo-101-ir\/","title":{"rendered":"C\u00e2mera Vis\u00e3o Notuna Traseira Embutir Carro 8 LED modelo 101 IR"},"content":{"rendered":"<p>Informa\u00e7\u00f5es Gerais<\/p>\n<p>Nota: O cabo de v\u00eddeo n\u00e3o est\u00e1 inclu\u00eddo no kit.<\/p>\n<p>Especifica\u00e7\u00f5es:<\/p>\n<p>Pix\u00e9is: 656(H) * 492(V)<br \/>\nSa\u00edda video 1.0VP-P, 75 OHM<br \/>\nSistema de digitaliza\u00e7\u00e3o 2: 1 entrela\u00e7amento<br \/>\nTemperatura operacional-20 ? ~ + 75 ?, RH95 % MAX<br \/>\nTemperatura de armazenamento-40 \u00b0 C a 85 \u00b0 C, RH 95% MAX<br \/>\nTV sistema NTSC<br \/>\n\u00c1rea de percep\u00e7\u00e3o de luz de 3.584mm * 2.688mm<br \/>\nCoeficiente gama 0,45<br \/>\n\u00c2ngulo lente: 90 \u00b0-105 \u00b0<br \/>\nClareza horizontal 480 linhas TV<br \/>\nVelocidade do obturador 1-1 \/ 10000<br \/>\nAuto branco do equil\u00edbrio<br \/>\nGrau imperme\u00e1vel IP67 \/ 68<br \/>\nAlimenta\u00e7\u00e3o DC 1<\/p>\n<p>Pacote inclui<\/p>\n<p>C\u00e2mera x1 vista traseira do carro<br \/>\nNota: O cabo de v\u00eddeo n\u00e3o est\u00e1 inclu\u00eddo no kit.<\/p>\n<p>Feaures:<\/p>\n<p>1. Anti nevoeiro vidro.<br \/>\n2. Sensor imagiol\u00f3gico CMOS.<br \/>\n3. Formato: NTSC.<br \/>\n4. Snap-in design, \u00e9 f\u00e1cil de instalar.<br \/>\n5. alta sensibilidade e baixa pot\u00eancia consumo.<br \/>\n6. Waterproof, shockproof e fun\u00e7\u00f5es antijamming.<br \/>\n7. Ajuda a evitar incidentes e acidentes abras\u00e3o bem.<br \/>\n8. Extra-baixa ilumina\u00e7\u00e3o de 0,5 Lux para vis\u00e3o noturna clara.<br \/>\n9. Seu projeto simples e modesto e tamanho pequeno n\u00e3o chamar\u00e3o nenhuma aten\u00e7\u00e3o.<br \/>\n10. Esta c\u00e2mera pode lhe dar uma vis\u00e3o completa da parte de tr\u00e1s do seu carro quando voc\u00ea est\u00e1 dirigindo.<br \/>\nOnze. Para proteger seu carro da colis\u00e3o com obst\u00e1culo invis\u00edvel, escolha uma c\u00e2mera de alta defini\u00e7\u00e3o e boa qualidade como a nossa.<br \/>\nDoze. Solu\u00e7\u00e3o perfeita para se livrar dessa m\u00e1 visibilidade traseira em seu carro que n\u00e3o tem espelho retrovisor ou vis\u00e3o traseira pobre.<\/p>\n","protected":false},"excerpt":{"rendered":"<p>Informa\u00e7\u00f5es Gerais Nota: O cabo de v\u00eddeo n\u00e3o est\u00e1 inclu\u00eddo no kit. Especifica\u00e7\u00f5es: Pix\u00e9is: 656(H) * 492(V) Sa\u00edda video 1.0VP-P, 75 OHM Sistema de digitaliza\u00e7\u00e3o 2: 1 entrela\u00e7amento Temperatura operacional-20 ? ~ + 75 ?, RH95 % MAX Temperatura de &hellip; <a href=\"https:\/\/mistersates-import.com.br\/loja\/product\/camera-visao-notuna-traseira-embutir-carro-8-led-modelo-101-ir\/\">Readmore<\/a><\/p>\n","protected":false},"featured_media":17825,"template":"","meta":{"_joinchat":[]},"_links":{"self":[{"href":"https:\/\/mistersates-import.com.br\/loja\/wp-json\/wp\/v2\/product\/17824"}],"collection":[{"href":"https:\/\/mistersates-import.com.br\/loja\/wp-json\/wp\/v2\/product"}],"about":[{"href":"https:\/\/mistersates-import.com.br\/loja\/wp-json\/wp\/v2\/types\/product"}],"wp:featuredmedia":[{"embeddable":true,"href":"https:\/\/mistersates-import.com.br\/loja\/wp-json\/wp\/v2\/media\/17825"}],"wp:attachment":[{"href":"https:\/\/mistersates-import.com.br\/loja\/wp-json\/wp\/v2\/media?parent=17824"}],"curies":[{"name":"wp","href":"https:\/\/api.w.org\/{rel}","templated":true}]}}