{"id":17902,"date":"2023-12-11T17:53:05","date_gmt":"2023-12-11T20:53:05","guid":{"rendered":"https:\/\/mistersates-import.com.br\/loja\/?post_type=product&#038;p=17902"},"modified":"2024-05-13T11:48:31","modified_gmt":"2024-05-13T14:48:31","slug":"adaptador-6-em-1-hub-macbook-pro-air-usb-c-hdmi-ssd","status":"publish","type":"product","link":"https:\/\/mistersates-import.com.br\/loja\/product\/adaptador-6-em-1-hub-macbook-pro-air-usb-c-hdmi-ssd\/","title":{"rendered":"Adaptador 6 Em 1 Hub Macbook Pro Air Usb C Hdmi Ssd"},"content":{"rendered":"<p>Informa\u00e7\u00f5es Gerais:<\/p>\n<p>\u2022 6 em 1 m. 2 hub SSD esta\u00e7\u00e3o de dock USB C :Esta docking station oferece 6 portas diferentes para conectar seus dispositivos, incluindo 2 hubs SSD e uma porta USB C.<\/p>\n<p>&nbsp;<\/p>\n<p>\u2022 Fun\u00e7\u00e3o de armazenamento em disco :Com a fun\u00e7\u00e3o de armazenamento em disco, voc\u00ea pode facilmente armazenar e transferir arquivos entre seus dispositivos sem a necessidade de dispositivos de armazenamento adicionais.<\/p>\n<p>&nbsp;<\/p>\n<p>\u2022 USB 3.0 Tipo C para compat\u00edvel com HDMI :O recurso compat\u00edvel com USB 3.0 Tipo C para HDMI permite que voc\u00ea conecte seu laptop ou PC a um monitor compat\u00edvel com HDMI para uma experi\u00eancia de visualiza\u00e7\u00e3o perfeita.<\/p>\n<p>&nbsp;<\/p>\n<p>\u2022 USB C para USB 3.0 :O recurso USB C para USB 3.0 permite que voc\u00ea conecte seus dispositivos com portas USB 3.0 a esta docking station para velocidades de transfer\u00eancia de dados mais r\u00e1pidas.<\/p>\n<p>&nbsp;<\/p>\n<p>\u2022 6 em 1 m. 2 hub SSD USB C esta\u00e7\u00e3o dock:Esta docking station oferece 6 portas diferentes para conectar seus dispositivos, incluindo 2 hubs SSD e uma porta USB C.<\/p>\n<p>&nbsp;<\/p>\n<p>\u2022 Fun\u00e7\u00e3o de armazenamento em disco:Com a fun\u00e7\u00e3o de armazenamento em disco, voc\u00ea pode facilmente armazenar e transferir arquivos entre seus dispositivos.<\/p>\n<p>&nbsp;<\/p>\n<p>\u2022 USB 3.0 Tipo C para HDMI-compat\u00edvel:O recurso compat\u00edvel com USB 3.0 Tipo C para HDMI permite que voc\u00ea conecte seu laptop ou PC a um monitor compat\u00edvel com HDMI.<\/p>\n<p>&nbsp;<\/p>\n<p>\u2022 Esta\u00e7\u00e3o de ancoragem USB C HUB:O recurso USB C HUB Docking Station permite que voc\u00ea conecte v\u00e1rios dispositivos ao seu laptop ou PC com facilidade.<\/p>\n<p>&nbsp;<\/p>\n<p>Descri\u00e7\u00e3o:<\/p>\n<p>Este hub de USB-C expande a conectividade do dispositivo com 6 portas, incluindo 4K\/30Hz HDMI para exibi\u00e7\u00e3o externa, 3 * USB 3.0 de alta velocidade para perif\u00e9ricos, e uma porta PD para carregar durante o uso. Ele tamb\u00e9m possui uma porta SSD M.2 para transfer\u00eancia de dados para o protocolo SATA, n\u00e3o para o protocolo NVME.<\/p>\n<p>\u2022 6 em 1 M. 2 Esta\u00e7\u00e3o dock USB C do hub SSD: Esta esta\u00e7\u00e3o de encaixe oferece 6 portas diferentes para conectar seus dispositivos, incluindo a porta SSD M.2 e uma porta USB C. Pode ler o protocolo sata SSD.<\/p>\n<p>\u2022 Fun\u00e7\u00e3o de armazenamento em disco: Com a fun\u00e7\u00e3o de armazenamento em disco, voc\u00ea pode facilmente armazenar e transferir arquivos entre seus dispositivos sem a necessidade de armazenamento adicional.<\/p>\n<p>\u2022 USB 3.0 Tipo C para compat\u00edvel com HDMI: O recurso compat\u00edvel com USB 3.0 Tipo C para HDMI permite que voc\u00ea conecte seu laptop ou PC a um monitor compat\u00edvel com HDMI para uma experi\u00eancia de visualiza\u00e7\u00e3o perfeita.<\/p>\n<p>\u2022 USB C para USB 3.0: O recurso USB C para USB 3.0 permite que voc\u00ea conecte seus dispositivos com portas USB 3.0 para o seu laptop ou PC via USB C, fornecendo velocidades de transfer\u00eancia de dados mais r\u00e1pidas.<\/p>\n<p>&nbsp;<\/p>\n<p>Especifica\u00e7\u00f5es:<\/p>\n<p>Cor: cinza<\/p>\n<p>Material: liga de alum\u00ednio + ABS<\/p>\n<p>Interface principal: Tipo-c<\/p>\n<p>Interface de expans\u00e3o: HDMI * 1, USB 3.0*3, interface de carregamento PD * 1,M.2 caso SSD * 1<\/p>\n<p>&nbsp;<\/p>\n<p>O pacote inclui<\/p>\n<p>1 * hub USB-C<\/p>\n<p>Perguntas frequentes:<\/p>\n<p>&nbsp;<\/p>\n<p>Q1: Meu computador tamb\u00e9m tem uma interface Tipo C. Por que n\u00e3o posso usar a interface HDMI depois de conectar \u00e0 docking station?<\/p>\n<p>&nbsp;<\/p>\n<p>A1: Porque a interface Tipo C do seu computador n\u00e3o suporta sa\u00edda de v\u00eddeo<\/p>\n<p>&nbsp;<\/p>\n<p>Q2: Meu computador tamb\u00e9m tem uma interface Tipo C. Por que n\u00e3o posso usar a interface PD depois de conectar \u00e0 docking station?<\/p>\n<p>&nbsp;<\/p>\n<p>A2: Porque a interface Tipo C do seu computador n\u00e3o suporta carregamento<\/p>\n<p>&nbsp;<\/p>\n<p>Q3: Minha interface de exibi\u00e7\u00e3o \u00e9 uma interface Tipo C. Depois de estar diretamente conectado \u00e0 interface Tipo C da docking station, n\u00e3o posso usar a fun\u00e7\u00e3o HDMI?<\/p>\n<p>&nbsp;<\/p>\n<p>A3: Como as interfaces Tipo C na docking station, s\u00f3 suporta carregamento PD, n\u00e3o suporta HDMI. Se voc\u00ea precisar usar a fun\u00e7\u00e3o HDMI, conecte a interface HDMI.<\/p>\n<p>&nbsp;<\/p>\n<p>P4: Por que n\u00e3o \u00e9 exibido no computador depois que a unidade flash USB est\u00e1 conectada \u00e0 docking station?<\/p>\n<p>&nbsp;<\/p>\n<p>A4: Como alguns discos U exigem uma grande quantidade de energia para dirigir, conecte a interface PD para a fonte de alimenta\u00e7\u00e3o. Da mesma forma, alguns dispositivos HDMI tamb\u00e9m precisam ser conectados \u00e0 interface PD para fonte de alimenta\u00e7\u00e3o.<\/p>\n<p>&nbsp;<\/p>\n<p>Q5: Por que meu SSD n\u00e3o pode ser lido?<\/p>\n<p>A5: Porque a interface SSD suporta apenas o protocolo SATA e n\u00e3o suporta o protocolo NVME.<\/p>\n","protected":false},"excerpt":{"rendered":"<p>Informa\u00e7\u00f5es Gerais: \u2022 6 em 1 m. 2 hub SSD esta\u00e7\u00e3o de dock USB C :Esta docking station oferece 6 portas diferentes para conectar seus dispositivos, incluindo 2 hubs SSD e uma porta USB C. &nbsp; \u2022 Fun\u00e7\u00e3o de armazenamento &hellip; <a href=\"https:\/\/mistersates-import.com.br\/loja\/product\/adaptador-6-em-1-hub-macbook-pro-air-usb-c-hdmi-ssd\/\">Readmore<\/a><\/p>\n","protected":false},"featured_media":17903,"template":"","meta":{"_joinchat":[]},"_links":{"self":[{"href":"https:\/\/mistersates-import.com.br\/loja\/wp-json\/wp\/v2\/product\/17902"}],"collection":[{"href":"https:\/\/mistersates-import.com.br\/loja\/wp-json\/wp\/v2\/product"}],"about":[{"href":"https:\/\/mistersates-import.com.br\/loja\/wp-json\/wp\/v2\/types\/product"}],"wp:featuredmedia":[{"embeddable":true,"href":"https:\/\/mistersates-import.com.br\/loja\/wp-json\/wp\/v2\/media\/17903"}],"wp:attachment":[{"href":"https:\/\/mistersates-import.com.br\/loja\/wp-json\/wp\/v2\/media?parent=17902"}],"curies":[{"name":"wp","href":"https:\/\/api.w.org\/{rel}","templated":true}]}}