{"id":17954,"date":"2023-12-19T18:33:06","date_gmt":"2023-12-19T21:33:06","guid":{"rendered":"https:\/\/mistersates-import.com.br\/loja\/?post_type=product&#038;p=17954"},"modified":"2024-08-05T19:50:03","modified_gmt":"2024-08-05T22:50:03","slug":"hub-usb-3-0-7-em-1-tipo-c-splitter-5w-adaptador-pd-lenovo-macbook-pro","status":"publish","type":"product","link":"https:\/\/mistersates-import.com.br\/loja\/product\/hub-usb-3-0-7-em-1-tipo-c-splitter-5w-adaptador-pd-lenovo-macbook-pro\/","title":{"rendered":"Hub usb 3.0 7 em 1 Tipo C Splitter, 5W, Adaptador PD Lenovo, Macbook Pro"},"content":{"rendered":"<p>Informa\u00e7\u00f5es Gerais:<\/p>\n<p>7 EM 1 USB Hub 3.0 Multiport Dock Station Tipo C Splitter 5W PD Adaptador para Lenovo Macbook Pro Computador Acess\u00f3rios<\/p>\n<p>Caracter\u00edsticas:<\/p>\n<p>1. Hub USB corpo todo em alum\u00ednio. O artesanato fino, o alojamento \u00e1spero do metal protege contra a ruptura e \u00e9 mais dur\u00e1vel do que o pl\u00e1stico.<\/p>\n<p>2.7in 1 hub, transfer\u00eancia r\u00e1pida de dados, 1 porta USB 3.0 Hub, 4 portas USB 2.0, transmiss\u00e3o de dados sem esperar, r\u00e1pido e eficiente.<\/p>\n<p>3. carregador USB pode carregar quatro telefones ao mesmo tempo, USB Hub Extens\u00f5es muito poderoso.<\/p>\n<p>4.Mini port\u00e1til e f\u00e1cil de transportar, mantenha sua mesa limpa. Trabalho e jogo mais agrad\u00e1veis<\/p>\n<p>5.Hub Extender atender aos requisitos de expans\u00e3o multi-porta do dispositivo. Carregamento, unidade flash USB, mouse, teclado.<\/p>\n<p>Par\u00e2metro:? 1 * USB3.0 4 * USB2.0 1 * PD 5W power port 1 * USB-C data port<\/p>\n<p>Material: Alum\u00ednio liga<\/p>\n<p>Pacote inclu\u00eddo:<\/p>\n<p>1 * SUB HUB Multiport<\/p>\n","protected":false},"excerpt":{"rendered":"<p>Informa\u00e7\u00f5es Gerais: 7 EM 1 USB Hub 3.0 Multiport Dock Station Tipo C Splitter 5W PD Adaptador para Lenovo Macbook Pro Computador Acess\u00f3rios Caracter\u00edsticas: 1. Hub USB corpo todo em alum\u00ednio. O artesanato fino, o alojamento \u00e1spero do metal protege &hellip; <a href=\"https:\/\/mistersates-import.com.br\/loja\/product\/hub-usb-3-0-7-em-1-tipo-c-splitter-5w-adaptador-pd-lenovo-macbook-pro\/\">Readmore<\/a><\/p>\n","protected":false},"featured_media":17955,"template":"","meta":{"_joinchat":[]},"_links":{"self":[{"href":"https:\/\/mistersates-import.com.br\/loja\/wp-json\/wp\/v2\/product\/17954"}],"collection":[{"href":"https:\/\/mistersates-import.com.br\/loja\/wp-json\/wp\/v2\/product"}],"about":[{"href":"https:\/\/mistersates-import.com.br\/loja\/wp-json\/wp\/v2\/types\/product"}],"wp:featuredmedia":[{"embeddable":true,"href":"https:\/\/mistersates-import.com.br\/loja\/wp-json\/wp\/v2\/media\/17955"}],"wp:attachment":[{"href":"https:\/\/mistersates-import.com.br\/loja\/wp-json\/wp\/v2\/media?parent=17954"}],"curies":[{"name":"wp","href":"https:\/\/api.w.org\/{rel}","templated":true}]}}