{"id":18054,"date":"2024-01-04T19:06:59","date_gmt":"2024-01-04T22:06:59","guid":{"rendered":"https:\/\/mistersates-import.com.br\/loja\/?post_type=product&#038;p=18054"},"modified":"2024-09-12T19:35:00","modified_gmt":"2024-09-12T22:35:00","slug":"interruptor-inteligente-4x2-wifi-2-botoes-touch-tuya-alexa","status":"publish","type":"product","link":"https:\/\/mistersates-import.com.br\/loja\/product\/interruptor-inteligente-4x2-wifi-2-botoes-touch-tuya-alexa\/","title":{"rendered":"Interruptor Inteligente 4&#215;2 Wifi 2 Bot\u00f5es Touch Tuya Alexa"},"content":{"rendered":"<p>ATEN\u00c7\u00c3O POR FAVOR:<\/p>\n<p>1) Este interruptor pode ser trabalho em ambos sem fio neutro e com fio neutro, perfeitamente compat\u00edvel com estes dois m\u00e9todos de fia\u00e7\u00e3o. Se a fia\u00e7\u00e3o da sua casa \u00e9 sem fio neutro, uma capacit\u00e2ncia \u00e9 uma obriga\u00e7\u00e3o para ser conectado a ambas as extremidades das l\u00e2mpadas L1 para o trabalho normal.<br \/>\n2) A frequ\u00eancia RF433 embutida permite outro controle via interruptor de controle remoto RF com codifica\u00e7\u00e3o 1527 (Nota: 433 RF Remoter n\u00e3o est\u00e1 inclu\u00eddo no pacote, compre separadamente)<\/p>\n<p>Especifica\u00e7\u00e3o:<\/p>\n<p>Tipo: 1\/2\/3 Gang Touch Wi-Fi Switch<br \/>\nMaterial: PC V0 fireproof + modered glass panel.<br \/>\nTens\u00e3o nominal: AC90V-260V, 50\/60Hz.<br \/>\nPot\u00eancia de carga: 3-300W\/gang (Nota: Se for usado para LED ou l\u00e2mpada economizadora de energia, a carga de energia deve ser inferior a 100W)<br \/>\nFreq\u00fc\u00eancia RF: 433MHz.<br \/>\nWi-Fi: 2,4 GHz, IEEE 802,11 b\/g\/n<br \/>\nSuporte por: Android e iOS<br \/>\nAPP: Tuya \/ Google Assistant \/ Smart Life \/ Amazon Alexa<br \/>\nModo de fia\u00e7\u00e3o: fio neutro e sem design de fio neutro, qualquer fam\u00edlia pode usar (com ou sem fio neutro pode ser usado).<\/p>\n<p>Caracter\u00edsticas:<\/p>\n<p>\u3010Controle Remoto\u3011 O usu\u00e1rio pode usar um smartphone para controlar remotamente os eletr\u00f4nicos dom\u00e9sticos remotamente a qualquer momento, em qualquer lugar, desde que o telefone tenha rede 2G \/ 3G \/ WIFI compat\u00edvel com o sistema operacional iOS e Android com o aplicativo Smart Life e Tuya<\/p>\n<p>\u3010Controle de voz\u3011Compat\u00edvel com Amazon Alexa (Echo \/ Dot \/ Dot \/ Tap), Assistente do Google, IFTTT. Contador de passagens a\u00e9reas com Amazon Alexa ou Google Home para ligar ou desligar seu interruptor com sua voz, Nenhum hub necess\u00e1rio<\/p>\n<p>\u3010TEMPORADO\u3011 O interruptor do temporizador inteligente liga-se automaticamente ap\u00f3s definir um temporizador para este interruptor, que \u00e9 essencial para o agendamento di\u00e1rio, e proporciona-lhe um estilo de vida confort\u00e1vel e inteligente<\/p>\n<p>Dicas &#8212; Aplicativo<\/p>\n<p>Certifique-se de que voc\u00ea est\u00e1 usando 2.4GHz WiFi quando se conectar com a l\u00e2mpada inteligente. E WiFi deve ser status detect\u00e1vel. Muitos roteadores t\u00eam rede de 5 GHz e 2,4 GHz e seu telefone sempre se conectar\u00e1 automaticamente \u00e0 rede de 5 GHz. Ent\u00e3o, voc\u00ea tem que desligar completamente sua rede de 5 GHz indo para as configura\u00e7\u00f5es do roteador (digite o endere\u00e7o IP do roteador em seu navegador de internet, geralmente algo como 192.168.1.1), for\u00e7ando seu telefone a se conectar \u00e0 rede de 2,4 GHz.<\/p>\n<p>Al\u00e9m disso, o modo de criptografia do roteador deve ser WPA2-PSK type e o tipo de autentica\u00e7\u00e3o deve ser AES<\/p>\n","protected":false},"excerpt":{"rendered":"<p>ATEN\u00c7\u00c3O POR FAVOR: 1) Este interruptor pode ser trabalho em ambos sem fio neutro e com fio neutro, perfeitamente compat\u00edvel com estes dois m\u00e9todos de fia\u00e7\u00e3o. Se a fia\u00e7\u00e3o da sua casa \u00e9 sem fio neutro, uma capacit\u00e2ncia \u00e9 uma &hellip; <a href=\"https:\/\/mistersates-import.com.br\/loja\/product\/interruptor-inteligente-4x2-wifi-2-botoes-touch-tuya-alexa\/\">Readmore<\/a><\/p>\n","protected":false},"featured_media":18057,"template":"","meta":{"_joinchat":[]},"_links":{"self":[{"href":"https:\/\/mistersates-import.com.br\/loja\/wp-json\/wp\/v2\/product\/18054"}],"collection":[{"href":"https:\/\/mistersates-import.com.br\/loja\/wp-json\/wp\/v2\/product"}],"about":[{"href":"https:\/\/mistersates-import.com.br\/loja\/wp-json\/wp\/v2\/types\/product"}],"wp:featuredmedia":[{"embeddable":true,"href":"https:\/\/mistersates-import.com.br\/loja\/wp-json\/wp\/v2\/media\/18057"}],"wp:attachment":[{"href":"https:\/\/mistersates-import.com.br\/loja\/wp-json\/wp\/v2\/media?parent=18054"}],"curies":[{"name":"wp","href":"https:\/\/api.w.org\/{rel}","templated":true}]}}