{"id":18083,"date":"2024-01-11T11:13:59","date_gmt":"2024-01-11T14:13:59","guid":{"rendered":"https:\/\/mistersates-import.com.br\/loja\/?post_type=product&#038;p=18083"},"modified":"2025-01-22T22:15:12","modified_gmt":"2025-01-23T01:15:12","slug":"mini-rele-wi-fi-16a-three-way-tuya-alexa-google-home-smart-life","status":"publish","type":"product","link":"https:\/\/mistersates-import.com.br\/loja\/product\/mini-rele-wi-fi-16a-three-way-tuya-alexa-google-home-smart-life\/","title":{"rendered":"Mini Rel\u00e9 Wi-fi 16a Three Way Tuya Alexa, Google Home, Smart Life"},"content":{"rendered":"<p>INTERRUPTOR INTELIGENTE SMART CASA INTELIGENTE &amp; VIDA INTELIGENTE | MINI M\u00d3DULO POR CONTROLE DE VOZ COMPAT\u00cdVEL COM ALEXA, GOOGLE HOME, TUYA, SMART LIFE, SIRI E BIXBY.<\/p>\n<p>PRODUTO NOVO NA CAIXA | ENVIO IMEDIATO<br \/>\n______________________________________________________________<br \/>\n______________________________________________________________<\/p>\n<p>Transforme seu interruptor comum em um dispositivo inteligente. Esse interruptor \u00e9 para voc\u00ea que quer automatizar a sua casa sem trocar os interruptores existentes. Possui o menor design e o mais moderno que exite de tecnologia. Conectando com m\u00faltiplos aparelhos, permitindo tamb\u00e9m controle de voz.<\/p>\n<p>\u2022 CONTROLE PELO APP<br \/>\nControle seu dispositivo: ligado e desligado, cronometrando, contagem regressiva e outras fun\u00e7\u00f5es atrav\u00e9s do smartphone. Basta apenas conex\u00e3o \u00e0 internet para controlar de qualquer lugar do mundo!<\/p>\n<p>\u2022 CONTROLE DE VOZ<br \/>\nVoc\u00ea tamb\u00e9m pode control\u00e1-lo atrav\u00e9s da sua assistente de voz: alexa, google home, siri, bixby. Por exemplo: &#8220;Alexa, ligue as luzes da cozinha.&#8221;<\/p>\n<p>\u2022 TEMPORIZADOR<br \/>\nVoc\u00ea pode controlar o interruptor, cronometragem, contagem regressiva e outras fun\u00e7\u00f5es do dispositivo atrav\u00e9s do seu telefone celular. Isto pode ser pedido: &#8220;desligue as luzes da sala daqui 2 horas&#8221; \/\/ &#8220;desligue o forno \u00e0s 18:15&#8221;. Voc\u00ea tamb\u00e9m pode cronometrar o dispositivo quando voc\u00ea n\u00e3o est\u00e1 em casa.<\/p>\n<p>\u2022 CONTROLE UM GRUPO INTEIRO<br \/>\nVoc\u00ea pode interligar suas l\u00e2mpadas numa \u00fanica sequ\u00eancia de fios e control\u00e1-las ao mesmo tempo.<\/p>\n<p>\u2022 COMPARTILHAMENTO E SEGURAN\u00c7A<br \/>\nA conta principal pode ser compartilhada com outros membros da fam\u00edlia, as fun\u00e7\u00f5es e configura\u00e7\u00f5es s\u00e3o completamente copiadas; seguran\u00e7a: ou voc\u00ea pode fazer com que apenas a conta principal controle uma luz espec\u00edfica, a luz ser\u00e1 escondida e outros usu\u00e1rios n\u00e3o podem mais encontrar e adicionar; ela precisa ser compartilhada ativamente antes que outros possam us\u00e1-la.<\/p>\n<p>\u2022 MEM\u00d3RIA INTELIGENTE<br \/>\nCaso a energia caia, n\u00e3o se preocupe, pois voc\u00ea pode escolher se quer que o equipamento volte ligado, desligado ou automaticamente como estava antes da queda de energia.<\/p>\n<p>\u2022 TR\u00caS M\u00c9TODOS DE LIGA\u00c7\u00c3O<br \/>\nPode ser conectado somente o mini m\u00f3dulo, sem necessidade do interruptor da sua l\u00e2mpada \/\/ Pode conectar o interruptor da sua l\u00e2mpada, tendo assim controle duplo: manual e por voz \/\/ Ele tamb\u00e9m pode ser instalado no interruptor de controle duplo sem afetar o uso do interruptor de controle duplo.<br \/>\n______________________________________________________________<br \/>\n______________________________________________________________<\/p>\n<p>VANTAGENS E BENEF\u00cdCIOS:<br \/>\n\u2022 N\u00e3o precisa de HUB para funcionar, apenas uma conex\u00e3o wi-fi.<br \/>\n\u2022 Voc\u00ea pode controlar diretamente pelo celular, seja pelo Google, Alexa, Tuya ou Smart Life.<br \/>\n\u2022 Pode ligado juntamente com o interruptor normal.<br \/>\n\u2022 Totalemente program\u00e1vel: voc\u00ea pode definir quando quer ligar ou desligar algo<br \/>\n\u2022 Com monitoramento de consumo de energia<br \/>\n\u2022 De f\u00e1cil instala\u00e7\u00e3o<br \/>\n\u2022 \u00c9 bivolt.<br \/>\n______________________________________________________________<br \/>\n______________________________________________________________<\/p>\n<p>ESPECIFICA\u00c7\u00d5ES:<br \/>\n\u2022 Entrada: ac 100-240v 50\/60hz<br \/>\n\u2022 Sa\u00edda: ac 100-240v 50\/60hz<br \/>\n\u2022 Wi-fi: ieee 802.11b\/g\/n<br \/>\n\u2022 Material: PCV Refor\u00e7ado<br \/>\n\u2022 Certificado: CE, RoHS<br \/>\n\u2022 Entrada para cabo de at\u00e9: 16a<br \/>\n\u2022 Cor: branco<br \/>\n______________________________________________________________<br \/>\n______________________________________________________________<\/p>\n<p>CONTE\u00daDO:<br \/>\n\u2022 1 Mini m\u00f3dulo interruptor inteligente wifi<br \/>\n\u2022 1 Manua<\/p>\n","protected":false},"excerpt":{"rendered":"<p>INTERRUPTOR INTELIGENTE SMART CASA INTELIGENTE &amp; VIDA INTELIGENTE | MINI M\u00d3DULO POR CONTROLE DE VOZ COMPAT\u00cdVEL COM ALEXA, GOOGLE HOME, TUYA, SMART LIFE, SIRI E BIXBY. PRODUTO NOVO NA CAIXA | ENVIO IMEDIATO ______________________________________________________________ ______________________________________________________________ Transforme seu interruptor comum em &hellip; <a href=\"https:\/\/mistersates-import.com.br\/loja\/product\/mini-rele-wi-fi-16a-three-way-tuya-alexa-google-home-smart-life\/\">Readmore<\/a><\/p>\n","protected":false},"featured_media":18084,"template":"","meta":{"_joinchat":[]},"_links":{"self":[{"href":"https:\/\/mistersates-import.com.br\/loja\/wp-json\/wp\/v2\/product\/18083"}],"collection":[{"href":"https:\/\/mistersates-import.com.br\/loja\/wp-json\/wp\/v2\/product"}],"about":[{"href":"https:\/\/mistersates-import.com.br\/loja\/wp-json\/wp\/v2\/types\/product"}],"wp:featuredmedia":[{"embeddable":true,"href":"https:\/\/mistersates-import.com.br\/loja\/wp-json\/wp\/v2\/media\/18084"}],"wp:attachment":[{"href":"https:\/\/mistersates-import.com.br\/loja\/wp-json\/wp\/v2\/media?parent=18083"}],"curies":[{"name":"wp","href":"https:\/\/api.w.org\/{rel}","templated":true}]}}