{"id":18104,"date":"2024-01-11T11:22:36","date_gmt":"2024-01-11T14:22:36","guid":{"rendered":"https:\/\/mistersates-import.com.br\/loja\/?post_type=product&#038;p=18104"},"modified":"2024-03-15T18:26:25","modified_gmt":"2024-03-15T21:26:25","slug":"dispenser-bomba-de-aco-inoxidavel-500ml-pia-cozinha-e-banheiro","status":"publish","type":"product","link":"https:\/\/mistersates-import.com.br\/loja\/product\/dispenser-bomba-de-aco-inoxidavel-500ml-pia-cozinha-e-banheiro\/","title":{"rendered":"Dispenser Bomba de a\u00e7o inoxid\u00e1vel 500ML Pia cozinha e Banheiro"},"content":{"rendered":"<p>NOTA: O di\u00e2metro do furo da superf\u00edcie da bacia, o di\u00e2metro do gargalo da garrafa \u00e9 aproximadamente 2.4 &#8211; 4.0cm.<\/p>\n<p>Especifica\u00e7\u00e3o:<\/p>\n<p>Material: Silicone (garrafa\/mangueira) + a\u00e7o inoxid\u00e1vel (cabe\u00e7a)<br \/>\nTamanho: Como a imagem mostrada<br \/>\nTamanho adequado do furo do dissipador: 26-40mm<br \/>\nUso: Cozinha e pia do banheiro<br \/>\nPode repetidamente ser usado para adicionar o desinfetante da m\u00e3o do sab\u00e3o do equipamento, o champ\u00f4, o gel de banho, etc.<\/p>\n<p>Caracter\u00edsticas:<\/p>\n<p>1 &#8211; Feito de a\u00e7o inoxid\u00e1vel e Silicone, forte e dur\u00e1vel.<br \/>\n2 &#8211; O sab\u00e3o do prato pode ser bombeado na pia fabricada com materiais de qualidade funciona como um dispensador de sab\u00e3o ou como um dispensador de lo\u00e7\u00e3o.<br \/>\n3 &#8211; Extremamente f\u00e1cil de instalar em apenas alguns minutos.<br \/>\n4 &#8211; E simplesmente remova a cabe\u00e7a do dispensador e encha com sab\u00e3o l\u00edquido-n\u00e3o precisa remover a garrafa.<br \/>\n5 &#8211; Voc\u00ea pode colocar o tubo diretamente em sua garrafa de sab\u00e3o original, uso a longo prazo, sem necessidade de substituir.<\/p>\n<p>O pacote inclui:<\/p>\n<p>Tipo 5:1 x Sab\u00e3o Bomba Cabe\u00e7a + 1m Mangueira<\/p>\n","protected":false},"excerpt":{"rendered":"<p>NOTA: O di\u00e2metro do furo da superf\u00edcie da bacia, o di\u00e2metro do gargalo da garrafa \u00e9 aproximadamente 2.4 &#8211; 4.0cm. Especifica\u00e7\u00e3o: Material: Silicone (garrafa\/mangueira) + a\u00e7o inoxid\u00e1vel (cabe\u00e7a) Tamanho: Como a imagem mostrada Tamanho adequado do furo do dissipador: 26-40mm &hellip; <a href=\"https:\/\/mistersates-import.com.br\/loja\/product\/dispenser-bomba-de-aco-inoxidavel-500ml-pia-cozinha-e-banheiro\/\">Readmore<\/a><\/p>\n","protected":false},"featured_media":18105,"template":"","meta":{"_joinchat":[]},"_links":{"self":[{"href":"https:\/\/mistersates-import.com.br\/loja\/wp-json\/wp\/v2\/product\/18104"}],"collection":[{"href":"https:\/\/mistersates-import.com.br\/loja\/wp-json\/wp\/v2\/product"}],"about":[{"href":"https:\/\/mistersates-import.com.br\/loja\/wp-json\/wp\/v2\/types\/product"}],"wp:featuredmedia":[{"embeddable":true,"href":"https:\/\/mistersates-import.com.br\/loja\/wp-json\/wp\/v2\/media\/18105"}],"wp:attachment":[{"href":"https:\/\/mistersates-import.com.br\/loja\/wp-json\/wp\/v2\/media?parent=18104"}],"curies":[{"name":"wp","href":"https:\/\/api.w.org\/{rel}","templated":true}]}}