{"id":18123,"date":"2024-01-11T18:58:31","date_gmt":"2024-01-11T21:58:31","guid":{"rendered":"https:\/\/mistersates-import.com.br\/loja\/?post_type=product&#038;p=18123"},"modified":"2024-10-02T21:00:01","modified_gmt":"2024-10-03T00:00:01","slug":"borracha-de-seguranca-p-suporte-de-celular-moto-bike-guidao","status":"publish","type":"product","link":"https:\/\/mistersates-import.com.br\/loja\/product\/borracha-de-seguranca-p-suporte-de-celular-moto-bike-guidao\/","title":{"rendered":"Borracha De Seguran\u00e7a P\/ Suporte De Celular Moto Bike Guid\u00e3o"},"content":{"rendered":"<p>Descri\u00e7\u00e3o:<\/p>\n<p>Borracha De Seguran\u00e7a Para Suportes De Celular<\/p>\n<p>Proteja seu celular e o mantenha em seguran\u00e7a independente de qual suporte o encaixar!<\/p>\n<p>Feita de material resistente e flex\u00edvel, a borracha de seguran\u00e7a se aplica na maioria dos modelos de smartphones do mercado.<\/p>\n<p>Possui um design de encaixe pr\u00e1tico que facilita o manuseio e evita danos e riscos no aparelho.<\/p>\n<p>Itens Inclusos:<\/p>\n<p>1x Borracha de seguran\u00e7a &#8211; preto.<\/p>\n<p>Aproveite para garantir a sua e manter seu aparelho ainda mais seguro!<\/p>\n","protected":false},"excerpt":{"rendered":"<p>Descri\u00e7\u00e3o: Borracha De Seguran\u00e7a Para Suportes De Celular Proteja seu celular e o mantenha em seguran\u00e7a independente de qual suporte o encaixar! Feita de material resistente e flex\u00edvel, a borracha de seguran\u00e7a se aplica na maioria dos modelos de smartphones &hellip; <a href=\"https:\/\/mistersates-import.com.br\/loja\/product\/borracha-de-seguranca-p-suporte-de-celular-moto-bike-guidao\/\">Readmore<\/a><\/p>\n","protected":false},"featured_media":18124,"template":"","meta":{"_joinchat":[]},"_links":{"self":[{"href":"https:\/\/mistersates-import.com.br\/loja\/wp-json\/wp\/v2\/product\/18123"}],"collection":[{"href":"https:\/\/mistersates-import.com.br\/loja\/wp-json\/wp\/v2\/product"}],"about":[{"href":"https:\/\/mistersates-import.com.br\/loja\/wp-json\/wp\/v2\/types\/product"}],"wp:featuredmedia":[{"embeddable":true,"href":"https:\/\/mistersates-import.com.br\/loja\/wp-json\/wp\/v2\/media\/18124"}],"wp:attachment":[{"href":"https:\/\/mistersates-import.com.br\/loja\/wp-json\/wp\/v2\/media?parent=18123"}],"curies":[{"name":"wp","href":"https:\/\/api.w.org\/{rel}","templated":true}]}}